E/QC-time-services( 242): Daemon:tod_update_ind_cb: Got Update from modem msg_id 40
E/QC-time-services( 242): Daemon: Time-services: Waiting to acceptconnection
D/dalvikvm( 802): GC_CONCURRENT freed 302K, 9% free 5067K/5508K, paused 8ms+13ms, total 185ms
D/dalvikvm( 937): GC_CONCURRENT freed 280K, 12% free 3321K/3732K, paused 4ms+8ms, total 67ms
W/Searchables( 802): No global search activity found
V/KeyguardHostView( 857): Initial transport state: 1, pbstate=0
D/Launcher( 950): Broadcasting Home Idle Screen Intent ...
W/Settings( 857): Setting airplane_mode_on has moved from android.provider.Settings.System to android.provider.Settings.Global, returning read-only value.
D/TelephonyDebugService( 937): TelephonyDebugService()
D/ImsSenderRxr( 937): Starting IFMsg_Rxr [SUB0]
D/ImsSenderRxr( 937): Connecting to socket android.net.LocalSocket@41e7ad68 impl:android.net.LocalSocketImpl@41e7ad90 fd:FileDescriptor[86]
I/ImsSenderRxr( 937): Connected to 'android.net.LocalSocket@41e7ad68 impl:android.net.LocalSocketImpl@41e7ad90 fd:FileDescriptor[86]' socket
I/ImsSenderRxr( 937): For instance [0] connected to 'qmux_radio/rild_ims0' socket
V/ImsSenderRxr( 937): Read packet: 15 bytes
V/ImsSenderRxr( 937): processResponse [SUB0]
D/ImsSenderRxr( 937): byte 0:12 [SUB0]
D/ImsSenderRxr( 937): byte 1:13 [SUB0]
D/ImsSenderRxr( 937): byte 2:-1 [SUB0]
D/ImsSenderRxr( 937): byte 3:-1 [SUB0]
D/ImsSenderRxr( 937): byte 4:-1 [SUB0]
D/ImsSenderRxr( 937): byte 5:-1 [SUB0]
D/ImsSenderRxr( 937): byte 6:16 [SUB0]
D/ImsSenderRxr( 937): byte 7:3 [SUB0]
D/ImsSenderRxr( 937): byte 8:24 [SUB0]
D/ImsSenderRxr( 937): byte 9:-43 [SUB0]
D/ImsSenderRxr( 937): byte 10:1 [SUB0]
D/ImsSenderRxr( 937): byte 11:32 [SUB0]
D/ImsSenderRxr( 937): byte 12:0 [SUB0]
D/ImsSenderRxr( 937): byte 13:8 [SUB0]
D/ImsSenderRxr( 937): byte 14:10 [SUB0]
D/ImsSenderRxr( 937): Tag -1 3 213 0 [SUB0]
D/dalvikvm( 857): GC_CONCURRENT freed 61K, 3% free 7258K/7452K, paused 6ms+8ms, total 71ms
D/dalvikvm( 857): WAIT_FOR_CONCURRENT_GC blocked 50ms
D/ImsSenderRxr( 937): [0000]> REQUEST_IMS_REGISTRATION_STATE [SUB0]
D/ImsSenderRxr( 937): 0 [SUB0]
D/ImsSenderRxr( 937): 0 [SUB0]
D/ImsSenderRxr( 937): 0 [SUB0]
D/ImsSenderRxr( 937): 12 [SUB0]
D/ImsSenderRxr( 937): 11 [SUB0]
D/ImsSenderRxr( 937): 13 [SUB0]
D/ImsSenderRxr( 937): 0 [SUB0]
D/ImsSenderRxr( 937): 0 [SUB0]
D/ImsSenderRxr( 937): 0 [SUB0]
D/ImsSenderRxr( 937): 0 [SUB0]
D/ImsSenderRxr( 937): 16 [SUB0]
D/ImsSenderRxr( 937): 1 [SUB0]
D/ImsSenderRxr( 937): 24 [SUB0]
D/ImsSenderRxr( 937): 1 [SUB0]
D/ImsSenderRxr( 937): 32 [SUB0]
D/ImsSenderRxr( 937): 0 [SUB0]
D/ImsSenderRxr( 937): [0001]> REQUEST_QUERY_SERVICE_STATUS [SUB0]
D/ImsSenderRxr( 937): 0 [SUB0]
D/ImsSenderRxr( 937): 0 [SUB0]
D/ImsSenderRxr( 937): 0 [SUB0]
D/ImsSenderRxr( 937): 12 [SUB0]
V/ImsSenderRxr( 937): Read packet: 12 bytes
D/ImsSenderRxr( 937): 11 [SUB0]
V/ImsSenderRxr( 937): processResponse [SUB0]
D/ImsSenderRxr( 937): byte 0:11 [SUB0]
D/ImsSenderRxr( 937): 13 [SUB0]
D/ImsSenderRxr( 937): 1 [SUB0]
D/ImsSenderRxr( 937): byte 1:13 [SUB0]
D/ImsSenderRxr( 937): 0 [SUB0]
D/ImsSenderRxr( 937): byte 2:0 [SUB0]
D/ImsSenderRxr( 937): 0 [SUB0]
D/ImsSenderRxr( 937): 0 [SUB0]
D/ImsSenderRxr( 937): byte 3:0 [SUB0]
D/ImsSenderRxr( 937): byte 4:0 [SUB0]
D/ImsSenderRxr( 937): 16 [SUB0]
D/ImsSenderRxr( 937): 1 [SUB0]
D/ImsSenderRxr( 937): byte 5:0 [SUB0]
D/ImsSenderRxr( 937): 24 [SUB0]
D/ImsSenderRxr( 937): byte 6:16 [SUB0]
D/ImsSenderRxr( 937): 29 [SUB0]
D/ImsSenderRxr( 937): byte 7:2 [SUB0]
D/ImsSenderRxr( 937): byte 8:24 [SUB0]
D/ImsSenderRxr( 937): byte 9:1 [SUB0]
D/ImsSenderRxr( 937): byte 10:32 [SUB0]
D/ImsSenderRxr( 937): byte 11:2 [SUB0]
D/ImsSenderRxr( 937): 32 [SUB0]
D/ImsSenderRxr( 937): 0 [SUB0]
D/ImsSenderRxr( 937): Tag 0 2 1 2 [SUB0]
D/ImsSenderRxr( 937): [0000]< REQUEST_IMS_REGISTRATION_STATE error: 2
D/ImsPhone( 937): initSubscriptionStatus: Not multi-sim...
V/ImsSenderRxr( 937): Read packet: 12 bytes
V/ImsSenderRxr( 937): setSuppServiceNotifications enable = true [SUB0]
V/ImsSenderRxr( 937): processResponse [SUB0]
D/ImsSenderRxr( 937): byte 0:11 [SUB0]
D/ImsSenderRxr( 937): byte 1:13 [SUB0]
D/ImsSenderRxr( 937): byte 2:1 [SUB0]
D/ImsSenderRxr( 937): [0002]> REQUEST_SET_SUPP_SVC_NOTIFICATION [SUB0]
D/ImsSenderRxr( 937): 0 [SUB0]
D/ImsSenderRxr( 937): byte 3:0 [SUB0]
D/ImsSenderRxr( 937): 0 [SUB0]
D/ImsSenderRxr( 937): byte 4:0 [SUB0]
D/ImsSenderRxr( 937): 0 [SUB0]
D/ImsSenderRxr( 937): byte 5:0 [SUB0]
D/ImsSenderRxr( 937): 14 [SUB0]
D/ImsSenderRxr( 937): 11 [SUB0]
D/ImsSenderRxr( 937): 13 [SUB0]
D/ImsSenderRxr( 937): byte 6:16 [SUB0]
D/ImsSenderRxr( 937): 2 [SUB0]
D/ImsSenderRxr( 937): byte 7:2 [SUB0]
D/ImsSenderRxr( 937): 0 [SUB0]
D/ImsSenderRxr( 937): byte 8:24 [SUB0]
D/ImsSenderRxr( 937): byte 9:29 [SUB0]
D/ImsSenderRxr( 937): byte 10:32 [SUB0]
D/ImsSenderRxr( 937): byte 11:2 [SUB0]
D/ImsSenderRxr( 937): 0 [SUB0]
D/ImsSenderRxr( 937): 0 [SUB0]
D/ImsSenderRxr( 937): Tag 1 2 29 2 [SUB0]
D/ImsSenderRxr( 937): 16 [SUB0]
D/ImsSenderRxr( 937): [0001]< REQUEST_QUERY_SERVICE_STATUS error: 2
D/ImsSenderRxr( 937): 1 [SUB0]
D/ImsSenderRxr( 937): 24 [SUB0]
D/ImsSenderRxr( 937): 27 [SUB0]
D/ImsSenderRxr( 937): 32 [SUB0]
D/ImsSenderRxr( 937): 0 [SUB0]
D/ImsSenderRxr( 937): 8 [SUB0]
D/ImsSenderRxr( 937): 1 [SUB0]
D/ImsSenderRxr( 937): [0003]> REQUEST_IMS_REGISTRATION_STATE [SUB0]
D/ImsSenderRxr( 937): 0 [SUB0]
D/ImsSenderRxr( 937): 0 [SUB0]
D/ImsSenderRxr( 937): 0 [SUB0]
D/ImsSenderRxr( 937): 12 [SUB0]
D/ImsSenderRxr( 937): 11 [SUB0]
V/ImsSenderRxr( 937): Read packet: 12 bytes
D/ImsSenderRxr( 937): 13 [SUB0]
V/ImsSenderRxr( 937): processResponse [SUB0]
D/ImsSenderRxr( 937): byte 0:11 [SUB0]
D/ImsSenderRxr( 937): byte 1:13 [SUB0]
D/ImsSenderRxr( 937): 3 [SUB0]
D/ImsSenderRxr( 937): byte 2:2 [SUB0]
D/ImsSenderRxr( 937): 0 [SUB0]
D/ImsSenderRxr( 937): byte 3:0 [SUB0]
D/ImsSenderRxr( 937): 0 [SUB0]
D/ImsSenderRxr( 937): byte 4:0 [SUB0]
D/ImsSenderRxr( 937): 0 [SUB0]
D/ImsSenderRxr( 937): byte 5:0 [SUB0]
D/ImsSenderRxr( 937): 16 [SUB0]
D/ImsSenderRxr( 937): byte 6:16 [SUB0]
D/ImsSenderRxr( 937): 1 [SUB0]
D/ImsSenderRxr( 937): 24 [SUB0]
D/ImsSenderRxr( 937): byte 7:2 [SUB0]
D/ImsSenderRxr( 937): 1 [SUB0]
D/ImsSenderRxr( 937): byte 8:24 [SUB0]
D/ImsSenderRxr( 937): 32 [SUB0]
D/ImsSenderRxr( 937): 0 [SUB0]
D/ImsSenderRxr( 937): byte 9:27 [SUB0]
D/ImsSenderRxr( 937): byte 10:32 [SUB0]
D/ImsSenderRxr( 937): byte 11:0 [SUB0]
D/ImsSenderRxr( 937): Tag 2 2 27 0 [SUB0]
D/ImsSenderRxr( 937): [0002]< REQUEST_SET_SUPP_SVC_NOTIFICATION [SUB0]
W/Settings( 857): Setting airplane_mode_on has moved from android.provider.Settings.System to android.provider.Settings.Global, returning read-only value.
V/ImsSenderRxr( 937): Read packet: 12 bytes
V/ImsSenderRxr( 937): processResponse [SUB0]
D/ImsSenderRxr( 937): byte 0:11 [SUB0]
D/ImsSenderRxr( 937): byte 1:13 [SUB0]
D/ImsSenderRxr( 937): byte 2:3 [SUB0]
D/ImsSenderRxr( 937): byte 3:0 [SUB0]
D/ImsSenderRxr( 937): byte 4:0 [SUB0]
D/ImsSenderRxr( 937): byte 5:0 [SUB0]
D/ImsSenderRxr( 937): byte 6:16 [SUB0]
D/ImsSenderRxr( 937): byte 7:2 [SUB0]
D/ImsSenderRxr( 937): byte 8:24 [SUB0]
D/ImsSenderRxr( 937): byte 9:1 [SUB0]
D/ImsSenderRxr( 937): byte 10:32 [SUB0]
D/ImsSenderRxr( 937): byte 11:2 [SUB0]
D/ImsSenderRxr( 937): Tag 3 2 1 2 [SUB0]
D/ImsSenderRxr( 937): [0003]< REQUEST_IMS_REGISTRATION_STATE error: 2
D/NotificationMgr( 937): call log query complete.
D/BluetoothManagerService( 802): Message: 30
E/BluetoothHeadset( 937): Could not bind to Bluetooth Headset Service with Intent { act=android.bluetooth.IBluetoothHeadset }
D/BluetoothPhoneService( 937): handlePreciseCallStateChange: foreground: IDLE background: IDLE ringing: IDLE
E/BluetoothPhoneService( 937): Could not get a handle on Connection object for the call
D/BluetoothPhoneService( 937): update the call states, active: 0held0
D/BluetoothPhoneService( 937): registerForServiceStateChanged
D/BluetoothPhoneService( 937): registerForPreciseCallStateChanged start
D/BluetoothPhoneService( 937): BluetoothPhoneService started
D/CallNotifier( 937): onMwiChanged(): false
D/NotificationMgr( 937): updateMwi(): false
D/CallNotifier( 937): onCfiChanged(): false
D/NotificationMgr( 937): updateCfi(): false
E/qdhwcomposer( 201): hwc_sync: ioctl MSMFB_BUFFER_SYNC failed, err=Invalid argument
E/qdhwcomposer( 201): hwc_sync: acq_fen_fd_cnt=0 flags=16 fd=16 dpy=0 numHwLayers=2
E/qdhwcomposer( 201): hwc_sync: ioctl MSMFB_BUFFER_SYNC failed, err=Invalid argument
E/qdhwcomposer( 201): hwc_sync: acq_fen_fd_cnt=0 flags=16 fd=16 dpy=0 numHwLayers=2
D/NotificationMgr( 937): updateNetworkSelection()...state = 3 new network
I/Adreno-EGL( 950): : EGL 1.4 QUALCOMM build: ()
I/Adreno-EGL( 950): OpenGL ES Shader Compiler Version: E031.24.02.07
I/Adreno-EGL( 950): Build Date: 09/03/15 Thu I/Adreno-EGL( 950): Local Branch:
I/Adreno-EGL( 950): Remote Branch:
I/Adreno-EGL( 950): Local Patches:
I/Adreno-EGL( 950): Reconstruct Branch:
E/qdhwcomposer( 201): hwc_sync: ioctl MSMFB_BUFFER_SYNC failed, err=Invalid argument
E/qdhwcomposer( 201): hwc_sync: acq_fen_fd_cnt=0 flags=16 fd=16 dpy=0 numHwLayers=2
D/dalvikvm( 857): GC_FOR_ALLOC freed 20K, 3% free 7458K/7636K, paused 61ms, total 62ms
I/dalvikvm-heap( 857): Grow heap (frag case) to 10.836MB for 3072016-byte allocation
D/PhoneApp( 937): mReceiver: ACTION_ANY_DATA_CONNECTION_STATE_CHANGED
D/PhoneApp( 937): - state: DISCONNECTED
D/PhoneApp( 937): - reason: dataDetached
D/PhoneApp( 937): - subscription: 0
D/PhoneApp( 937): mReceiver: ACTION_ANY_DATA_CONNECTION_STATE_CHANGED
D/PhoneApp( 937): - state: DISCONNECTED
D/PhoneApp( 937): - reason: dataDetached
D/PhoneApp( 937): - subscription: 0
D/PhoneApp( 937): mReceiver: ACTION_ANY_DATA_CONNECTION_STATE_CHANGED
D/PhoneApp( 937): - state: DISCONNECTED
D/PhoneApp( 937): - reason: dataDetached
D/PhoneApp( 937): - subscription: 0
D/PhoneApp( 937): mReceiver: ACTION_ANY_DATA_CONNECTION_STATE_CHANGED
D/PhoneApp( 937): - state: DISCONNECTED
D/PhoneApp( 937): - reason: dataDetached
D/PhoneApp( 937): - subscription: 0
D/PhoneApp( 937): mReceiver: ACTION_ANY_DATA_CONNECTION_STATE_CHANGED
D/PhoneApp( 937): - state: DISCONNECTED
D/PhoneApp( 937): - reason: dataDetached
D/PhoneApp( 937): - subscription: 0
D/PhoneApp( 937): mReceiver: ACTION_ANY_DATA_CONNECTION_STATE_CHANGED
D/PhoneApp( 937): - state: DISCONNECTED
D/PhoneApp( 937): - reason: dataDetached
D/PhoneApp( 937): - subscription: 0
D/dalvikvm( 857): GC_CONCURRENT freed 2K, 2% free 10455K/10640K, paused 6ms+13ms, total 77ms
D/PhoneApp( 937): mReceiver: ACTION_ANY_DATA_CONNECTION_STATE_CHANGED
D/PhoneApp( 937): - state: DISCONNECTED
D/PhoneApp( 937): - reason: dataDetached
D/PhoneApp( 937): - subscription: 0
D/PhoneApp( 937): mReceiver: ACTION_ANY_DATA_CONNECTION_STATE_CHANGED
D/PhoneApp( 937): - state: DISCONNECTED
D/PhoneApp( 937): - reason: dataDetached
D/PhoneApp( 937): - subscription: 0
D/PhoneApp( 937): mReceiver: ACTION_ANY_DATA_CONNECTION_STATE_CHANGED
W/Atfwd_Sendcmd( 240): AtCmdFwd service not published, waiting... retryCnt : 3
D/PhoneApp( 937): - state: DISCONNECTED
D/PhoneApp( 937): - reason: roamingOff
D/PhoneApp( 937): - subscription: 0
D/PhoneApp( 937): mReceiver: ACTION_ANY_DATA_CONNECTION_STATE_CHANGED
D/PhoneApp( 937): - state: DISCONNECTED
D/PhoneApp( 937): - reason: roamingOff
D/PhoneApp( 937): - subscription: 0
D/PhoneApp( 937): mReceiver: ACTION_ANY_DATA_CONNECTION_STATE_CHANGED
D/PhoneApp( 937): - state: DISCONNECTED
D/PhoneApp( 937): - reason: roamingOff
D/PhoneApp( 937): - subscription: 0
D/PhoneApp( 937): mReceiver: ACTION_ANY_DATA_CONNECTION_STATE_CHANGED
D/PhoneApp( 937): - state: DISCONNECTED
D/PhoneApp( 937): - reason: roamingOff
D/PhoneApp( 937): - subscription: 0
D/PhoneApp( 937): mReceiver: ACTION_ANY_DATA_CONNECTION_STATE_CHANGED
D/OpenGLRenderer( 950): Enabling debug mode 0
D/PhoneApp( 937): - state: DISCONNECTED
D/PhoneApp( 937): - reason: roamingOff
D/PhoneApp( 937): - subscription: 0
D/PhoneApp( 937): mReceiver: ACTION_ANY_DATA_CONNECTION_STATE_CHANGED
D/PhoneApp( 937): - state: DISCONNECTED
D/PhoneApp( 937): - reason: roamingOff
D/PhoneApp( 937): - subscription: 0
D/PhoneApp( 937): mReceiver: ACTION_ANY_DATA_CONNECTION_STATE_CHANGED
D/PhoneApp( 937): - state: DISCONNECTED
D/PhoneApp( 937): - reason: roamingOff
D/PhoneApp( 937): - subscription: 0
D/PhoneApp( 937): mReceiver: ACTION_ANY_DATA_CONNECTION_STATE_CHANGED
D/PhoneApp( 937): - state: DISCONNECTED
D/PhoneApp( 937): - reason: roamingOff
D/PhoneApp( 937): - subscription: 0
D/dalvikvm( 937): GC_CONCURRENT freed 311K, 12% free 3423K/3864K, paused 6ms+8ms, total 65ms
D/PhoneApp( 937): mReceiver: ACTION_ANY_DATA_CONNECTION_STATE_CHANGED
D/PhoneApp( 937): - state: DISCONNECTED
D/PhoneApp( 937): - reason: radioTurnedOff
D/PhoneApp( 937): - subscription: 0
D/PhoneApp( 937): mReceiver: ACTION_ANY_DATA_CONNECTION_STATE_CHANGED
D/PhoneApp( 937): - state: DISCONNECTED
D/PhoneApp( 937): - reason: radioTurnedOff
D/PhoneApp( 937): - subscription: 0
D/PhoneApp( 937): mReceiver: ACTION_ANY_DATA_CONNECTION_STATE_CHANGED
D/PhoneApp( 937): - state: DISCONNECTED
D/PhoneApp( 937): - reason: radioTurnedOff
D/PhoneApp( 937): - subscription: 0
D/PhoneApp( 937): mReceiver: ACTION_ANY_DATA_CONNECTION_STATE_CHANGED
D/PhoneApp( 937): - state: DISCONNECTED
D/PhoneApp( 937): - reason: radioTurnedOff
D/PhoneApp( 937): - subscription: 0
D/PhoneApp( 937): mReceiver: ACTION_ANY_DATA_CONNECTION_STATE_CHANGED
D/PhoneApp( 937): - state: DISCONNECTED
D/PhoneApp( 937): - reason: radioTurnedOff
D/PhoneApp( 937): - subscription: 0
D/PhoneApp( 937): mReceiver: ACTION_ANY_DATA_CONNECTION_STATE_CHANGED
D/PhoneApp( 937): - state: DISCONNECTED
D/PhoneApp( 937): - reason: radioTurnedOff
D/PhoneApp( 937): - subscription: 0
D/PhoneApp( 937): mReceiver: ACTION_ANY_DATA_CONNECTION_STATE_CHANGED
D/PhoneApp( 937): - state: DISCONNECTED
D/PhoneApp( 937): - reason: radioTurnedOff
D/PhoneApp( 937): - subscription: 0
D/PhoneApp( 937): mReceiver: ACTION_ANY_DATA_CONNECTION_STATE_CHANGED
D/PhoneApp( 937): - state: DISCONNECTED
D/PhoneApp( 937): - reason: radioTurnedOff
D/PhoneApp( 937): - subscription: 0
D/PhoneApp( 937): mReceiver: ACTION_ANY_DATA_CONNECTION_STATE_CHANGED
D/PhoneApp( 937): - state: DISCONNECTED
D/PhoneApp( 937): - reason: radioTurnedOff
D/PhoneApp( 937): - subscription: 0
D/PhoneApp( 937): mReceiver: ACTION_ANY_DATA_CONNECTION_STATE_CHANGED
D/PhoneApp( 937): - state: DISCONNECTED
D/PhoneApp( 937): - reason: radioTurnedOff
D/PhoneApp( 937): - subscription: 0
D/PhoneApp( 937): mReceiver: ACTION_ANY_DATA_CONNECTION_STATE_CHANGED
D/PhoneApp( 937): - state: DISCONNECTED
D/PhoneApp( 937): - reason: radioTurnedOff
D/PhoneApp( 937): - subscription: 0
D/PhoneApp( 937): mReceiver: ACTION_ANY_DATA_CONNECTION_STATE_CHANGED
D/PhoneApp( 937): - state: DISCONNECTED
D/PhoneApp( 937): - reason: radioTurnedOff
D/PhoneApp( 937): - subscription: 0
D/PhoneApp( 937): mReceiver: ACTION_ANY_DATA_CONNECTION_STATE_CHANGED
D/PhoneApp( 937): - state: DISCONNECTED
D/PhoneApp( 937): - reason: radioTurnedOff
D/PhoneApp( 937): - subscription: 0
D/PhoneApp( 937): mReceiver: ACTION_ANY_DATA_CONNECTION_STATE_CHANGED
D/PhoneApp( 937): - state: DISCONNECTED
D/PhoneApp( 937): - reason: radioTurnedOff
D/PhoneApp( 937): - subscription: 0
D/PhoneApp( 937): mReceiver: ACTION_ANY_DATA_CONNECTION_STATE_CHANGED
D/PhoneApp( 937): - state: DISCONNECTED
D/PhoneApp( 937): - reason: radioTurnedOff
D/PhoneApp( 937): - subscription: 0
D/ImsPhone( 937): Received event:30
E/ImsPhone( 937): Error! updateIccAvailability() is not supported by IMS
V/ImsPhone( 937): handleRadioStateChange for state RADIO_ON
D/ImsSenderRxr( 937): [0004]> REQUEST_IMS_REGISTRATION_STATE [SUB0]
D/ImsSenderRxr( 937): 0 [SUB0]
D/ImsSenderRxr( 937): 0 [SUB0]
D/ImsSenderRxr( 937): 0 [SUB0]
D/ImsSenderRxr( 937): 12 [SUB0]
D/ImsSenderRxr( 937): 11 [SUB0]
D/ImsSenderRxr( 937): 13 [SUB0]
D/ImsSenderRxr( 937): 4 [SUB0]
D/ImsSenderRxr( 937): 0 [SUB0]
D/ImsSenderRxr( 937): 0 [SUB0]
D/ImsSenderRxr( 937): 0 [SUB0]
D/ImsSenderRxr( 937): 16 [SUB0]
D/ImsSenderRxr( 937): 1 [SUB0]
D/ImsSenderRxr( 937): 24 [SUB0]
D/ImsSenderRxr( 937): 1 [SUB0]
D/ImsSenderRxr( 937): 32 [SUB0]
D/ImsSenderRxr( 937): 0 [SUB0]
V/ImsSenderRxr( 937): Read packet: 12 bytes
V/ImsSenderRxr( 937): processResponse [SUB0]
D/ImsSenderRxr( 937): byte 0:11 [SUB0]
D/ImsSenderRxr( 937): byte 1:13 [SUB0]
D/ImsSenderRxr( 937): byte 2:4 [SUB0]
D/ImsSenderRxr( 937): byte 3:0 [SUB0]
D/ImsSenderRxr( 937): byte 4:0 [SUB0]
D/ImsSenderRxr( 937): byte 5:0 [SUB0]
D/ImsSenderRxr( 937): byte 6:16 [SUB0]
D/ImsSenderRxr( 937): byte 7:2 [SUB0]
D/ImsSenderRxr( 937): byte 8:24 [SUB0]
D/ImsSenderRxr( 937): byte 9:1 [SUB0]
D/ImsSenderRxr( 937): byte 10:32 [SUB0]
D/ImsSenderRxr( 937): byte 11:2 [SUB0]
D/ImsSenderRxr( 937): [0005]> GET_CURRENT_CALLS [SUB0]
D/ImsSenderRxr( 937): 0 [SUB0]
D/ImsSenderRxr( 937): 0 [SUB0]
D/ImsSenderRxr( 937): Tag 4 2 1 2 [SUB0]
D/ImsSenderRxr( 937): 0 [SUB0]
D/ImsSenderRxr( 937): [0004]< REQUEST_IMS_REGISTRATION_STATE error: 2
D/ImsSenderRxr( 937): 12 [SUB0]
D/ImsSenderRxr( 937): 11 [SUB0]
D/ImsSenderRxr( 937): 13 [SUB0]
D/ImsSenderRxr( 937): 5 [SUB0]
D/ImsSenderRxr( 937): 0 [SUB0]
D/ImsSenderRxr( 937): 0 [SUB0]
D/ImsSenderRxr( 937): 0 [SUB0]
D/ImsSenderRxr( 937): 16 [SUB0]
D/ImsSenderRxr( 937): 1 [SUB0]
D/ImsSenderRxr( 937): 24 [SUB0]
D/ImsSenderRxr( 937): 6 [SUB0]
D/ImsSenderRxr( 937): 32 [SUB0]
D/ImsSenderRxr( 937): 0 [SUB0]
D/ImsPhone( 937): Received event:37
E/ImsPhone( 937): IMS State query failed!
D/ImsPhone( 937): Received event:41
D/ImsPhone( 937): Received event: EVENT_GET/SRV_STATUS_UPDATE
E/ImsPhone( 937): IMS Service Status Update failed!
V/ImsSenderRxr( 937): Read packet: 12 bytes
V/ImsSenderRxr( 937): processResponse [SUB0]
D/ImsSenderRxr( 937): byte 0:11 [SUB0]
D/ImsSenderRxr( 937): byte 1:13 [SUB0]
D/PhoneApp( 937): Ims Service Connectedorg.codeaurora.ims.IImsService$Stub$Proxy@41ec3518
D/ImsSenderRxr( 937): byte 2:5 [SUB0]
D/ImsSenderRxr( 937): byte 3:0 [SUB0]
D/ImsSenderRxr( 937): byte 4:0 [SUB0]
D/ImsSenderRxr( 937): byte 5:0 [SUB0]
D/ImsSenderRxr( 937): byte 6:16 [SUB0]
D/ImsSenderRxr( 937): byte 7:2 [SUB0]
D/PhoneApp( 937): Callback registered successfully
D/ImsSenderRxr( 937): byte 8:24 [SUB0]
D/ImsSenderRxr( 937): byte 9:6 [SUB0]
D/ImsSenderRxr( 937): byte 10:32 [SUB0]
D/ImsSenderRxr( 937): byte 11:0 [SUB0]
D/ImsSenderRxr( 937): [0006]> REQUEST_QUERY_SERVICE_STATUS [SUB0]
D/ImsSenderRxr( 937): 0 [SUB0]
D/ImsSenderRxr( 937): Tag 5 2 6 0 [SUB0]
D/ImsSenderRxr( 937): 0 [SUB0]
D/ImsSenderRxr( 937): [0005]< GET_CURRENT_CALLS [SUB0]
D/ImsSenderRxr( 937): 0 [SUB0]
D/ImsSenderRxr( 937): 12 [SUB0]
D/ImsSenderRxr( 937): 11 [SUB0]
D/ImsSenderRxr( 937): 13 [SUB0]
D/ImsSenderRxr( 937): 6 [SUB0]
D/ImsSenderRxr( 937): 0 [SUB0]
D/ImsSenderRxr( 937): 0 [SUB0]
D/ImsSenderRxr( 937): 0 [SUB0]
D/ImsSenderRxr( 937): 16 [SUB0]
D/ImsSenderRxr( 937): 1 [SUB0]
D/ImsSenderRxr( 937): 24 [SUB0]
D/ImsSenderRxr( 937): 29 [SUB0]
D/ImsSenderRxr( 937): 32 [SUB0]
D/ImsSenderRxr( 937): 0 [SUB0]
D/PhoneUtils( 937): Find IMS phone:
D/PhoneUtils( 937): found IMSPhone = Handler (org.codeaurora.ims.ImsPhone) {41e74de8}, class org.codeaurora.ims.ImsPhone
I/PhoneApp( 937): Headset phone created, binding local service.
V/ImsSenderRxr( 937): Read packet: 12 bytes
V/ImsSenderRxr( 937): processResponse [SUB0]
D/ImsSenderRxr( 937): byte 0:11 [SUB0]
D/ImsSenderRxr( 937): byte 1:13 [SUB0]
D/ImsSenderRxr( 937): byte 2:6 [SUB0]
D/ImsSenderRxr( 937): byte 3:0 [SUB0]
D/ImsSenderRxr( 937): byte 4:0 [SUB0]
D/ImsSenderRxr( 937): byte 5:0 [SUB0]
D/ImsSenderRxr( 937): byte 6:16 [SUB0]
D/ImsSenderRxr( 937): byte 7:2 [SUB0]
D/ImsSenderRxr( 937): byte 8:24 [SUB0]
D/ImsSenderRxr( 937): byte 9:29 [SUB0]
D/ImsSenderRxr( 937): byte 10:32 [SUB0]
D/ImsSenderRxr( 937): byte 11:2 [SUB0]
D/ImsSenderRxr( 937): Tag 6 2 29 2 [SUB0]
D/ImsSenderRxr( 937): [0006]< REQUEST_QUERY_SERVICE_STATUS error: 2
D/dalvikvm( 950): GC_FOR_ALLOC freed 78K, 4% free 6343K/6552K, paused 69ms, total 74ms
I/dalvikvm-heap( 950): Grow heap (frag case) to 10.090MB for 3430416-byte allocation
D/ImsPhone( 937): Received event:30
E/ImsPhone( 937): Error! updateIccAvailability() is not supported by IMS
D/ ( 937): Setting time of day to sec=1657132652
D/dalvikvm( 950): GC_CONCURRENT freed 7K, 3% free 9853K/10072K, paused 8ms+12ms, total 90ms
D/NotificationMgr( 937): hideDataDisconnectedRoaming()...
D/NotificationMgr( 937): hideDataDisconnectedRoaming()...
D/NotificationMgr( 937): hideDataDisconnectedRoaming()...
D/NotificationMgr( 937): hideDataDisconnectedRoaming()...
D/NotificationMgr( 937): hideDataDisconnectedRoaming()...
D/NotificationMgr( 937): hideDataDisconnectedRoaming()...
D/NotificationMgr( 937): hideDataDisconnectedRoaming()...
D/NotificationMgr( 937): hideDataDisconnectedRoaming()...
D/NotificationMgr( 937): hideDataDisconnectedRoaming()...
D/NotificationMgr( 937): hideDataDisconnectedRoaming()...
D/NotificationMgr( 937): hideDataDisconnectedRoaming()...
D/NotificationMgr( 937): hideDataDisconnectedRoaming()...
D/NotificationMgr( 937): hideDataDisconnectedRoaming()...
D/NotificationMgr( 937): hideDataDisconnectedRoaming()...
D/NotificationMgr( 937): hideDataDisconnectedRoaming()...
D/NotificationMgr( 937): hideDataDisconnectedRoaming()...
D/NotificationMgr( 937): hideDataDisconnectedRoaming()...
D/NotificationMgr( 937): hideDataDisconnectedRoaming()...
D/NotificationMgr( 937): hideDataDisconnectedRoaming()...
D/NotificationMgr( 937): hideDataDisconnectedRoaming()...
D/NotificationMgr( 937): hideDataDisconnectedRoaming()...
D/NotificationMgr( 937): hideDataDisconnectedRoaming()...
D/NotificationMgr( 937): hideDataDisconnectedRoaming()...
D/NotificationMgr( 937): hideDataDisconnectedRoaming()...
D/NotificationMgr( 937): hideDataDisconnectedRoaming()...
D/NotificationMgr( 937): hideDataDisconnectedRoaming()...
D/NotificationMgr( 937): hideDataDisconnectedRoaming()...
D/NotificationMgr( 937): hideDataDisconnectedRoaming()...
D/NotificationMgr( 937): hideDataDisconnectedRoaming()...
D/NotificationMgr( 937): hideDataDisconnectedRoaming()...
D/NotificationMgr( 937): hideDataDisconnectedRoaming()...
D/ImsPhone( 937): Received event:37
E/ImsPhone( 937): IMS State query failed!
V/PhoneApp( 937): imsUpdateServiceStatus response service 0status = 3
V/PhoneApp( 937): imsUpdateServiceStatus response service 3status = 3
D/ImsPhone( 937): Received event:41
D/ImsPhone( 937): Received event: EVENT_GET/SRV_STATUS_UPDATE
E/ImsPhone( 937): IMS Service Status Update failed!
D/PhoneApp( 937): handleQueryTTYModeResponse: TTY enable state successfully queried.
D/PhoneApp( 937): handleQueryTTYModeResponse:ttymode=0
V/SRS_Proc( 204): ParamSet string: tty_mode=tty_off
E/qdhwcomposer( 201): hwc_sync: ioctl MSMFB_BUFFER_SYNC failed, err=Invalid argument
E/qdhwcomposer( 201): hwc_sync: acq_fen_fd_cnt=0 flags=16 fd=16 dpy=0 numHwLayers=2
E/qdhwcomposer( 201): hwc_sync: ioctl MSMFB_BUFFER_SYNC failed, err=Invalid argument
E/qdhwcomposer( 201): hwc_sync: acq_fen_fd_cnt=0 flags=16 fd=16 dpy=0 numHwLayers=2
D/NotificationMgr( 937): updateNetworkSelection()...state = 1 new network
V/PhoneApp( 937): imsUpdateServiceStatus response service 0status = 3
V/PhoneApp( 937): imsUpdateServiceStatus response service 3status = 3
V/PhoneApp( 937): imsUpdateServiceStatus response service 0status = 3
V/PhoneApp( 937): imsUpdateServiceStatus response service 3status = 3
D/dalvikvm( 857): GC_FOR_ALLOC freed 3002K, 3% free 7457K/7632K, paused 103ms, total 103ms
I/dalvikvm-heap( 857): Grow heap (frag case) to 10.836MB for 3072016-byte allocation
D/MccTable( 937): updateMccMncConfiguration: mcc=262, mnc=7
D/MccTable( 937): getLocaleFromMcc to de_de mcc=262
D/MccTable( 937): getLocaleForLanguageCountry: skipping already persisted
D/MccTable( 937): getLocaleForLanguageCountry: X locale=null
D/MccTable( 937): updateMccMncConfiguration updateConfig config={1.0 262mcc7mnc ?locale ?layoutDir ?swdp ?wdp ?hdp ?density ?lsize ?long ?orien ?uimode ?night ?touch ?keyb/?/? ?nav/?}
I/ActivityManager( 802): Config changes=3 {1.0 262mcc7mnc zh_CN ldltr sw360dp w640dp h335dp 320dpi nrml long land -touch -keyb/h/h -nav/h s.5}
D/dalvikvm( 857): GC_CONCURRENT freed <1K, 2% free 10458K/10636K, paused 5ms+9ms, total 56ms
D/PermissionCache( 201): checking android.permission.READ_FRAME_BUFFER for uid=1000 => granted (551 us)
E/qdhwcomposer( 201): hwc_sync: ioctl MSMFB_BUFFER_SYNC failed, err=Invalid argument
E/qdhwcomposer( 201): hwc_sync: acq_fen_fd_cnt=0 flags=16 fd=16 dpy=0 numHwLayers=2
D/Tethering( 802): Exception adding default nw to upstreamIfaceTypes: java.lang.NullPointerException
E/qdhwcomposer( 201): hwc_sync: ioctl MSMFB_BUFFER_SYNC failed, err=Invalid argument
E/qdhwcomposer( 201): hwc_sync: acq_fen_fd_cnt=0 flags=16 fd=16 dpy=0 numHwLayers=3
E/qdhwcomposer( 201): hwc_sync: ioctl MSMFB_BUFFER_SYNC failed, err=Invalid argument
E/qdhwcomposer( 201): hwc_sync: acq_fen_fd_cnt=0 flags=16 fd=16 dpy=0 numHwLayers=3
I/ActivityManager( 802): Start proc com.android.settings for broadcast com.android.settings/.widget.SettingsAppWidgetProvider: pid=1062 uid=1000 gids={41000, 1028, 1015, 3002, 3001, 3003, 1023}
D/CallNotifier( 937): onCfiChanged(): false
D/NotificationMgr( 937): updateCfi(): false
D/dalvikvm( 937): GC_CONCURRENT freed 311K, 12% free 3540K/3984K, paused 10ms+7ms, total 108ms
D/ActivityThread( 1062): handleBindApplication:com.android.settings
D/ActivityThread( 1062): setTargetHeapUtilization:0.75
D/ActivityThread( 1062): setTargetHeapMinFree:524288
V/RenderScript( 950): Application requested CPU execution
D/KeyguardUpdateMonitor( 857): ACTION_SIM_STATE_CHANGED intent received on sub = 0
D/StatusBar.NetworkController( 857): refreshViews: Data not connected!! Set no data type icon / Roaming
E/qdhwcomposer( 201): hwc_sync: ioctl MSMFB_BUFFER_SYNC failed, err=Invalid argument
E/qdhwcomposer( 201): hwc_sync: acq_fen_fd_cnt=0 flags=16 fd=16 dpy=0 numHwLayers=3
E/qdhwcomposer( 201): hwc_sync: ioctl MSMFB_BUFFER_SYNC failed, err=Invalid argument
E/qdhwcomposer( 201): hwc_sync: acq_fen_fd_cnt=0 flags=16 fd=16 dpy=0 numHwLayers=3
V/RenderScript( 950): 0x546befc8 Launching thread(s), CPUs 4
D/StatusBar.NetworkController( 857): refreshViews: Data not connected!! Set no data type icon / Roaming
D/CallNotifier( 937): onCfiChanged(): false
D/PhoneStatusBarPolicy( 857): updateSimState for subscription :0
D/NotificationMgr( 937): updateCfi(): false
I/Choreographer( 857): Skipped 142 frames! The application may be doing too much work on its main thread.
D/CallNotifier( 937): onMwiChanged(): false
D/NotificationMgr( 937): updateMwi(): false
E/qdhwcomposer( 201): hwc_sync: ioctl MSMFB_BUFFER_SYNC failed, err=Invalid argument
E/qdhwcomposer( 201): hwc_sync: acq_fen_fd_cnt=0 flags=16 fd=16 dpy=0 numHwLayers=3
D/BluetoothManagerService( 802): Message: 20
D/BluetoothManagerService( 802): Added callback: android.bluetooth.IBluetoothManagerCallback$Stub$Proxy@4206a508:true
E/qdhwcomposer( 201): hwc_sync: ioctl MSMFB_BUFFER_SYNC failed, err=Invalid argument
E/qdhwcomposer( 201): hwc_sync: acq_fen_fd_cnt=0 flags=16 fd=16 dpy=0 numHwLayers=3
D/BluetoothAdapter( 1062): 1105465440: getState() : mService = null. Returning STATE_OFF
V/KeyguardHostView( 857): music state changed: 0
W/Settings( 857): Setting airplane_mode_on has moved from android.provider.Settings.System to android.provider.Settings.Global, returning read-only value.
D/BluetoothManagerService( 802): Message: 30
E/BluetoothInputDevice( 1062): Could not bind to Bluetooth HID Service with Intent { act=android.bluetooth.IBluetoothInputDevice }
D/BluetoothManagerService( 802): Message: 30
E/qdhwcomposer( 201): hwc_sync: ioctl MSMFB_BUFFER_SYNC failed, err=Invalid argument
E/qdhwcomposer( 201): hwc_sync: acq_fen_fd_cnt=0 flags=16 fd=16 dpy=0 numHwLayers=3
E/BluetoothPan( 1062): Could not bind to Bluetooth Pan Service with Intent { act=android.bluetooth.IBluetoothPan }
D/LocalBluetoothProfileManager( 1062): Adding local MAP profile
D/BluetoothMap( 1062): Create BluetoothMap proxy object
D/BluetoothManagerService( 802): Message: 30
E/BluetoothMap( 1062): Could not bind to Bluetooth MAP Service with Intent { act=android.bluetooth.IBluetoothMap }
D/BluetoothManagerService( 802): Message: 30
D/BluetoothSap( 1062): BluetoothSap() call bindService
E/BluetoothSap( 1062): Could not bind to Bluetooth Sap Service with Intent { act=android.bluetooth.IBluetoothSap }
D/BluetoothDun( 1062): BluetoothDun() call bindService
D/BluetoothManagerService( 802): Message: 30
E/BluetoothDun( 1062): Could not bind to Bluetooth Dun Service with Intent { act=android.bluetooth.IBluetoothDun }
D/BluetoothManagerService( 802): Message: 30
E/qdhwcomposer( 201): hwc_sync: ioctl MSMFB_BUFFER_SYNC failed, err=Invalid argument
E/qdhwcomposer( 201): hwc_sync: acq_fen_fd_cnt=0 flags=16 fd=16 dpy=0 numHwLayers=3
E/BluetoothPbap( 1062): Could not bind to Bluetooth Pbap Service with Intent { act=android.bluetooth.IBluetoothPbap }
D/LocalBluetoothProfileManager( 1062): LocalBluetoothProfileManager construction complete
D/BluetoothAdapter( 1062): 1105465440: getState() : mService = null. Returning STATE_OFF
D/BluetoothAdapter( 1062): 1105465440: getState() : mService = null. Returning STATE_OFF
E/qdhwcomposer( 201): hwc_sync: ioctl MSMFB_BUFFER_SYNC failed, err=Invalid argument
E/qdhwcomposer( 201): hwc_sync: acq_fen_fd_cnt=0 flags=16 fd=16 dpy=0 numHwLayers=3
V/KeyguardHostView( 857): Initial transport state: 1, pbstate=0
W/Settings( 857): Setting airplane_mode_on has moved from android.provider.Settings.System to android.provider.Settings.Global, returning read-only value.
E/qdhwcomposer( 201): hwc_sync: ioctl MSMFB_BUFFER_SYNC failed, err=Invalid argument
E/qdhwcomposer( 201): hwc_sync: acq_fen_fd_cnt=0 flags=16 fd=16 dpy=0 numHwLayers=3
W/Launcher.Workspace( 950): Failed to add to item at (2,4) to CellLayout
E/qdhwcomposer( 201): hwc_sync: ioctl MSMFB_BUFFER_SYNC failed, err=Invalid argument
E/qdhwcomposer( 201): hwc_sync: acq_fen_fd_cnt=0 flags=16 fd=16 dpy=0 numHwLayers=3
I/Choreographer( 950): Skipped 67 frames! The application may be doing too much work on its main thread.
W/Settings( 857): Setting airplane_mode_on has moved from android.provider.Settings.System to android.provider.Settings.Global, returning read-only value.
V/KeyguardHostView( 857): music state changed: 0
W/Settings( 857): Setting airplane_mode_on has moved from android.provider.Settings.System to android.provider.Settings.Global, returning read-only value.
D/dalvikvm( 950): GC_FOR_ALLOC freed 8K, 3% free 9869K/10072K, paused 44ms, total 44ms
I/dalvikvm-heap( 950): Grow heap (frag case) to 13.533MB for 3430416-byte allocation
D/TelephonyIcons( 857): updateDataType sub=0, type=0, inetCondition=0 showAtLeast3G=false show4GforLte=true hspaDistinguishable=false
D/TelephonyIcons( 857): data type item name: array/telephony_data_type_sim1
D/TelephonyIcons( 857): data type item id: 2131099655
D/TelephonyIcons( 857): updateDataType mSelectedDataTypeIcon[0]=0, mSelectedDataActivityIndex=0
D/TelephonyIcons( 857): null signal icon name: drawable/stat_sys_signal_null
D/StatusBar.NetworkController( 857): refreshViews: Data not connected!! Set no data type icon / Roaming
D/KeyguardUpdateMonitor( 857): ACTION_SERVICE_STATE_CHANGED on sub: 0 showSpn:false showPlmn:false mServiceState: 3 3 home null null null Unknown Unknown CSS not supported -1 -1 RoamInd=-1 DefRoamInd=-1 EmergOnly=false
D/KeyguardUpdateMonitor( 857): Received SPN update on sub :0
D/StatusBar.NetworkController( 857): refreshViews: Data not connected!! Set no data type icon / Roaming
D/TelephonyIcons( 857): updateDataType sub=0, type=0, inetCondition=0 showAtLeast3G=false show4GforLte=true hspaDistinguishable=false
D/TelephonyIcons( 857): data type item name: array/telephony_data_type_sim1
D/dalvikvm( 950): GC_CONCURRENT freed 1K, 2% free 13218K/13424K, paused 4ms+7ms, total 49ms
D/TelephonyIcons( 857): data type item id: 2131099655
D/TelephonyIcons( 857): updateDataType mSelectedDataTypeIcon[0]=0, mSelectedDataActivityIndex=0
D/TelephonyIcons( 857): null signal icon name: drawable/stat_sys_signal_null
D/StatusBar.NetworkController( 857): refreshViews: Data not connected!! Set no data type icon / Roaming
D/KeyguardUpdateMonitor( 857): ACTION_SIM_STATE_CHANGED intent received on sub = 0
D/StatusBar.NetworkController( 857): refreshViews: Data not connected!! Set no data type icon / Roaming
D/StatusBar.NetworkController( 857): refreshViews: Data not connected!! Set no data type icon / Roaming
D/PhoneStatusBarPolicy( 857): updateSimState for subscription :0
D/TelephonyIcons( 857): updateDataType sub=0, type=0, inetCondition=0 showAtLeast3G=false show4GforLte=true hspaDistinguishable=false
D/TelephonyIcons( 857): data type item name: array/telephony_data_type_sim1
D/TelephonyIcons( 857): data type item id: 2131099655
D/TelephonyIcons( 857): updateDataType mSelectedDataTypeIcon[0]=0, mSelectedDataActivityIndex=0
D/TelephonyIcons( 857): null signal icon name: drawable/stat_sys_signal_null
D/StatusBar.NetworkController( 857): refreshViews: Data not connected!! Set no data type icon / Roaming
D/KeyguardUpdateMonitor( 857): ACTION_SERVICE_STATE_CHANGED on sub: 0 showSpn:false showPlmn:false mServiceState: 1 1 home null null null Unknown Unknown CSS not supported -1 -1 RoamInd=-1 DefRoamInd=-1 EmergOnly=false
D/KeyguardUpdateMonitor( 857): Received SPN update on sub :0
D/StatusBar.NetworkController( 857): refreshViews: Data not connected!! Set no data type icon / Roaming
D/KeyguardUpdateMonitor( 857): ACTION_SIM_STATE_CHANGED intent received on sub = 0
D/StatusBar.NetworkController( 857): refreshViews: Data not connected!! Set no data type icon / Roaming
D/StatusBar.NetworkController( 857): refreshViews: Data not connected!! Set no data type icon / Roaming
D/PhoneStatusBarPolicy( 857): updateSimState for subscription :0
E/qdhwcomposer( 201): hwc_sync: ioctl MSMFB_BUFFER_SYNC failed, err=Invalid argument
E/qdhwcomposer( 201): hwc_sync: acq_fen_fd_cnt=0 flags=16 fd=16 dpy=0 numHwLayers=4
E/qdhwcomposer( 201): hwc_sync: ioctl MSMFB_BUFFER_SYNC failed, err=Invalid argument
E/qdhwcomposer( 201): hwc_sync: acq_fen_fd_cnt=0 flags=16 fd=16 dpy=0 numHwLayers=4
W/Settings( 857): Setting airplane_mode_on has moved from android.provider.Settings.System to android.provider.Settings.Global, returning read-only value.
D/DdsSwitch( 857): mobile data is on.
D/PhoneStatusBar( 857): mSettingsPanelGravity = 55
D/KeyguardUpdateMonitor( 857): Received CONFIGURATION_CHANGED intent
D/StatusBar.NetworkController( 857): refreshViews: Data not connected!! Set no data type icon / Roaming
D/KeyguardUpdateMonitor( 857): handleSimStateChange: intentValue = UNKNOWN state resolved to UNKNOWN subscription =0
D/KeyguardUpdateMonitor( 857): ACTION_SIM_STATE_CHANGED intent received on sub = 0
D/StatusBar.NetworkController( 857): refreshViews: Data not connected!! Set no data type icon / Roaming
E/ActivityThread( 857): Failed to find provider info for com.android.contacts
D/StatusBar.NetworkController( 857): refreshViews: Data not connected!! Set no data type icon / Roaming
D/PhoneStatusBarPolicy( 857): updateSimState for subscription :0
V/KeyguardServiceDelegate( 802): **** SHOWN CALLED ****
I/Choreographer( 857): Skipped 31 frames! The application may be doing too much work on its main thread.
W/Launcher.Model( 950): LoaderTask running with no launcher (loadAllAppsByBatch)
E/qdhwcomposer( 201): hwc_sync: ioctl MSMFB_BUFFER_SYNC failed, err=Invalid argument
E/qdhwcomposer( 201): hwc_sync: acq_fen_fd_cnt=0 flags=16 fd=16 dpy=0 numHwLayers=4
E/qdhwcomposer( 201): hwc_sync: ioctl MSMFB_BUFFER_SYNC failed, err=Invalid argument
E/qdhwcomposer( 201): hwc_sync: acq_fen_fd_cnt=0 flags=16 fd=16 dpy=0 numHwLayers=4
E/qdhwcomposer( 201): hwc_sync: ioctl MSMFB_BUFFER_SYNC failed, err=Invalid argument
E/qdhwcomposer( 201): hwc_sync: acq_fen_fd_cnt=0 flags=16 fd=16 dpy=0 numHwLayers=4
E/qdhwcomposer( 201): hwc_sync: ioctl MSMFB_BUFFER_SYNC failed, err=Invalid argument
E/qdhwcomposer( 201): hwc_sync: acq_fen_fd_cnt=0 flags=16 fd=16 dpy=0 numHwLayers=3
E/qdhwcomposer( 201): hwc_sync: ioctl MSMFB_BUFFER_SYNC failed, err=Invalid argument
E/qdhwcomposer( 201): hwc_sync: acq_fen_fd_cnt=0 flags=16 fd=16 dpy=0 numHwLayers=3
D/PhoneStatusBar( 857): disable: < expand icons alerts ticker system_info BACK* HOME* RECENT clock SEARCH > E/qdhwcomposer( 201): hwc_sync: ioctl MSMFB_BUFFER_SYNC failed, err=Invalid argument
E/qdhwcomposer( 201): hwc_sync: acq_fen_fd_cnt=0 flags=16 fd=16 dpy=0 numHwLayers=5
D/dalvikvm( 857): GC_FOR_ALLOC freed 3215K, 31% free 7764K/11108K, paused 57ms, total 57ms
I/dalvikvm-heap( 857): Grow heap (frag case) to 11.136MB for 3072016-byte allocation
D/dalvikvm( 857): GC_CONCURRENT freed 14K, 4% free 10749K/11108K, paused 6ms+9ms, total 63ms
E/AppsCustomizePagedView( 950): Create Res Apk Failed
D/Launcher( 950): Broadcasting Home Idle Screen Intent ...
D/Launcher.Model( 950): Reload apps on config change. curr_mcc:262 prevmcc:0
D/KeyguardUpdateMonitor( 857): handleSimStateChange: intentValue = READY state resolved to READY subscription =0
E/qdhwcomposer( 201): hwc_sync: ioctl MSMFB_BUFFER_SYNC failed, err=Invalid argument
E/qdhwcomposer( 201): hwc_sync: acq_fen_fd_cnt=0 flags=16 fd=16 dpy=0 numHwLayers=5
D/KeyguardUpdateMonitor( 857): handleSimStateChange: intentValue = READY state resolved to READY subscription =0
D/KeyguardUpdateMonitor( 857): handleSimStateChange: intentValue = READY state resolved to READY subscription =0
E/qdhwcomposer( 201): hwc_sync: ioctl MSMFB_BUFFER_SYNC failed, err=Invalid argument
E/qdhwcomposer( 201): hwc_sync: acq_fen_fd_cnt=0 flags=16 fd=16 dpy=0 numHwLayers=5
E/qdhwcomposer( 201): hwc_sync: ioctl MSMFB_BUFFER_SYNC failed, err=Invalid argument
E/qdhwcomposer( 201): hwc_sync: acq_fen_fd_cnt=0 flags=16 fd=16 dpy=0 numHwLayers=5
E/qdhwcomposer( 201): hwc_sync: ioctl MSMFB_BUFFER_SYNC failed, err=Invalid argument
E/qdhwcomposer( 201): hwc_sync: acq_fen_fd_cnt=0 flags=16 fd=16 dpy=0 numHwLayers=5
D/dalvikvm( 950): GC_FOR_ALLOC freed 7036K, 53% free 6523K/13688K, paused 46ms, total 46ms
I/dalvikvm-heap( 950): Grow heap (frag case) to 10.266MB for 3430416-byte allocation
D/dalvikvm( 950): GC_CONCURRENT freed 28K, 27% free 10013K/13688K, paused 6ms+8ms, total 66ms
E/qdhwcomposer( 201): hwc_sync: ioctl MSMFB_BUFFER_SYNC failed, err=Invalid argument
E/qdhwcomposer( 201): hwc_sync: acq_fen_fd_cnt=0 flags=16 fd=16 dpy=0 numHwLayers=5
V/KeyguardHostView( 857): Initial transport state: 1, pbstate=0
W/Settings( 857): Setting airplane_mode_on has moved from android.provider.Settings.System to android.provider.Settings.Global, returning read-only value.
W/Settings( 857): Setting airplane_mode_on has moved from android.provider.Settings.System to android.provider.Settings.Global, returning read-only value.
V/KeyguardHostView( 857): music state changed: 0
W/Settings( 857): Setting airplane_mode_on has moved from android.provider.Settings.System to android.provider.Settings.Global, returning read-only value.
I/Timeline( 950): Timeline: Activity_idle id: android.os.BinderProxy@41e31180 time:50860
I/Timeline( 950): Timeline: Activity_idle id: android.os.BinderProxy@41e31180 time:50861
E/qdhwcomposer( 201): hwc_sync: ioctl MSMFB_BUFFER_SYNC failed, err=Invalid argument
E/qdhwcomposer( 201): hwc_sync: acq_fen_fd_cnt=0 flags=16 fd=16 dpy=0 numHwLayers=5
I/qrngp ( 1090): Entering qrngp
I/qrngp ( 1090): msm_rng fd = 7
E/qdhwcomposer( 201): hwc_sync: ioctl MSMFB_BUFFER_SYNC failed, err=Invalid argument
E/qdhwcomposer( 201): hwc_sync: acq_fen_fd_cnt=0 flags=16 fd=16 dpy=0 numHwLayers=5
I/qrngp ( 1090): bus_bandwidth_reset success
I/SurfaceFlinger( 201): Boot is finished (33061 ms)
I/httpproxy( 1094): CANNOT LINK EXECUTABLE: could not load library "liblighttpd_common.so" needed by "/system/bin/httpproxy"; caused by could not load library "libpcre.so" needed by "liblighttpd_common.so"; caused by library "libpcre.so" not found
I/httpproxy( 1094): httpproxy terminated by exit(1)
I/ActivityManager( 802): Displayed com.android.launcher/com.android.launcher2.Launcher: +4s809ms
I/Timeline( 802): Timeline: Activity_windows_visible id: ActivityRecord{4205a0a0 u0 com.android.launcher/com.android.launcher2.Launcher t1} time:51084
I/WindowManager( 802): Screen frozen for +2s55ms due to Window{42086b08 u0 com.android.launcher/com.android.launcher2.Launcher}
D/modemanager( 201): Panel Name:
E/modemanager( 201): readXMLOp:Couldn't open OEM XML file!
E/modemanager( 201): retrieveMode: Failed to enumerate modes
E/modemanager( 201): instantiateModeMgr: Failed to update default cache!
E/modemanager( 201): readXMLOp:Couldn't open OEM XML file!
E/modemanager( 201): retrieveMode: Failed to enumerate modes
E/modemanager( 201): in applyDefaultMode fail to retrieve default mode!
I/modemanager( 201): in applyDefaultMode ret = 0 mCurMode = -1
D/qdhwcomposer( 201): processBootAnimCompleted: Not able to apply default mode
E/qdhwcomposer( 201): hwc_sync: ioctl MSMFB_BUFFER_SYNC failed, err=Invalid argument
E/qdhwcomposer( 201): hwc_sync: acq_fen_fd_cnt=0 flags=16 fd=16 dpy=0 numHwLayers=5
E/qdhwcomposer( 201): hwc_sync: ioctl MSMFB_BUFFER_SYNC failed, err=Invalid argument
E/qdhwcomposer( 201): hwc_sync: acq_fen_fd_cnt=0 flags=16 fd=16 dpy=0 numHwLayers=5
E/qdhwcomposer( 201): hwc_sync: ioctl MSMFB_BUFFER_SYNC failed, err=Invalid argument
E/qdhwcomposer( 201): hwc_sync: acq_fen_fd_cnt=0 flags=16 fd=16 dpy=0 numHwLayers=5
E/qdhwcomposer( 201): hwc_sync: ioctl MSMFB_BUFFER_SYNC failed, err=Invalid argument
E/qdhwcomposer( 201): hwc_sync: acq_fen_fd_cnt=0 flags=16 fd=16 dpy=0 numHwLayers=5
E/qdhwcomposer( 201): hwc_sync: ioctl MSMFB_BUFFER_SYNC failed, err=Invalid argument
E/qdhwcomposer( 201): hwc_sync: acq_fen_fd_cnt=0 flags=16 fd=16 dpy=0 numHwLayers=5
E/qdhwcomposer( 201): hwc_sync: ioctl MSMFB_BUFFER_SYNC failed, err=Invalid argument
E/qdhwcomposer( 201): hwc_sync: acq_fen_fd_cnt=0 flags=16 fd=16 dpy=0 numHwLayers=5
E/qdhwcomposer( 201): hwc_sync: ioctl MSMFB_BUFFER_SYNC failed, err=Invalid argument
E/qdhwcomposer( 201): hwc_sync: acq_fen_fd_cnt=0 flags=16 fd=16 dpy=0 numHwLayers=5
E/qdhwcomposer( 201): hwc_sync: ioctl MSMFB_BUFFER_SYNC failed, err=Invalid argument
E/qdhwcomposer( 201): hwc_sync: acq_fen_fd_cnt=0 flags=16 fd=16 dpy=0 numHwLayers=5
E/qdhwcomposer( 201): hwc_sync: ioctl MSMFB_BUFFER_SYNC failed, err=Invalid argument
E/qdhwcomposer( 201): hwc_sync: acq_fen_fd_cnt=0 flags=16 fd=16 dpy=0 numHwLayers=4
D/dalvikvm( 950): GC_FOR_ALLOC freed 45K, 28% free 9977K/13688K, paused 420ms, total 439ms
I/dalvikvm-heap( 950): Grow heap (frag case) to 13.639MB for 3430416-byte allocation
E/qdhwcomposer( 201): hwc_sync: ioctl MSMFB_BUFFER_SYNC failed, err=Invalid argument
E/qdhwcomposer( 201): hwc_sync: acq_fen_fd_cnt=0 flags=16 fd=16 dpy=0 numHwLayers=4
E/qdhwcomposer( 201): hwc_sync: ioctl MSMFB_BUFFER_SYNC failed, err=Invalid argument
E/qdhwcomposer( 201): hwc_sync: acq_fen_fd_cnt=0 flags=16 fd=16 dpy=0 numHwLayers=4
E/qdhwcomposer( 201): hwc_sync: ioctl MSMFB_BUFFER_SYNC failed, err=Invalid argument
E/qdhwcomposer( 201): hwc_sync: acq_fen_fd_cnt=0 flags=16 fd=16 dpy=0 numHwLayers=4
I/Choreographer( 857): Skipped 38 frames! The application may be doing too much work on its main thread.
D/dalvikvm( 950): GC_CONCURRENT freed 2K, 3% free 13325K/13688K, paused 8ms+4ms, total 157ms
E/qdhwcomposer( 201): hwc_sync: ioctl MSMFB_BUFFER_SYNC failed, err=Invalid argument
E/qdhwcomposer( 201): hwc_sync: acq_fen_fd_cnt=0 flags=16 fd=16 dpy=0 numHwLayers=4
E/qdhwcomposer( 201): hwc_sync: ioctl MSMFB_BUFFER_SYNC failed, err=Invalid argument
E/qdhwcomposer( 201): hwc_sync: acq_fen_fd_cnt=0 flags=16 fd=16 dpy=0 numHwLayers=4
E/MediaFocusControl( 802): Error updating focussed RCC to RCD
E/MediaFocusControl( 802): java.util.EmptyStackException
E/MediaFocusControl( 802): at java.util.Stack.peek(Stack.java:57)
E/MediaFocusControl( 802): at android.media.MediaFocusControl.registerRemoteControlDisplay_int(MediaFocusControl.java:2259)
E/MediaFocusControl( 802): at android.media.MediaFocusControl.registerRemoteControlDisplay(MediaFocusControl.java:230)
E/MediaFocusControl( 802): at android.media.AudioService.registerRemoteControlDisplay(AudioService.java:4247)
E/MediaFocusControl( 802): at android.media.IAudioService$Stub.onTransact(IAudioService.java:593)
E/MediaFocusControl( 802): at android.os.Binder.execTransact(Binder.java:404)
E/MediaFocusControl( 802): at dalvik.system.NativeStart.run(Native Method)
W/Settings( 857): Setting airplane_mode_on has moved from android.provider.Settings.System to android.provider.Settings.Global, returning read-only value.
W/Settings( 857): Setting airplane_mode_on has moved from android.provider.Settings.System to android.provider.Settings.Global, returning read-only value.
I/ActivityManager( 802): Start proc com.jetty2m.hello for broadcast com.jetty2m.hello/com.jetty2m.receiver.BootCompletedReceiver: pid=1116 uid=1000 gids={41000, 1028, 1015, 3002, 3001, 3003, 1023}
E/qdhwcomposer( 201): hwc_sync: ioctl MSMFB_BUFFER_SYNC failed, err=Invalid argument
E/qdhwcomposer( 201): hwc_sync: acq_fen_fd_cnt=0 flags=16 fd=16 dpy=0 numHwLayers=4
E/qdhwcomposer( 201): hwc_sync: ioctl MSMFB_BUFFER_SYNC failed, err=Invalid argument
E/qdhwcomposer( 201): hwc_sync: acq_fen_fd_cnt=0 flags=16 fd=16 dpy=0 numHwLayers=4
W/Launcher.Workspace( 950): Failed to add to item at (2,4) to CellLayout
I/Choreographer( 950): Skipped 54 frames! The application may be doing too much work on its main thread.
W/View ( 857): requestLayout() improperly called by android.widget.TextClock{425e6978 V.ED.... ......ID 27,0-545,181 #7f0a0049 app:id/clock_view} during layout: running second layout pass
W/View ( 857): requestLayout() improperly called by android.widget.TextClock{425eeb08 V.ED.... ......ID 217,0-355,38 #7f0a004e app:id/date_view} during layout: running second layout pass
E/qdhwcomposer( 201): hwc_sync: ioctl MSMFB_BUFFER_SYNC failed, err=Invalid argument
E/qdhwcomposer( 201): hwc_sync: acq_fen_fd_cnt=0 flags=16 fd=16 dpy=0 numHwLayers=4
D/ActivityThread( 1116): handleBindApplication:com.jetty2m.hello
D/ActivityThread( 1116): setTargetHeapUtilization:0.75
D/ActivityThread( 1116): setTargetHeapMinFree:524288
E/qdhwcomposer( 201): hwc_sync: ioctl MSMFB_BUFFER_SYNC failed, err=Invalid argument
E/qdhwcomposer( 201): hwc_sync: acq_fen_fd_cnt=0 flags=16 fd=16 dpy=0 numHwLayers=4
E/qdhwcomposer( 201): hwc_sync: ioctl MSMFB_BUFFER_SYNC failed, err=Invalid argument
E/qdhwcomposer( 201): hwc_sync: acq_fen_fd_cnt=0 flags=16 fd=16 dpy=0 numHwLayers=4
D/PhoneStatusBar( 857): disable: < expand icons alerts ticker system_info BACK HOME RECENT CLOCK* SEARCH > E/qdhwcomposer( 201): hwc_sync: ioctl MSMFB_BUFFER_SYNC failed, err=Invalid argument
E/qdhwcomposer( 201): hwc_sync: acq_fen_fd_cnt=0 flags=16 fd=16 dpy=0 numHwLayers=4
E/qdhwcomposer( 201): hwc_sync: ioctl MSMFB_BUFFER_SYNC failed, err=Invalid argument
E/qdhwcomposer( 201): hwc_sync: acq_fen_fd_cnt=0 flags=16 fd=16 dpy=0 numHwLayers=4
E/qdhwcomposer( 201): hwc_sync: ioctl MSMFB_BUFFER_SYNC failed, err=Invalid argument
E/qdhwcomposer( 201): hwc_sync: acq_fen_fd_cnt=0 flags=16 fd=16 dpy=0 numHwLayers=4
E/qdhwcomposer( 201): hwc_sync: ioctl MSMFB_BUFFER_SYNC failed, err=Invalid argument
E/qdhwcomposer( 201): hwc_sync: acq_fen_fd_cnt=0 flags=16 fd=16 dpy=0 numHwLayers=4
D/BootCompletedReceiver( 1116): received BOOT_ACTION, start MIFI service
W/ContextImpl( 1116): Calling a method in the system process without a qualified user: android.app.ContextImpl.startService:1495 android.content.ContextWrapper.startService:494 android.content.ContextWrapper.startService:494 com.jetty2m.receiver.BootCompletedReceiver.onReceive:22 android.app.ActivityThread.handleReceiver:2410
E/qdhwcomposer( 201): hwc_sync: ioctl MSMFB_BUFFER_SYNC failed, err=Invalid argument
E/qdhwcomposer( 201): hwc_sync: acq_fen_fd_cnt=0 flags=16 fd=16 dpy=0 numHwLayers=4
D/dalvikvm( 802): GC_CONCURRENT freed 324K, 9% free 5147K/5612K, paused 11ms+17ms, total 140ms
E/qdhwcomposer( 201): hwc_sync: ioctl MSMFB_BUFFER_SYNC failed, err=Invalid argument
E/qdhwcomposer( 201): hwc_sync: acq_fen_fd_cnt=0 flags=16 fd=16 dpy=0 numHwLayers=4
D/BluetoothManagerService( 802): Retrieving Bluetooth Adapter name and address...
D/BluetoothManagerService( 802): getNameAndAddress(): mBluetooth = null mBinding = false
D/BluetoothManagerService( 802): Message: 200
D/BluetoothManagerService( 802): MESSAGE_GET_NAME_AND_ADDRESS
D/BluetoothManagerService( 802): Binding to service to get name and address
E/BluetoothManagerService( 802): Fail to bind to: Intent { act=android.bluetooth.IBluetooth }
E/BluetoothHeadset( 802): Could not bind to Bluetooth Headset Service with Intent { act=android.bluetooth.IBluetoothHeadset }
E/BluetoothA2dp( 802): Could not bind to Bluetooth A2DP Service with Intent { act=android.bluetooth.IBluetoothA2dp }
E/WiredAccessoryManager( 802): No state change.
D/BluetoothManagerService( 802): Message: 30
D/BluetoothManagerService( 802): Message: 30
V/WiredAccessoryManager( 802): notifyWiredAccessoryChanged: when=0 bits= mask=14
V/WiredAccessoryManager( 802): newName=h2w newState=0 headsetState=0 prev headsetState=0
V/WiredAccessoryManager( 802): init()
I/PowerManagerService( 802): Boot animation finished.
I/ExtendedUtils( 204): AV Sync late margin : Intended=40ms Using=0ms
D/Utils ( 204): printFileName fd(20) -> /system/media/audio/ui/Effect_Tick.ogg
D/ExtendedUtils( 204): Try creating ExtendedExtractor
D/ExtendedUtils( 204): default extractor is NULL, return extended extractor
E/MM_OSAL ( 204): FileSource::FileSource
E/MM_OSAL ( 204): FileSource::FileSource m_bEveryThingOK 1
E/MM_OSAL ( 204): MM_File_Create failed .Efs Error No -1 , File Name /data/mmosal_logmask.cfg , Mode 0
D/BluetoothAdapter( 1062): 1105465440: getState() : mService = null. Returning STATE_OFF
D/OMXCodec( 204): Successfully allocated OMX node 'OMX.google.vorbis.decoder'
I/AwesomePlayer( 204): Could not offload audio decode, try pcm offload
I/RecoverySystem( 802): No recovery log file
