I/PPPOEService( 802): NetdCallbackReceiver onEvent 600600 Iface linkstate wlan0 up
I/PPPOEService( 802): NetdCallbackReceiver onEvent 600600 Iface linkstate rndis0 up
I/PPPOEService( 802): NetdCallbackReceiver onEvent 600600 Iface removed bridge0
E/qdhwcomposer( 201): hwc_sync: ioctl MSMFB_BUFFER_SYNC failed, err=Invalid argument
E/qdhwcomposer( 201): hwc_sync: acq_fen_fd_cnt=0 flags=16 fd=16 dpy=0 numHwLayers=4
E/qdhwcomposer( 201): hwc_sync: ioctl MSMFB_BUFFER_SYNC failed, err=Invalid argument
E/qdhwcomposer( 201): hwc_sync: acq_fen_fd_cnt=0 flags=16 fd=16 dpy=0 numHwLayers=4
E/qdhwcomposer( 201): hwc_sync: ioctl MSMFB_BUFFER_SYNC failed, err=Invalid argument
E/qdhwcomposer( 201): hwc_sync: acq_fen_fd_cnt=0 flags=16 fd=16 dpy=0 numHwLayers=4
E/qdhwcomposer( 201): hwc_sync: ioctl MSMFB_BUFFER_SYNC failed, err=Invalid argument
E/qdhwcomposer( 201): hwc_sync: acq_fen_fd_cnt=0 flags=16 fd=16 dpy=0 numHwLayers=4
E/qdhwcomposer( 201): hwc_sync: ioctl MSMFB_BUFFER_SYNC failed, err=Invalid argument
E/qdhwcomposer( 201): hwc_sync: acq_fen_fd_cnt=0 flags=16 fd=16 dpy=0 numHwLayers=4
E/qdhwcomposer( 201): hwc_sync: ioctl MSMFB_BUFFER_SYNC failed, err=Invalid argument
E/qdhwcomposer( 201): hwc_sync: acq_fen_fd_cnt=0 flags=16 fd=16 dpy=0 numHwLayers=4
E/qdhwcomposer( 201): hwc_sync: ioctl MSMFB_BUFFER_SYNC failed, err=Invalid argument
E/qdhwcomposer( 201): hwc_sync: acq_fen_fd_cnt=0 flags=16 fd=16 dpy=0 numHwLayers=4
E/qdhwcomposer( 201): hwc_sync: ioctl MSMFB_BUFFER_SYNC failed, err=Invalid argument
E/qdhwcomposer( 201): hwc_sync: acq_fen_fd_cnt=0 flags=16 fd=16 dpy=0 numHwLayers=4
E/qdhwcomposer( 201): hwc_sync: ioctl MSMFB_BUFFER_SYNC failed, err=Invalid argument
E/qdhwcomposer( 201): hwc_sync: acq_fen_fd_cnt=0 flags=16 fd=16 dpy=0 numHwLayers=4
E/qdhwcomposer( 201): hwc_sync: ioctl MSMFB_BUFFER_SYNC failed, err=Invalid argument
E/qdhwcomposer( 201): hwc_sync: acq_fen_fd_cnt=0 flags=16 fd=16 dpy=0 numHwLayers=4
E/qdhwcomposer( 201): hwc_sync: ioctl MSMFB_BUFFER_SYNC failed, err=Invalid argument
E/qdhwcomposer( 201): hwc_sync: acq_fen_fd_cnt=0 flags=16 fd=16 dpy=0 numHwLayers=4
E/qdhwcomposer( 201): hwc_sync: ioctl MSMFB_BUFFER_SYNC failed, err=Invalid argument
E/qdhwcomposer( 201): hwc_sync: acq_fen_fd_cnt=0 flags=16 fd=16 dpy=0 numHwLayers=4
E/qdhwcomposer( 201): hwc_sync: ioctl MSMFB_BUFFER_SYNC failed, err=Invalid argument
E/qdhwcomposer( 201): hwc_sync: acq_fen_fd_cnt=0 flags=16 fd=16 dpy=0 numHwLayers=4
E/qdhwcomposer( 201): hwc_sync: ioctl MSMFB_BUFFER_SYNC failed, err=Invalid argument
E/qdhwcomposer( 201): hwc_sync: acq_fen_fd_cnt=0 flags=16 fd=16 dpy=0 numHwLayers=4
E/qdhwcomposer( 201): hwc_sync: ioctl MSMFB_BUFFER_SYNC failed, err=Invalid argument
E/qdhwcomposer( 201): hwc_sync: acq_fen_fd_cnt=0 flags=16 fd=16 dpy=0 numHwLayers=4
E/qdhwcomposer( 201): hwc_sync: ioctl MSMFB_BUFFER_SYNC failed, err=Invalid argument
E/qdhwcomposer( 201): hwc_sync: acq_fen_fd_cnt=0 flags=16 fd=16 dpy=0 numHwLayers=4
E/qdhwcomposer( 201): hwc_sync: ioctl MSMFB_BUFFER_SYNC failed, err=Invalid argument
E/qdhwcomposer( 201): hwc_sync: acq_fen_fd_cnt=0 flags=16 fd=16 dpy=0 numHwLayers=4
E/qdhwcomposer( 201): hwc_sync: ioctl MSMFB_BUFFER_SYNC failed, err=Invalid argument
E/qdhwcomposer( 201): hwc_sync: acq_fen_fd_cnt=0 flags=16 fd=16 dpy=0 numHwLayers=4
I/PPPOEService( 802): NetdCallbackReceiver onEvent 614614 Address updated fe80::20a:f5ff:fe88:86a0/64 wlan0 128 253
E/qdhwcomposer( 201): hwc_sync: ioctl MSMFB_BUFFER_SYNC failed, err=Invalid argument
E/qdhwcomposer( 201): hwc_sync: acq_fen_fd_cnt=0 flags=16 fd=16 dpy=0 numHwLayers=4
E/qdhwcomposer( 201): hwc_sync: ioctl MSMFB_BUFFER_SYNC failed, err=Invalid argument
E/qdhwcomposer( 201): hwc_sync: acq_fen_fd_cnt=0 flags=16 fd=16 dpy=0 numHwLayers=4
D/CIGO_LCD( 1136): imsi=262075210701449
D/CIGO_LCD( 1136): setDeviceInfoComm: category=15; value=3
E/qdhwcomposer( 201): hwc_sync: ioctl MSMFB_BUFFER_SYNC failed, err=Invalid argument
E/qdhwcomposer( 201): hwc_sync: acq_fen_fd_cnt=0 flags=16 fd=16 dpy=0 numHwLayers=4
E/qdhwcomposer( 201): hwc_sync: ioctl MSMFB_BUFFER_SYNC failed, err=Invalid argument
E/qdhwcomposer( 201): hwc_sync: acq_fen_fd_cnt=0 flags=16 fd=16 dpy=0 numHwLayers=4
D/Tethering( 802): Exception adding default nw to upstreamIfaceTypes: java.lang.NullPointerException
E/qdhwcomposer( 201): hwc_sync: ioctl MSMFB_BUFFER_SYNC failed, err=Invalid argument
E/qdhwcomposer( 201): hwc_sync: acq_fen_fd_cnt=0 flags=16 fd=16 dpy=0 numHwLayers=4
E/qdhwcomposer( 201): hwc_sync: ioctl MSMFB_BUFFER_SYNC failed, err=Invalid argument
E/qdhwcomposer( 201): hwc_sync: acq_fen_fd_cnt=0 flags=16 fd=16 dpy=0 numHwLayers=4
E/qdhwcomposer( 201): hwc_sync: ioctl MSMFB_BUFFER_SYNC failed, err=Invalid argument
E/qdhwcomposer( 201): hwc_sync: acq_fen_fd_cnt=0 flags=16 fd=16 dpy=0 numHwLayers=4
E/qdhwcomposer( 201): hwc_sync: ioctl MSMFB_BUFFER_SYNC failed, err=Invalid argument
E/qdhwcomposer( 201): hwc_sync: acq_fen_fd_cnt=0 flags=16 fd=16 dpy=0 numHwLayers=4
E/qdhwcomposer( 201): hwc_sync: ioctl MSMFB_BUFFER_SYNC failed, err=Invalid argument
E/qdhwcomposer( 201): hwc_sync: acq_fen_fd_cnt=0 flags=16 fd=16 dpy=0 numHwLayers=4
E/qdhwcomposer( 201): hwc_sync: ioctl MSMFB_BUFFER_SYNC failed, err=Invalid argument
E/qdhwcomposer( 201): hwc_sync: acq_fen_fd_cnt=0 flags=16 fd=16 dpy=0 numHwLayers=4
D/VM_BMS ( 372): wake_lock acquired
D/VM_BMS ( 372): New BMS data - Size=56
D/VM_BMS ( 372): Start process_bms_data
D/VM_BMS ( 372): For batt_temp=258 fcc_mah=2232
D/VM_BMS ( 372): For ocv=3561959 batt_temp=258 soc=5
D/VM_BMS ( 372): fifo_count=2 acc_count=0
D/VM_BMS ( 372): INIT: ocv=3561959 last_ocv=3561959 batt_temp=258 soc=5
D/VM_BMS ( 372): For soc=5 batt_temp=258 slope=44000
D/VM_BMS ( 372): For soc=5 batt_temp=258 rbatt_sf=122
D/VM_BMS ( 372): rbatt_mohm_default=163, rbatt_mohm=198, sf=122 batt_temp=258
D/VM_BMS ( 372): For ocv=3561947 batt_temp=258 soc=5
D/VM_BMS ( 372): FIFO=0 fifo_avg=3.561501 rbatt=0.198000 slope=4.400000 ibatt=0.002285 ocv=3.561948 soc=5 fcc_ah=2.232000 sample_count=128 sample_interval=70 seq_num=2
D/VM_BMS ( 372): For soc=5 batt_temp=258 slope=44000
D/VM_BMS ( 372): For soc=5 batt_temp=258 rbatt_sf=122
D/VM_BMS ( 372): rbatt_mohm_default=163, rbatt_mohm=198, sf=122 batt_temp=258
D/VM_BMS ( 372): For ocv=3561929 batt_temp=258 soc=5
D/VM_BMS ( 372): FIFO=1 fifo_avg=3.561204 rbatt=0.198000 slope=4.400000 ibatt=0.003707 ocv=3.561929 soc=5 fcc_ah=2.232000 sample_count=128 sample_interval=70 seq_num=2
I/VM_BMS ( 372): power_supply_update: ocv_uv=3561929 ibatt=3707 soc=5 seq_num=2
D/VM_BMS ( 372): End process_bms_data
D/VM_BMS ( 372): wake_lock released
D/CIGO_LCD( 1136): imsi=262075210701449
D/CIGO_LCD( 1136): setDeviceInfoComm: category=15; value=3
D/Tethering( 802): Exception adding default nw to upstreamIfaceTypes: java.lang.NullPointerException
E/qdhwcomposer( 201): hwc_sync: ioctl MSMFB_BUFFER_SYNC failed, err=Invalid argument
E/qdhwcomposer( 201): hwc_sync: acq_fen_fd_cnt=1 flags=16 fd=16 dpy=0 numHwLayers=4
D/QC-time-services( 200): Lib:time_genoff_operation: pargs->base = 13
D/QC-time-services( 200): Lib:time_genoff_operation: pargs->operation = 0
D/QC-time-services( 200): Lib:time_genoff_operation: pargs->ts_val = 1657132666000
D/QC-time-services( 242): Daemon: Connection accepted:time_genoff
D/QC-time-services( 200): Lib:time_genoff_operation: Send to server passed!!
D/QC-time-services( 242): Daemon:Received base = 13, unit = 1, operation = 0,value = 1657132666000
D/QC-time-services( 242): Daemon:genoff_opr: Base = 13, val = 1657132666000, operation = 0
D/QC-time-services( 242): Daemon:rtc_get: Time read from RTC -- MM/DD/YY HH:MM:SS0/1/70 1:1:3
D/QC-time-services( 242): Daemon:Value read from RTC seconds = 3663000
D/QC-time-services( 242): Daemon:new time 1657132666000
D/QC-time-services( 242): Daemon: delta 1657129003000 genoff 1657129003000
D/QC-time-services( 242): Daemon:genoff_persistent_update: Writing genoff = 1657129003000 to memory
D/QC-time-services( 242): Daemon:Opening File: /data/time/ats_13
D/QC-time-services( 242): Daemon:time_persistent_memory_opr:Genoff write operation
D/CIGO_LCD( 1136): imsi=262075210701449
D/CIGO_LCD( 1136): setDeviceInfoComm: category=15; value=3
D/TelephonyIcons( 857): updateDataType sub=0, type=0, inetCondition=0 showAtLeast3G=false show4GforLte=true hspaDistinguishable=false
D/TelephonyIcons( 857): data type item name: array/telephony_data_type_sim1
D/TelephonyIcons( 857): data type item id: 2131099655
D/TelephonyIcons( 857): updateDataType mSelectedDataTypeIcon[0]=0, mSelectedDataActivityIndex=0
D/TelephonyIcons( 857): null signal icon name: drawable/stat_sys_signal_null
D/StatusBar.NetworkController( 857): refreshViews: Data not connected!! Set no data type icon / Roaming
D/Tethering( 802): Exception adding default nw to upstreamIfaceTypes: java.lang.NullPointerException
E/QC-time-services( 200): Receive Passed == base = 13, unit = 1, operation = 0, result = 0
E/QC-time-services( 242): Daemon: Time-services: Waiting to acceptconnection
D/ ( 937): Setting time of day to sec=1657132666
W/ ( 937): Unable to set rtc to 1657132666: Invalid argument
D/CIGO_LCD( 1136): setDeviceInfoComm: category=11; value=9
D/MccTable( 937): updateMccMncConfiguration: mcc=262, mnc=3
D/MccTable( 937): getLocaleFromMcc to de_de mcc=262
D/MccTable( 937): getLocaleForLanguageCountry: skipping already persisted
D/MccTable( 937): getLocaleForLanguageCountry: X locale=null
D/MccTable( 937): WIFI_COUNTRY_CODE set to de
I/WifiService( 802): WifiService trying to set country code to de with persist set to true
D/AlarmManagerService( 802): Kernel timezone updated to -120 minutes west of GMT
E/qdhwcomposer( 201): hwc_sync: ioctl MSMFB_BUFFER_SYNC failed, err=Invalid argument
E/qdhwcomposer( 201): hwc_sync: acq_fen_fd_cnt=0 flags=16 fd=16 dpy=0 numHwLayers=4
D/NotificationMgr( 937): updateNetworkSelection()...state = 1 new network
D/TelephonyIcons( 857): updateDataType sub=0, type=0, inetCondition=0 showAtLeast3G=false show4GforLte=true hspaDistinguishable=false
D/TelephonyIcons( 857): data type item name: array/telephony_data_type_sim1
D/TelephonyIcons( 857): data type item id: 2131099655
D/TelephonyIcons( 857): updateDataType mSelectedDataTypeIcon[0]=0, mSelectedDataActivityIndex=0
D/TelephonyIcons( 857): null signal icon name: drawable/stat_sys_signal_null
D/StatusBar.NetworkController( 857): refreshViews: Data not connected!! Set no data type icon / Roaming
D/TelephonyIcons( 857): updateDataType sub=0, type=13, inetCondition=0 showAtLeast3G=false show4GforLte=true hspaDistinguishable=false
D/TelephonyIcons( 857): data type item name: array/telephony_data_type_sim1
D/TelephonyIcons( 857): data type item id: 2131099655
D/TelephonyIcons( 857): updateDataType mSelectedDataTypeIcon[0]=2130837682, mSelectedDataActivityIndex=5
D/TelephonyIcons( 857): getSignalStrengthIcon: sub=0, inetCondition=0, level=4 isRoaming=false
D/TelephonyIcons( 857): mSignalStrengthArray.length = 3
D/TelephonyIcons( 857): signalStrengthArray.length = 9
D/TelephonyIcons( 857): selectedTypeArray.length = 2
D/TelephonyIcons( 857): inetArray.length = 5
D/StatusBar.NetworkController( 857): refreshViews: Data not connected!! Set no data type icon / Roaming
D/KeyguardUpdateMonitor( 857): ACTION_SERVICE_STATE_CHANGED on sub: 0 showSpn:false showPlmn:true mServiceState: 1 0 home netzclub+ netzclub+ 26203 Unknown LTE CSS not supported -1 -1 RoamInd=-1 DefRoamInd=-1 EmergOnly=false
D/KeyguardUpdateMonitor( 857): Received SPN update on sub :0
D/StatusBar.NetworkController( 857): refreshViews: Data not connected!! Set no data type icon / Roaming
D/KeyguardUpdateMonitor( 857): dataRegState = 0 voiceRegState = 1 sub = 0
D/KeyguardUpdateMonitor( 857): dataRegState = 0 voiceRegState = 1 sub = 0
E/qdhwcomposer( 201): hwc_sync: ioctl MSMFB_BUFFER_SYNC failed, err=Invalid argument
E/qdhwcomposer( 201): hwc_sync: acq_fen_fd_cnt=0 flags=16 fd=16 dpy=0 numHwLayers=4
D/TelephonyProvider( 937): Column apn id key is 'apn_id'
D/dalvikvm( 937): GC_CONCURRENT freed 335K, 12% free 3630K/4088K, paused 4ms+25ms, total 84ms
D/TelephonyIcons( 857): updateDataType sub=0, type=13, inetCondition=0 showAtLeast3G=false show4GforLte=true hspaDistinguishable=false
D/TelephonyIcons( 857): data type item name: array/telephony_data_type_sim1
D/TelephonyIcons( 857): data type item id: 2131099655
E/QC-QMI ( 200): qmi_wds_read_query_profile_tlvs: ignoring unknown TLV type=3f
E/QC-QMI ( 200): qmi_wds_read_query_profile_tlvs: ignoring unknown TLV type=3e
E/QC-QMI ( 200): qmi_wds_read_query_profile_tlvs: ignoring unknown TLV type=3d
E/QC-QMI ( 200): qmi_wds_read_query_profile_tlvs: ignoring unknown TLV type=3c
E/QC-QMI ( 200): qmi_wds_read_query_profile_tlvs: ignoring unknown TLV type=3b
E/QC-QMI ( 200): qmi_wds_read_query_profile_tlvs: ignoring unknown TLV type=3a
E/QC-QMI ( 200): qmi_wds_get_profile_list: profile technology sent 0
E/QC-QMI ( 200): qmi_wds_read_query_profile_tlvs: ignoring unknown TLV type=3f
E/QC-QMI ( 200): qmi_wds_read_query_profile_tlvs: ignoring unknown TLV type=3e
E/QC-QMI ( 200): qmi_wds_read_query_profile_tlvs: ignoring unknown TLV type=3d
E/QC-QMI ( 200): qmi_wds_read_query_profile_tlvs: ignoring unknown TLV type=3c
E/QC-QMI ( 200): qmi_wds_read_query_profile_tlvs: ignoring unknown TLV type=3b
E/QC-QMI ( 200): qmi_wds_read_query_profile_tlvs: ignoring unknown TLV type=3a
E/QC-QMI ( 200): qmi_wds_read_query_profile_tlvs: ignoring unknown TLV type=3f
E/QC-QMI ( 200): qmi_wds_read_query_profile_tlvs: ignoring unknown TLV type=3e
E/QC-QMI ( 200): qmi_wds_read_query_profile_tlvs: ignoring unknown TLV type=3d
E/QC-QMI ( 200): qmi_wds_read_query_profile_tlvs: ignoring unknown TLV type=3c
E/QC-QMI ( 200): qmi_wds_read_query_profile_tlvs: ignoring unknown TLV type=3b
E/QC-QMI ( 200): qmi_wds_read_query_profile_tlvs: ignoring unknown TLV type=3a
D/TelephonyIcons( 857): updateDataType mSelectedDataTypeIcon[0]=2130837682, mSelectedDataActivityIndex=5
D/StatusBar.NetworkController( 857): refreshViews: Data not connected!! Set no data type icon / Roaming
D/MobileDataStateTracker( 802): fota: Broadcast received: android.intent.action.ANY_DATA_STATE apnType=fota
D/MobileDataStateTracker( 802): dun: Broadcast received: android.intent.action.ANY_DATA_STATE apnType=dun
D/MobileDataStateTracker( 802): supl: Broadcast received: android.intent.action.ANY_DATA_STATE apnType=supl
D/MobileDataStateTracker( 802): hipri: Broadcast received: android.intent.action.ANY_DATA_STATE apnType=hipri
D/MobileDataStateTracker( 802): ims: Broadcast received: android.intent.action.ANY_DATA_STATE apnType=ims
D/MobileDataStateTracker( 802): default: Broadcast received: android.intent.action.ANY_DATA_STATE apnType=default
D/MobileDataStateTracker( 802): mms: Broadcast received: android.intent.action.ANY_DATA_STATE apnType=mms
D/MobileDataStateTracker( 802): cbs: Broadcast received: android.intent.action.ANY_DATA_STATE apnType=cbs
D/MobileDataStateTracker( 802): fota: Broadcast received: android.intent.action.ANY_DATA_STATE apnType=fota
D/MobileDataStateTracker( 802): dun: Broadcast received: android.intent.action.ANY_DATA_STATE apnType=dun
D/MobileDataStateTracker( 802): supl: Broadcast received: android.intent.action.ANY_DATA_STATE apnType=supl
D/MobileDataStateTracker( 802): hipri: Broadcast received: android.intent.action.ANY_DATA_STATE apnType=hipri
D/MobileDataStateTracker( 802): ims: Broadcast received: android.intent.action.ANY_DATA_STATE apnType=ims
D/MobileDataStateTracker( 802): mms: Broadcast received: android.intent.action.ANY_DATA_STATE apnType=mms
D/MobileDataStateTracker( 802): cbs: Broadcast received: android.intent.action.ANY_DATA_STATE apnType=cbs
D/MobileDataStateTracker( 802): fota: Broadcast received: android.intent.action.ANY_DATA_STATE apnType=fota
D/MobileDataStateTracker( 802): dun: Broadcast received: android.intent.action.ANY_DATA_STATE apnType=dun
D/MobileDataStateTracker( 802): supl: Broadcast received: android.intent.action.ANY_DATA_STATE apnType=supl
D/MobileDataStateTracker( 802): hipri: Broadcast received: android.intent.action.ANY_DATA_STATE apnType=hipri
D/MobileDataStateTracker( 802): ims: Broadcast received: android.intent.action.ANY_DATA_STATE apnType=ims
D/MobileDataStateTracker( 802): mms: Broadcast received: android.intent.action.ANY_DATA_STATE apnType=mms
D/MobileDataStateTracker( 802): cbs: Broadcast received: android.intent.action.ANY_DATA_STATE apnType=cbs
E/QC-QMI ( 200): qmi_wds_get_profile_list: profile technology sent 0
E/QC-QMI ( 200): qmi_wds_read_query_profile_tlvs: ignoring unknown TLV type=3f
E/QC-QMI ( 200): qmi_wds_read_query_profile_tlvs: ignoring unknown TLV type=3e
E/QC-QMI ( 200): qmi_wds_read_query_profile_tlvs: ignoring unknown TLV type=3d
E/QC-QMI ( 200): qmi_wds_read_query_profile_tlvs: ignoring unknown TLV type=3c
E/QC-QMI ( 200): qmi_wds_read_query_profile_tlvs: ignoring unknown TLV type=3b
E/QC-QMI ( 200): qmi_wds_read_query_profile_tlvs: ignoring unknown TLV type=3a
E/QC-QMI ( 200): qmi_wds_get_profile_list: profile technology sent 1
E/QC-QMI ( 200): qmi_wds_route_look_up: unknown response TLV type = 11
D/MobileDataStateTracker( 802): default: Broadcast received: android.intent.action.ANY_DATA_STATE apnType=default
D/MobileDataStateTracker( 802): default: setDetailed state, old =IDLE and new state=CONNECTING
I/PPPOEService( 802): NetdCallbackReceiver onEvent 600600 Iface linkstate rmnet_data0 up
I/PPPOEService( 802): NetdCallbackReceiver onEvent 614614 Address updated 10.160.160.179/8 rmnet_data0 128 0
I/PPPOEService( 802): NetdCallbackReceiver onEvent 614614 Address removed 10.160.160.179/8 rmnet_data0 128 0
I/PPPOEService( 802): NetdCallbackReceiver onEvent 614614 Address updated 10.160.160.179/29 rmnet_data0 128 0
D/MobileDataStateTracker( 802): fota: Broadcast received: android.intent.action.ANY_DATA_STATE apnType=fota
D/MobileDataStateTracker( 802): dun: Broadcast received: android.intent.action.ANY_DATA_STATE apnType=dun
D/MobileDataStateTracker( 802): supl: Broadcast received: android.intent.action.ANY_DATA_STATE apnType=supl
D/MobileDataStateTracker( 802): hipri: Broadcast received: android.intent.action.ANY_DATA_STATE apnType=hipri
D/MobileDataStateTracker( 802): ims: Broadcast received: android.intent.action.ANY_DATA_STATE apnType=ims
D/MobileDataStateTracker( 802): mms: Broadcast received: android.intent.action.ANY_DATA_STATE apnType=mms
D/MobileDataStateTracker( 802): cbs: Broadcast received: android.intent.action.ANY_DATA_STATE apnType=cbs
D/CIGO_LCD( 1136): setDeviceInfoComm: category=11; value=4
I/PPPOEService( 802): NetdCallbackReceiver onEvent 614614 Address updated fe80::44e7:d637:20a0:5bd0/64 rmnet_data0 128 253
D/TelephonyProvider( 937): Column apn id key is 'apn_id'
E/QC-QMI ( 200): qmi_wds_read_query_profile_tlvs: ignoring unknown TLV type=3f
E/QC-QMI ( 200): qmi_wds_read_query_profile_tlvs: ignoring unknown TLV type=3e
E/QC-QMI ( 200): qmi_wds_read_query_profile_tlvs: ignoring unknown TLV type=3d
E/QC-QMI ( 200): qmi_wds_read_query_profile_tlvs: ignoring unknown TLV type=3c
E/QC-QMI ( 200): qmi_wds_read_query_profile_tlvs: ignoring unknown TLV type=3b
E/QC-QMI ( 200): qmi_wds_read_query_profile_tlvs: ignoring unknown TLV type=3a
E/QC-QMI ( 200): qmi_wds_get_profile_list: profile technology sent 0
E/QC-QMI ( 200): qmi_wds_read_query_profile_tlvs: ignoring unknown TLV type=3f
E/QC-QMI ( 200): qmi_wds_read_query_profile_tlvs: ignoring unknown TLV type=3e
E/QC-QMI ( 200): qmi_wds_read_query_profile_tlvs: ignoring unknown TLV type=3d
E/QC-QMI ( 200): qmi_wds_read_query_profile_tlvs: ignoring unknown TLV type=3c
E/QC-QMI ( 200): qmi_wds_read_query_profile_tlvs: ignoring unknown TLV type=3b
E/QC-QMI ( 200): qmi_wds_read_query_profile_tlvs: ignoring unknown TLV type=3a
E/QC-QMI ( 200): qmi_wds_read_query_profile_tlvs: ignoring unknown TLV type=3f
E/QC-QMI ( 200): qmi_wds_read_query_profile_tlvs: ignoring unknown TLV type=3e
E/QC-QMI ( 200): qmi_wds_read_query_profile_tlvs: ignoring unknown TLV type=3d
E/QC-QMI ( 200): qmi_wds_read_query_profile_tlvs: ignoring unknown TLV type=3c
E/QC-QMI ( 200): qmi_wds_read_query_profile_tlvs: ignoring unknown TLV type=3b
E/QC-QMI ( 200): qmi_wds_read_query_profile_tlvs: ignoring unknown TLV type=3a
D/MobileDataStateTracker( 802): fota: Broadcast received: android.intent.action.ANY_DATA_STATE apnType=fota
D/MobileDataStateTracker( 802): dun: Broadcast received: android.intent.action.ANY_DATA_STATE apnType=dun
D/MobileDataStateTracker( 802): supl: Broadcast received: android.intent.action.ANY_DATA_STATE apnType=supl
D/MobileDataStateTracker( 802): hipri: Broadcast received: android.intent.action.ANY_DATA_STATE apnType=hipri
D/MobileDataStateTracker( 802): ims: Broadcast received: android.intent.action.ANY_DATA_STATE apnType=ims
D/MobileDataStateTracker( 802): mms: Broadcast received: android.intent.action.ANY_DATA_STATE apnType=mms
D/MobileDataStateTracker( 802): cbs: Broadcast received: android.intent.action.ANY_DATA_STATE apnType=cbs
D/dalvikvm( 937): GC_CONCURRENT freed 498K, 15% free 3644K/4272K, paused 3ms+3ms, total 132ms
D/dalvikvm( 937): WAIT_FOR_CONCURRENT_GC blocked 26ms
D/PhoneApp( 937): mReceiver: ACTION_ANY_DATA_CONNECTION_STATE_CHANGED
D/PhoneApp( 937): - state: DISCONNECTED
D/PhoneApp( 937): - reason: nwTypeChanged
D/PhoneApp( 937): - subscription: 0
D/PhoneApp( 937): mReceiver: ACTION_ANY_DATA_CONNECTION_STATE_CHANGED
D/PhoneApp( 937): - state: DISCONNECTED
D/PhoneApp( 937): - reason: nwTypeChanged
D/PhoneApp( 937): - subscription: 0
D/PhoneApp( 937): mReceiver: ACTION_ANY_DATA_CONNECTION_STATE_CHANGED
D/PhoneApp( 937): - state: DISCONNECTED
D/PhoneApp( 937): - reason: nwTypeChanged
D/PhoneApp( 937): - subscription: 0
D/PhoneApp( 937): mReceiver: ACTION_ANY_DATA_CONNECTION_STATE_CHANGED
D/PhoneApp( 937): - state: DISCONNECTED
D/PhoneApp( 937): - reason: nwTypeChanged
D/PhoneApp( 937): - subscription: 0
D/PhoneApp( 937): mReceiver: ACTION_ANY_DATA_CONNECTION_STATE_CHANGED
D/PhoneApp( 937): - state: DISCONNECTED
D/PhoneApp( 937): - reason: nwTypeChanged
D/PhoneApp( 937): - subscription: 0
D/PhoneApp( 937): mReceiver: ACTION_ANY_DATA_CONNECTION_STATE_CHANGED
D/PhoneApp( 937): - state: DISCONNECTED
D/PhoneApp( 937): - reason: nwTypeChanged
D/PhoneApp( 937): - subscription: 0
D/PhoneApp( 937): mReceiver: ACTION_ANY_DATA_CONNECTION_STATE_CHANGED
D/PhoneApp( 937): - state: DISCONNECTED
D/PhoneApp( 937): - reason: nwTypeChanged
D/PhoneApp( 937): - subscription: 0
D/dalvikvm( 937): WAIT_FOR_CONCURRENT_GC blocked 26ms
D/PhoneApp( 937): mReceiver: ACTION_ANY_DATA_CONNECTION_STATE_CHANGED
D/PhoneApp( 937): - state: DISCONNECTED
D/PhoneApp( 937): - reason: nwTypeChanged
D/PhoneApp( 937): - subscription: 0
D/PhoneApp( 937): mReceiver: ACTION_ANY_DATA_CONNECTION_STATE_CHANGED
D/PhoneApp( 937): - state: DISCONNECTED
D/PhoneApp( 937): - reason: nwTypeChanged
D/PhoneApp( 937): - subscription: 0
D/PhoneApp( 937): mReceiver: ACTION_ANY_DATA_CONNECTION_STATE_CHANGED
D/PhoneApp( 937): - state: DISCONNECTED
D/PhoneApp( 937): - reason: nwTypeChanged
D/PhoneApp( 937): - subscription: 0
D/PhoneApp( 937): mReceiver: ACTION_ANY_DATA_CONNECTION_STATE_CHANGED
D/PhoneApp( 937): - state: DISCONNECTED
D/PhoneApp( 937): - reason: nwTypeChanged
D/PhoneApp( 937): - subscription: 0
D/PhoneApp( 937): mReceiver: ACTION_ANY_DATA_CONNECTION_STATE_CHANGED
D/PhoneApp( 937): - state: DISCONNECTED
D/PhoneApp( 937): - reason: nwTypeChanged
D/PhoneApp( 937): - subscription: 0
D/PhoneApp( 937): mReceiver: ACTION_ANY_DATA_CONNECTION_STATE_CHANGED
D/PhoneApp( 937): - state: DISCONNECTED
D/PhoneApp( 937): - reason: nwTypeChanged
D/PhoneApp( 937): - subscription: 0
D/PhoneApp( 937): mReceiver: ACTION_ANY_DATA_CONNECTION_STATE_CHANGED
D/PhoneApp( 937): - state: DISCONNECTED
D/PhoneApp( 937): - reason: nwTypeChanged
D/PhoneApp( 937): - subscription: 0
D/PhoneApp( 937): mReceiver: ACTION_ANY_DATA_CONNECTION_STATE_CHANGED
D/PhoneApp( 937): - state: DISCONNECTED
D/PhoneApp( 937): - reason: nwTypeChanged
D/PhoneApp( 937): - subscription: 0
D/PhoneApp( 937): mReceiver: ACTION_ANY_DATA_CONNECTION_STATE_CHANGED
D/PhoneApp( 937): - state: DISCONNECTED
D/PhoneApp( 937): - reason: dataAttached
D/PhoneApp( 937): - subscription: 0
D/PhoneApp( 937): mReceiver: ACTION_ANY_DATA_CONNECTION_STATE_CHANGED
D/PhoneApp( 937): - state: DISCONNECTED
D/PhoneApp( 937): - reason: dataAttached
D/PhoneApp( 937): - subscription: 0
D/PhoneApp( 937): mReceiver: ACTION_ANY_DATA_CONNECTION_STATE_CHANGED
D/PhoneApp( 937): - state: DISCONNECTED
D/PhoneApp( 937): - reason: dataAttached
D/PhoneApp( 937): - subscription: 0
D/PhoneApp( 937): mReceiver: ACTION_ANY_DATA_CONNECTION_STATE_CHANGED
D/PhoneApp( 937): - state: DISCONNECTED
D/PhoneApp( 937): - reason: dataAttached
D/PhoneApp( 937): - subscription: 0
D/PhoneApp( 937): mReceiver: ACTION_ANY_DATA_CONNECTION_STATE_CHANGED
D/PhoneApp( 937): - state: DISCONNECTED
D/PhoneApp( 937): - reason: dataAttached
D/PhoneApp( 937): - subscription: 0
D/PhoneApp( 937): mReceiver: ACTION_ANY_DATA_CONNECTION_STATE_CHANGED
D/PhoneApp( 937): - state: DISCONNECTED
D/PhoneApp( 937): - reason: dataAttached
D/PhoneApp( 937): - subscription: 0
D/PhoneApp( 937): mReceiver: ACTION_ANY_DATA_CONNECTION_STATE_CHANGED
D/PhoneApp( 937): - state: DISCONNECTED
D/PhoneApp( 937): - reason: dataAttached
D/PhoneApp( 937): - subscription: 0
D/PhoneApp( 937): mReceiver: ACTION_ANY_DATA_CONNECTION_STATE_CHANGED
D/PhoneApp( 937): - state: CONNECTING
D/PhoneApp( 937): - reason: dataAttached
D/PhoneApp( 937): - subscription: 0
D/PhoneApp( 937): mReceiver: ACTION_ANY_DATA_CONNECTION_STATE_CHANGED
D/PhoneApp( 937): - state: DISCONNECTED
D/PhoneApp( 937): - reason: dataAttached
D/PhoneApp( 937): - subscription: 0
D/PhoneApp( 937): mReceiver: ACTION_ANY_DATA_CONNECTION_STATE_CHANGED
D/PhoneApp( 937): - state: DISCONNECTED
D/PhoneApp( 937): - reason: dataAttached
D/PhoneApp( 937): - subscription: 0
D/PhoneApp( 937): mReceiver: ACTION_ANY_DATA_CONNECTION_STATE_CHANGED
D/PhoneApp( 937): - state: DISCONNECTED
D/PhoneApp( 937): - reason: dataAttached
D/PhoneApp( 937): - subscription: 0
D/PhoneApp( 937): mReceiver: ACTION_ANY_DATA_CONNECTION_STATE_CHANGED
D/PhoneApp( 937): - state: DISCONNECTED
D/PhoneApp( 937): - reason: dataAttached
D/PhoneApp( 937): - subscription: 0
D/PhoneApp( 937): mReceiver: ACTION_ANY_DATA_CONNECTION_STATE_CHANGED
D/PhoneApp( 937): - state: DISCONNECTED
D/PhoneApp( 937): - reason: dataAttached
D/PhoneApp( 937): - subscription: 0
D/PhoneApp( 937): mReceiver: ACTION_ANY_DATA_CONNECTION_STATE_CHANGED
D/PhoneApp( 937): - state: DISCONNECTED
D/PhoneApp( 937): - reason: dataAttached
D/PhoneApp( 937): - subscription: 0
D/PhoneApp( 937): mReceiver: ACTION_ANY_DATA_CONNECTION_STATE_CHANGED
D/PhoneApp( 937): - state: DISCONNECTED
D/PhoneApp( 937): - reason: dataAttached
D/PhoneApp( 937): - subscription: 0
D/PhoneApp( 937): mReceiver: ACTION_ANY_DATA_CONNECTION_STATE_CHANGED
D/PhoneApp( 937): - state: DISCONNECTED
D/PhoneApp( 937): - reason: simLoaded
D/PhoneApp( 937): - subscription: 0
D/PhoneApp( 937): mReceiver: ACTION_ANY_DATA_CONNECTION_STATE_CHANGED
D/PhoneApp( 937): - state: DISCONNECTED
D/PhoneApp( 937): - reason: simLoaded
D/PhoneApp( 937): - subscription: 0
D/PhoneApp( 937): mReceiver: ACTION_ANY_DATA_CONNECTION_STATE_CHANGED
D/PhoneApp( 937): - state: DISCONNECTED
D/PhoneApp( 937): - reason: simLoaded
D/PhoneApp( 937): - subscription: 0
D/PhoneApp( 937): mReceiver: ACTION_ANY_DATA_CONNECTION_STATE_CHANGED
D/PhoneApp( 937): - state: DISCONNECTED
D/PhoneApp( 937): - reason: simLoaded
D/PhoneApp( 937): - subscription: 0
D/PhoneApp( 937): mReceiver: ACTION_ANY_DATA_CONNECTION_STATE_CHANGED
D/PhoneApp( 937): - state: DISCONNECTED
D/PhoneApp( 937): - reason: simLoaded
D/PhoneApp( 937): - subscription: 0
D/TelephonyIcons( 857): updateDataType sub=0, type=13, inetCondition=0 showAtLeast3G=false show4GforLte=true hspaDistinguishable=false
D/TelephonyIcons( 857): data type item name: array/telephony_data_type_sim1
D/TelephonyIcons( 857): data type item id: 2131099655
D/TelephonyIcons( 857): updateDataType mSelectedDataTypeIcon[0]=2130837682, mSelectedDataActivityIndex=5
D/TelephonyIcons( 857): getDataActivity, sub=0, activity=0
D/MobileDataStateTracker( 802): default: Broadcast received: android.intent.action.ANY_DATA_STATE apnType=default
D/MobileDataStateTracker( 802): default: setDetailed state, old =CONNECTING and new state=CONNECTED
D/ConnectivityService( 802): ConnectivityChange for mobile: CONNECTED/CONNECTED
D/ConnectivityService( 802): ConnectivityChange checkMobileProvisioning for TYPE_MOBILE or ProvisioningNetwork
D/ConnectivityService( 802): checkMobileProvisioning: E suggestedTimeOutMs=60000
D/ConnectivityService( 802): setProvNotificationVisible: E visible=false networkType=5 extraInfo=null url=null
D/ConnectivityService( 802): checkMobileProvisioning: params={ url=http://clients3.google.com/generate_204 mTimeOutMs=60000 mCb=com.android.server.ConnectivityService$5@420826a0}
D/ConnectivityService( 802): checkMobileProvisioning: X
D/PhoneApp( 937): mReceiver: ACTION_ANY_DATA_CONNECTION_STATE_CHANGED
D/PhoneApp( 937): - state: DISCONNECTED
D/PhoneApp( 937): - reason: simLoaded
D/PhoneApp( 937): - subscription: 0
D/PhoneApp( 937): mReceiver: ACTION_ANY_DATA_CONNECTION_STATE_CHANGED
D/PhoneApp( 937): - state: DISCONNECTED
D/PhoneApp( 937): - reason: simLoaded
D/PhoneApp( 937): - subscription: 0
D/NotificationMgr( 937): hideDataDisconnectedRoaming()...
D/NotificationMgr( 937): hideDataDisconnectedRoaming()...
D/NotificationMgr( 937): hideDataDisconnectedRoaming()...
D/NotificationMgr( 937): hideDataDisconnectedRoaming()...
D/NotificationMgr( 937): hideDataDisconnectedRoaming()...
D/NotificationMgr( 937): hideDataDisconnectedRoaming()...
D/ConnectivityService( 802): Setting TCP values: [1] which comes from [net.tcp.usercfg.lte]
D/ConnectivityService( 802): Setting TCP values: [8] which comes from [net.tcp.delack.lte]
D/NotificationMgr( 937): hideDataDisconnectedRoaming()...
D/TelephonyIcons( 857): getDataActivity, sub=0, activity=0
D/NotificationMgr( 937): hideDataDisconnectedRoaming()...
D/NotificationMgr( 937): hideDataDisconnectedRoaming()...
D/NotificationMgr( 937): hideDataDisconnectedRoaming()...
D/NotificationMgr( 937): hideDataDisconnectedRoaming()...
D/CIGO_LCD( 1136): imsi=262075210701449
D/CIGO_LCD( 1136): setDeviceInfoComm: category=15; value=3
D/NotificationMgr( 937): hideDataDisconnectedRoaming()...
D/NotificationMgr( 937): hideDataDisconnectedRoaming()...
D/NotificationMgr( 937): hideDataDisconnectedRoaming()...
D/NotificationMgr( 937): hideDataDisconnectedRoaming()...
D/NotificationMgr( 937): hideDataDisconnectedRoaming()...
D/NotificationMgr( 937): hideDataDisconnectedRoaming()...
D/NotificationMgr( 937): hideDataDisconnectedRoaming()...
D/NotificationMgr( 937): hideDataDisconnectedRoaming()...
D/NotificationMgr( 937): hideDataDisconnectedRoaming()...
D/NotificationMgr( 937): hideDataDisconnectedRoaming()...
D/NotificationMgr( 937): hideDataDisconnectedRoaming()...
D/NotificationMgr( 937): hideDataDisconnectedRoaming()...
D/NotificationMgr( 937): hideDataDisconnectedRoaming()...
D/NotificationMgr( 937): hideDataDisconnectedRoaming()...
D/NotificationMgr( 937): hideDataDisconnectedRoaming()...
D/NotificationMgr( 937): hideDataDisconnectedRoaming()...
D/NotificationMgr( 937): hideDataDisconnectedRoaming()...
D/NotificationMgr( 937): hideDataDisconnectedRoaming()...
D/NotificationMgr( 937): hideDataDisconnectedRoaming()...
D/NotificationMgr( 937): hideDataDisconnectedRoaming()...
D/NotificationMgr( 937): hideDataDisconnectedRoaming()...
D/NotificationMgr( 937): hideDataDisconnectedRoaming()...
D/NotificationMgr( 937): hideDataDisconnectedRoaming()...
D/NotificationMgr( 937): hideDataDisconnectedRoaming()...
D/PhoneApp( 937): mReceiver: ACTION_ANY_DATA_CONNECTION_STATE_CHANGED
D/PhoneApp( 937): - state: CONNECTED
D/PhoneApp( 937): - reason: connected
D/PhoneApp( 937): - subscription: 0
D/NotificationMgr( 937): hideDataDisconnectedRoaming()...
D/NotificationMgr( 937): hideDataDisconnectedRoaming()...
D/dalvikvm( 802): GC_CONCURRENT freed 481K, 12% free 5272K/5932K, paused 19ms+6ms, total 168ms
D/NotificationMgr( 937): hideDataDisconnectedRoaming()...
D/Nat464Xlat( 802): requiresClat: netType=0, hasIPv4Address=true
E/qdhwcomposer( 201): hwc_sync: ioctl MSMFB_BUFFER_SYNC failed, err=Invalid argument
E/qdhwcomposer( 201): hwc_sync: acq_fen_fd_cnt=1 flags=16 fd=16 dpy=0 numHwLayers=4
E/qdhwcomposer( 201): hwc_sync: ioctl MSMFB_BUFFER_SYNC failed, err=Invalid argument
E/qdhwcomposer( 201): hwc_sync: acq_fen_fd_cnt=0 flags=16 fd=16 dpy=0 numHwLayers=4
E/qdhwcomposer( 201): hwc_sync: ioctl MSMFB_BUFFER_SYNC failed, err=Invalid argument
E/qdhwcomposer( 201): hwc_sync: acq_fen_fd_cnt=0 flags=16 fd=16 dpy=0 numHwLayers=4
D/MobileDataStateTracker( 802): default: setPolicyDataEnable(enabled=true)
E/qdhwcomposer( 201): hwc_sync: ioctl MSMFB_BUFFER_SYNC failed, err=Invalid argument
E/qdhwcomposer( 201): hwc_sync: acq_fen_fd_cnt=0 flags=16 fd=16 dpy=0 numHwLayers=4
E/qdhwcomposer( 201): hwc_sync: ioctl MSMFB_BUFFER_SYNC failed, err=Invalid argument
E/qdhwcomposer( 201): hwc_sync: acq_fen_fd_cnt=0 flags=16 fd=16 dpy=0 numHwLayers=4
V/WLAN_PSA( 210): NL MSG, len[048], NL type[0x11] WNI type[0x5050] len[028]
V/WLAN_PSA( 210): NL MSG, PID: 210
E/qdhwcomposer( 201): hwc_sync: ioctl MSMFB_BUFFER_SYNC failed, err=Invalid argument
E/qdhwcomposer( 201): hwc_sync: acq_fen_fd_cnt=0 flags=16 fd=16 dpy=0 numHwLayers=4
E/qdhwcomposer( 201): hwc_sync: ioctl MSMFB_BUFFER_SYNC failed, err=Invalid argument
E/qdhwcomposer( 201): hwc_sync: acq_fen_fd_cnt=0 flags=16 fd=16 dpy=0 numHwLayers=4
E/qdhwcomposer( 201): hwc_sync: ioctl MSMFB_BUFFER_SYNC failed, err=Invalid argument
E/qdhwcomposer( 201): hwc_sync: acq_fen_fd_cnt=0 flags=16 fd=16 dpy=0 numHwLayers=4
E/qdhwcomposer( 201): hwc_sync: ioctl MSMFB_BUFFER_SYNC failed, err=Invalid argument
E/qdhwcomposer( 201): hwc_sync: acq_fen_fd_cnt=0 flags=16 fd=16 dpy=0 numHwLayers=4
D/MobileDataStateTracker( 802): default: isProvisioningNetwork: retVal=false
D/ConnectivityService( 802): [CheckMp] isMobileOk: isDefaultProvisioning=false
D/CIGO_LCD( 1136): imsi=262075210701449
D/CIGO_LCD( 1136): setDeviceInfoComm: category=15; value=3
E/NetdConnector( 802): NDC Command {34 bandwidth setiquota rmnet_data0 9223372036854775807} took too long (501ms)
E/qdhwcomposer( 201): hwc_sync: ioctl MSMFB_BUFFER_SYNC failed, err=Invalid argument
E/qdhwcomposer( 201): hwc_sync: acq_fen_fd_cnt=0 flags=16 fd=16 dpy=0 numHwLayers=4
D/MobileDataStateTracker( 802): default: setPolicyDataEnable(enabled=true)
E/qdhwcomposer( 201): hwc_sync: ioctl MSMFB_BUFFER_SYNC failed, err=Invalid argument
E/qdhwcomposer( 201): hwc_sync: acq_fen_fd_cnt=0 flags=16 fd=16 dpy=0 numHwLayers=4
D/MobileDataStateTracker( 802): hipri: isProvisioningNetwork: retVal=false
D/ConnectivityService( 802): [CheckMp] isMobileOk: isHipriProvisioning=false
D/ConnectivityService( 802): [CheckMp] isMobileOk: start hipri url=http://clients3.google.com/generate_204
D/ConnectivityService( 802): startUsingNetworkFeature reconnecting to 0: enableHIPRI
D/MobileDataStateTracker( 802): hipri: reconnect on Mobile data state, sub0: DISCONNECTED
D/MobileDataStateTracker( 802): Data enabled sub0: user=true, policy, sub0= true
D/MobileDataStateTracker( 802): hipri: Broadcast received: android.intent.action.ANY_DATA_STATE apnType=hipri
D/MobileDataStateTracker( 802): hipri: setDetailed state, old =IDLE and new state=CONNECTING
D/MobileDataStateTracker( 802): fota: Broadcast received: android.intent.action.ANY_DATA_STATE apnType=fota
D/MobileDataStateTracker( 802): dun: Broadcast received: android.intent.action.ANY_DATA_STATE apnType=dun
D/PhoneApp( 937): mReceiver: ACTION_ANY_DATA_CONNECTION_STATE_CHANGED
D/PhoneApp( 937): - state: CONNECTING
D/PhoneApp( 937): - reason: dataEnabled
D/PhoneApp( 937): - subscription: 0
D/MobileDataStateTracker( 802): supl: Broadcast received: android.intent.action.ANY_DATA_STATE apnType=supl
D/MobileDataStateTracker( 802): ims: Broadcast received: android.intent.action.ANY_DATA_STATE apnType=ims
D/PhoneApp( 937): mReceiver: ACTION_ANY_DATA_CONNECTION_STATE_CHANGED
D/PhoneApp( 937): - state: DISCONNECTED
D/PhoneApp( 937): - reason: dataEnabled
D/PhoneApp( 937): - subscription: 0
D/PhoneApp( 937): mReceiver: ACTION_ANY_DATA_CONNECTION_STATE_CHANGED
D/PhoneApp( 937): - state: DISCONNECTED
D/PhoneApp( 937): - reason: dataEnabled
D/PhoneApp( 937): - subscription: 0
D/PhoneApp( 937): mReceiver: ACTION_ANY_DATA_CONNECTION_STATE_CHANGED
D/PhoneApp( 937): - state: DISCONNECTED
D/PhoneApp( 937): - reason: dataEnabled
D/PhoneApp( 937): - subscription: 0
D/PhoneApp( 937): mReceiver: ACTION_ANY_DATA_CONNECTION_STATE_CHANGED
D/PhoneApp( 937): - state: DISCONNECTED
D/PhoneApp( 937): - reason: dataEnabled
D/PhoneApp( 937): - subscription: 0
D/PhoneApp( 937): mReceiver: ACTION_ANY_DATA_CONNECTION_STATE_CHANGED
D/PhoneApp( 937): - state: DISCONNECTED
D/PhoneApp( 937): - reason: dataEnabled
D/PhoneApp( 937): - subscription: 0
D/PhoneApp( 937): mReceiver: ACTION_ANY_DATA_CONNECTION_STATE_CHANGED
D/PhoneApp( 937): - state: DISCONNECTED
D/PhoneApp( 937): - reason: dataEnabled
D/PhoneApp( 937): - subscription: 0
D/NotificationMgr( 937): hideDataDisconnectedRoaming()...
D/MobileDataStateTracker( 802): mms: Broadcast received: android.intent.action.ANY_DATA_STATE apnType=mms
D/PhoneApp( 937): mReceiver: ACTION_ANY_DATA_CONNECTION_STATE_CHANGED
D/PhoneApp( 937): - state: CONNECTED
D/PhoneApp( 937): - reason: dataEnabled
D/PhoneApp( 937): - subscription: 0
D/MobileDataStateTracker( 802): cbs: Broadcast received: android.intent.action.ANY_DATA_STATE apnType=cbs
D/MobileDataStateTracker( 802): hipri: Broadcast received: android.intent.action.ANY_DATA_STATE apnType=hipri
D/MobileDataStateTracker( 802): hipri: setDetailed state, old =CONNECTING and new state=CONNECTED
D/ConnectivityService( 802): ConnectivityChange for mobile_hipri: CONNECTED/CONNECTED
D/NotificationMgr( 937): hideDataDisconnectedRoaming()...
D/NotificationMgr( 937): hideDataDisconnectedRoaming()...
D/NotificationMgr( 937): hideDataDisconnectedRoaming()...
D/NotificationMgr( 937): hideDataDisconnectedRoaming()...
D/NotificationMgr( 937): hideDataDisconnectedRoaming()...
D/NotificationMgr( 937): hideDataDisconnectedRoaming()...
D/NotificationMgr( 937): hideDataDisconnectedRoaming()...
D/ConnectivityService( 802): startUsingNetworkFeature X: return APN_REQUEST_STARTED
D/ConnectivityService( 802): [CheckMp] isMobileOk: hipri started
I/ServiceManager( 240): Waiting for service AtCmdFwd...
D/ConnectivityService( 802): [CheckMp] isMobileOk: not connected ni=NetworkInfo: type: mobile_hipri[LTE], state: DISCONNECTED/IDLE, reason: (unspecified), extra: (none), roaming: false, failover: false, isAvailable: true, isConnectedToProvisioningNetwork: false, subscription: 0
D/Nat464Xlat( 802): requiresClat: netType=5, hasIPv4Address=true
D/MobileDataStateTracker( 802): default: setPolicyDataEnable(enabled=true)
D/TelephonyIcons( 857): updateDataType sub=0, type=13, inetCondition=0 showAtLeast3G=false show4GforLte=true hspaDistinguishable=false
D/TelephonyIcons( 857): data type item name: array/telephony_data_type_sim1
D/TelephonyIcons( 857): data type item id: 2131099655
D/TelephonyIcons( 857): updateDataType mSelectedDataTypeIcon[0]=2130837682, mSelectedDataActivityIndex=5
D/TelephonyIcons( 857): getSignalStrengthIcon: sub=0, inetCondition=0, level=4 isRoaming=false
D/TelephonyIcons( 857): mSignalStrengthArray.length = 3
D/TelephonyIcons( 857): signalStrengthArray.length = 9
D/TelephonyIcons( 857): selectedTypeArray.length = 2
D/TelephonyIcons( 857): inetArray.length = 5
D/CIGO_LCD( 1136): imsi=262075210701449
D/CIGO_LCD( 1136): setDeviceInfoComm: category=15; value=3
W/ProcessCpuTracker( 802): Skipping unknown process pid 1343
E/qdhwcomposer( 201): hwc_sync: ioctl MSMFB_BUFFER_SYNC failed, err=Invalid argument
E/qdhwcomposer( 201): hwc_sync: acq_fen_fd_cnt=1 flags=16 fd=16 dpy=0 numHwLayers=4
D/MobileDataStateTracker( 802): default: setPolicyDataEnable(enabled=true)
D/CIGO_LCD( 1136): imsi=262075210701449
D/CIGO_LCD( 1136): setDeviceInfoComm: category=15; value=3
I/ServiceManager( 240): Waiting for service AtCmdFwd...
D/ConnectivityService( 802): [CheckMp] isMobileOk: not connected ni=NetworkInfo: type: mobile_hipri[LTE], state: DISCONNECTED/IDLE, reason: (unspecified), extra: (none), roaming: false, failover: false, isAvailable: true, isConnectedToProvisioningNetwork: false, subscription: 0
D/dalvikvm( 1116): GC_CONCURRENT freed 471K, 16% free 3436K/4080K, paused 3ms+2ms, total 35ms
D/dalvikvm( 1116): WAIT_FOR_CONCURRENT_GC blocked 13ms
D/CIGO_LCD( 1136): imsi=262075210701449
D/CIGO_LCD( 1136): setDeviceInfoComm: category=15; value=3
D/CIGO_LCD( 1136): imsi=262075210701449
D/CIGO_LCD( 1136): setDeviceInfoComm: category=15; value=3
I/ServiceManager( 240): Waiting for service AtCmdFwd...
D/Tethering( 802): TetherModeAliveState.processMessage what=3
D/CaptivePortalTracker( 802): NoActiveNetworkState{ when=-1ms what=1 obj=NetworkInfo: type: mobile[LTE], state: CONNECTED/CONNECTED, reason: connected, extra: internet, roaming: false, failover: false, isAvailable: true, isConnectedToProvisioningNetwork: false, subscription: 0 target=com.android.internal.util.StateMachine$SmHandler }
D/CaptivePortalTracker( 802): NoActiveNetworkState not a wifi connectivity change, ignore
D/TelephonyIcons( 857): getDataActivity, sub=0, activity=0
D/Tethering( 802): chooseUpstreamType(true), preferredApn =5, got type=0
D/TelephonyIcons( 857): getSignalStrengthIcon: sub=0, inetCondition=0, level=4 isRoaming=false
D/TelephonyIcons( 857): mSignalStrengthArray.length = 3
D/TelephonyIcons( 857): signalStrengthArray.length = 9
D/TelephonyIcons( 857): selectedTypeArray.length = 2
D/TelephonyIcons( 857): inetArray.length = 5
I/Tethering( 802): Finding IPv4 upstream interface on: {InterfaceName: rmnet_data0 LinkAddresses: [10.160.160.179/29,] Routes: [0.0.0.0/0 -> 10.160.160.180,] DnsAddresses: [62.109.121.17,62.109.121.18,] Domains: nullMTU: 1500}
I/Tethering( 802): Found interface rmnet_data0
D/CommandListener( 198): TetherCmd::runCommand. argc: 5. argv[0]: tether
D/TetherController( 198): setDnsForwarders(0 = '62.109.121.17')
D/TetherController( 198): setDnsForwarders(1 = '62.109.121.18')
D/TetherController( 198): Sending update msg to dnsmasq [update_dns:62.109.121.17:62.109.121.18]
I/dnsmasq ( 1231): using nameserver 62.109.121.18#53
I/dnsmasq ( 1231): using nameserver 62.109.121.17#53
D/Tethering( 802): notifying tethered with iface =rmnet_data0
D/Tethering( 802): TetheredState.processMessage what=12
V/NatController( 198): enableNat(intIface=, extIface=)
D/CIGO_LCD( 1136): ConnectivityManager CONNECTIVITY_ACTION
D/CIGO_LCD( 1136): setDeviceInfoComm: category=14; value=0
V/WLAN_PSA( 210): NL MSG, len[4028], NL type[0x1C] WNI type[0x5900] len[41999]
V/WLAN_PSA( 210): NL MSG, PID: 210
V/NatController( 198): runCmd(/system/bin/ip route flush cache) res=0
V/NatController( 198): runCmd(/system/bin/iptables -t nat -A natctrl_nat_POSTROUTING -o rmnet_data0 -j MASQUERADE) res=0
V/NatController( 198): runCmd(/system/bin/iptables -A natctrl_FORWARD -i rmnet_data0 -o rndis0 -m state --state ESTABLISHED,RELATED -g natctrl_tether_counters) res=0
V/NatController( 198): runCmd(/system/bin/iptables -A natctrl_FORWARD -i rndis0 -o rmnet_data0 -m state --state INVALID -j DROP) res=0
V/NatController( 198): runCmd(/system/bin/iptables -A natctrl_FORWARD -i rndis0 -o rmnet_data0 -g natctrl_tether_counters) res=0
V/NatController( 198): runCmd(/system/bin/iptables -A natctrl_tether_counters -i rndis0 -o rmnet_data0 -m quota2 --name rndis0_rmnet_data0 --grow -j RETURN) res=0
V/NatController( 198): runCmd(/system/bin/iptables -A natctrl_tether_counters -i rmnet_data0 -o rndis0 -m quota2 --name rmnet_data0_rndis0 --grow -j RETURN) res=0
V/NatController( 198): runCmd(/system/bin/iptables -D natctrl_FORWARD -j DROP) res=0
V/NatController( 198): runCmd(/system/bin/iptables -A natctrl_FORWARD -j DROP) res=0
D/Tethering( 802): TetheredState.processMessage what=12
V/NatController( 198): enableNat(intIface=, extIface=)
V/NatController( 198): runCmd(/system/bin/ip route flush cache) res=0
V/NatController( 198): runCmd(/system/bin/iptables -A natctrl_FORWARD -i rmnet_data0 -o wlan0 -m state --state ESTABLISHED,RELATED -g natctrl_tether_counters) res=0
D/CIGO_LCD( 1136): imsi=262075210701449
D/CIGO_LCD( 1136): setDeviceInfoComm: category=15; value=3
V/NatController( 198): runCmd(/system/bin/iptables -A natctrl_FORWARD -i wlan0 -o rmnet_data0 -m state --state INVALID -j DROP) res=0
V/NatController( 198): runCmd(/system/bin/iptables -A natctrl_FORWARD -i wlan0 -o rmnet_data0 -g natctrl_tether_counters) res=0
D/dalvikvm( 802): GC_CONCURRENT freed 454K, 12% free 5279K/5932K, paused 10ms+30ms, total 296ms
V/NatController( 198): runCmd(/system/bin/iptables -A natctrl_tether_counters -i wlan0 -o rmnet_data0 -m quota2 --name wlan0_rmnet_data0 --grow -j RETURN) res=0
V/NatController( 198): runCmd(/system/bin/iptables -A natctrl_tether_counters -i rmnet_data0 -o wlan0 -m quota2 --name rmnet_data0_wlan0 --grow -j RETURN) res=0
V/NatController( 198): runCmd(/system/bin/iptables -D natctrl_FORWARD -j DROP) res=0
V/NatController( 198): runCmd(/system/bin/iptables -A natctrl_FORWARD -j DROP) res=0
D/Tethering( 802): TetherModeAliveState.processMessage what=5
D/Tethering( 802): chooseUpstreamType(false), preferredApn =5, got type=0
I/Tethering( 802): Finding IPv4 upstream interface on: {InterfaceName: rmnet_data0 LinkAddresses: [10.160.160.179/29,] Routes: [0.0.0.0/0 -> 10.160.160.180,] DnsAddresses: [62.109.121.17,62.109.121.18,] Domains: nullMTU: 1500}
I/Tethering( 802): Found interface rmnet_data0
D/CommandListener( 198): TetherCmd::runCommand. argc: 5. argv[0]: tether
D/TetherController( 198): setDnsForwarders(0 = '62.109.121.17')
D/TetherController( 198): setDnsForwarders(1 = '62.109.121.18')
D/TetherController( 198): Sending update msg to dnsmasq [update_dns:62.109.121.17:62.109.121.18]
I/dnsmasq ( 1231): using nameserver 62.109.121.18#53
I/dnsmasq ( 1231): using nameserver 62.109.121.17#53
D/Tethering( 802): notifying tethered with iface =rmnet_data0
D/Tethering( 802): TetheredState.processMessage what=12
D/Tethering( 802): TetheredState.processMessage what=12
D/ConnectivityService( 802): [CheckMp] isMobileOk: not connected ni=NetworkInfo: type: mobile_hipri[LTE], state: DISCONNECTED/IDLE, reason: (unspecified), extra: (none), roaming: false, failover: false, isAvailable: true, isConnectedToProvisioningNetwork: false, subscription: 0
D/GpsLocationProvider( 802): NTP server returned: 1657132668577 (Wed Jul 06 20:37:48 CEST 2022) reference: 62640 certainty: 24 system time offset: -2866
I/ServiceManager( 240): Waiting for service AtCmdFwd...
D/Tethering( 802): TetherModeAliveState.processMessage what=3
D/CaptivePortalTracker( 802): NoActiveNetworkState{ when=-1ms what=1 obj=NetworkInfo: type: mobile_hipri[LTE], state: CONNECTED/CONNECTED, reason: dataEnabled, extra: internet, roaming: false, failover: false, isAvailable: true, isConnectedToProvisioningNetwork: false, subscription: 0 target=com.android.internal.util.StateMachine$SmHandler }
D/CaptivePortalTracker( 802): NoActiveNetworkState not a wifi connectivity change, ignore
D/TelephonyIcons( 857): getDataActivity, sub=0, activity=0
D/TelephonyIcons( 857): getSignalStrengthIcon: sub=0, inetCondition=0, level=4 isRoaming=false
D/TelephonyIcons( 857): mSignalStrengthArray.length = 3
D/TelephonyIcons( 857): signalStrengthArray.length = 9
D/TelephonyIcons( 857): selectedTypeArray.length = 2
D/TelephonyIcons( 857): inetArray.length = 5
D/Tethering( 802): chooseUpstreamType(true), preferredApn =5, got type=0
I/Tethering( 802): Finding IPv4 upstream interface on: {InterfaceName: rmnet_data0 LinkAddresses: [10.160.160.179/29,] Routes: [0.0.0.0/0 -> 10.160.160.180,] DnsAddresses: [62.109.121.17,62.109.121.18,] Domains: nullMTU: 1500}
I/Tethering( 802): Found interface rmnet_data0
D/CommandListener( 198): TetherCmd::runCommand. argc: 5. argv[0]: tether
D/TetherController( 198): setDnsForwarders(0 = '62.109.121.17')
D/TetherController( 198): setDnsForwarders(1 = '62.109.121.18')
D/TetherController( 198): Sending update msg to dnsmasq [update_dns:62.109.121.17:62.109.121.18]
I/dnsmasq ( 1231): using nameserver 62.109.121.18#53
I/dnsmasq ( 1231): using nameserver 62.109.121.17#53
D/Tethering( 802): notifying tethered with iface =rmnet_data0
D/Tethering( 802): TetheredState.processMessage what=12
D/Tethering( 802): TetheredState.processMessage what=12
D/CIGO_LCD( 1136): ConnectivityManager CONNECTIVITY_ACTION
D/CIGO_LCD( 1136): setDeviceInfoComm: category=14; value=0
D/CIGO_LCD( 1136): imsi=262075210701449
D/CIGO_LCD( 1136): setDeviceInfoComm: category=15; value=3
D/dalvikvm( 1116): GC_FOR_ALLOC freed 382K, 16% free 3432K/4080K, paused 22ms, total 30ms
D/CIGO_LCD( 1136): imsi=262075210701449
D/CIGO_LCD( 1136): setDeviceInfoComm: category=15; value=3
D/ConnectivityService( 802): [CheckMp] isMobileOk: not connected ni=NetworkInfo: type: mobile_hipri[LTE], state: DISCONNECTED/IDLE, reason: (unspecified), extra: (none), roaming: false, failover: false, isAvailable: true, isConnectedToProvisioningNetwork: false, subscription: 0
I/ServiceManager( 240): Waiting for service AtCmdFwd...
I/ActivityManager( 802): Waited long enough for: ServiceRecord{4209cc68 u0 com.jetty2m.hello/com.jetty2m.service.MifiService}
I/ActivityManager( 802): Resuming delayed broadcast
D/TimeService( 997): Receivedandroid.intent.action.TIME_SET intent. Current Time is 1657132672632
D/ ( 997): TimeServiceNative: User Time to be set is 1657132672632
D/QC-time-services( 997): Lib:time_genoff_operation: pargs->base = 2
D/QC-time-services( 997): Lib:time_genoff_operation: pargs->operation = 0
D/QC-time-services( 997): Lib:time_genoff_operation: pargs->ts_val = 1657132672632
D/QC-time-services( 242): Daemon: Connection accepted:time_genoff
D/QC-time-services( 242): Daemon:Received base = 2, unit = 1, operation = 0,value = 1657132672632
