E/QC-QMI ( 311): qmi_qmux_open_connection: connection is disabled for conn_id=48
E/QC-QMI ( 311): qmi_qmux_tx_msg: failed to open inactive connd_id=48
E/QC-QMI ( 311): qmi_qmux: TX failed, connection inactive or in reset, conn_id=48, status_flags=4
E/QC-QMI ( 311): qmi_ctl_tx_msg: qmi_qmux_tx_msg failed
E/QC-QMI ( 311): qmi_ctl_handle_request: qmi_ctl_tx_msg call failed
E/QC-QMI ( 311): qmi_qmux_open_connection: connection is disabled for conn_id=57
E/QC-QMI ( 311): qmi_qmux_tx_msg: failed to open inactive connd_id=57
E/QC-QMI ( 311): qmi_qmux: TX failed, connection inactive or in reset, conn_id=57, status_flags=4
E/QC-QMI ( 311): qmi_ctl_tx_msg: qmi_qmux_tx_msg failed
E/QC-QMI ( 311): qmi_ctl_handle_request: qmi_ctl_tx_msg call failed
E/QC-QMI ( 311): qmi_qmux_open_connection: connection is disabled for conn_id=57
E/QC-QMI ( 311): qmi_qmux_tx_msg: failed to open inactive connd_id=57
E/QC-QMI ( 311): qmi_qmux: TX failed, connection inactive or in reset, conn_id=57, status_flags=4
E/QC-QMI ( 311): qmi_ctl_tx_msg: qmi_qmux_tx_msg failed
E/QC-QMI ( 311): qmi_ctl_handle_request: qmi_ctl_tx_msg call failed
E/QC-QMI ( 311): linux_qmi_qmux_io.c: Unable to open port id /dev/hsicctl0, error [2:No such file or directory]
E/QC-QMI ( 311): qmi_qmux_open_connection: QMI_QMUX_IO_PLATFORM_OPEN_CONN failed -1
E/QC-QMI ( 311): qmi_qmux_tx_msg: failed to open inactive connd_id=29
E/QC-QMI ( 311): qmi_qmux: TX failed, connection inactive or in reset, conn_id=29, status_flags=0
E/QC-QMI ( 311): qmi_ctl_tx_msg: qmi_qmux_tx_msg failed
E/QC-QMI ( 311): qmi_ctl_handle_request: qmi_ctl_tx_msg call failed
E/QC-QMI ( 311): linux_qmi_qmux_io.c: Unable to open port id /dev/hsicctl0, error [2:No such file or directory]
E/QC-QMI ( 311): qmi_qmux_open_connection: QMI_QMUX_IO_PLATFORM_OPEN_CONN failed -1
E/QC-QMI ( 311): qmi_qmux_tx_msg: failed to open inactive connd_id=29
E/QC-QMI ( 311): qmi_qmux: TX failed, connection inactive or in reset, conn_id=29, status_flags=0
E/QC-QMI ( 311): qmi_ctl_tx_msg: qmi_qmux_tx_msg failed
E/QC-QMI ( 311): qmi_ctl_handle_request: qmi_ctl_tx_msg call failed
E/QC-QMI ( 311): qmi_qmux_open_connection: connection is disabled for conn_id=48
E/QC-QMI ( 311): qmi_qmux_tx_msg: failed to open inactive connd_id=48
E/QC-QMI ( 311): qmi_qmux: TX failed, connection inactive or in reset, conn_id=48, status_flags=4
E/QC-QMI ( 311): qmi_ctl_tx_msg: qmi_qmux_tx_msg failed
E/QC-QMI ( 311): qmi_ctl_handle_request: qmi_ctl_tx_msg call failed
E/QC-QMI ( 311): qmi_qmux_open_connection: connection is disabled for conn_id=48
E/QC-QMI ( 311): qmi_qmux_tx_msg: failed to open inactive connd_id=48
E/QC-QMI ( 311): qmi_qmux: TX failed, connection inactive or in reset, conn_id=48, status_flags=4
E/QC-QMI ( 311): qmi_ctl_tx_msg: qmi_qmux_tx_msg failed
E/QC-QMI ( 311): qmi_ctl_handle_request: qmi_ctl_tx_msg call failed
E/QC-QMI ( 311): qmi_qmux_open_connection: connection is disabled for conn_id=57
E/QC-QMI ( 311): qmi_qmux_tx_msg: failed to open inactive connd_id=57
E/QC-QMI ( 311): qmi_qmux: TX failed, connection inactive or in reset, conn_id=57, status_flags=4
E/QC-QMI ( 311): qmi_ctl_tx_msg: qmi_qmux_tx_msg failed
E/QC-QMI ( 311): qmi_ctl_handle_request: qmi_ctl_tx_msg call failed
E/QC-QMI ( 311): qmi_qmux_open_connection: connection is disabled for conn_id=57
E/QC-QMI ( 311): qmi_qmux_tx_msg: failed to open inactive connd_id=57
E/QC-QMI ( 311): qmi_qmux: TX failed, connection inactive or in reset, conn_id=57, status_flags=4
E/QC-QMI ( 311): qmi_ctl_tx_msg: qmi_qmux_tx_msg failed
E/QC-QMI ( 311): qmi_ctl_handle_request: qmi_ctl_tx_msg call failed
I/SystemServer( 802): Lights Service
I/SystemServer( 802): Battery Service
E/qdlights( 802): write_int failed to open /sys/class/leds/red/blink
E/ConsumerIrService( 802): Can't open consumer IR HW Module, error: -2
W/libsuspend( 802): Error writing 'on' to /sys/power/state: Invalid argument
I/SystemServer( 802): Vibrator Service
I/SystemServer( 802): Consumer IR Service
I/libsuspend( 802): Selected autosleep
I/QCOM PowerHAL( 802): Got set_interactive hint
D/PermissionCache( 201): checking android.permission.ACCESS_SURFACE_FLINGER for uid=1000 => granted (1143 us)
D/SurfaceFlinger( 201): Screen acquired, type=0 flinger=0xb8279468
D/SurfaceFlinger( 201): screen was previously acquired
D/AlarmManagerService( 802): Kernel timezone updated to -120 minutes west of GMT
I/SystemServer( 802): Alarm Manager
I/SystemServer( 802): Init Watchdog
I/SystemServer( 802): Input Manager
I/InputManager( 802): Initializing input manager, mUseDevInputEventForAudioJack=true
I/SystemServer( 802): Window Manager
I/WindowManager( 802): No existing display settings /data/system/display_settings.xml; starting empty
I/WindowManager( 802): No keyguard interface!
D/EventHub( 802): No input device configuration file found for device 'msm8x16-skuh-snd-card Headset Jack'.
I/EventHub( 802): New device: id=1, fd=97, path='/dev/input/event3', name='msm8x16-skuh-snd-card Headset Jack', classes=0x80, configuration='', keyLayout='', keyCharacterMap='', builtinKeyboard=false, usingSuspendBlockIoctl=true, usingClockIoctl=true
D/EventHub( 802): No input device configuration file found for device 'msm8x16-skuh-snd-card Button Jack'.
D/BluetoothManagerService( 802): Loading stored name and address
D/BluetoothManagerService( 802): Stored bluetooth Name=null,Address=null
I/InputManager( 802): Starting input manager
I/SystemServer( 802): Bluetooth Manager Service
I/SystemServer( 802): Input Method Service
W/InputMethodManagerService( 802): Couldn't create dir.: /data/system/inputmethod
W/InputMethodManagerService( 802): No IME selected. Choose the most applicable IME.
I/SystemServer( 802): Accessibility Manager
I/ActivityManager( 802): Config changes=1df8 {1.0 ?mcc?mnc zh_CN ldltr sw360dp w640dp h360dp 320dpi nrml long land ?uimode ?night -touch -keyb/h/h -nav/h s.2}
W/EventHub( 802): Unable to disable kernel key repeat for /dev/input/event2: Function not implemented
I/EventHub( 802): New device: id=2, fd=98, path='/dev/input/event2', name='msm8x16-skuh-snd-card Button Jack', classes=0x41, configuration='', keyLayout='/system/usr/keylayout/Generic.kl', keyCharacterMap='/system/usr/keychars/Generic.kcm', builtinKeyboard=false, usingSuspendBlockIoctl=true, usingClockIoctl=true
D/EventHub( 802): No input device configuration file found for device 'qpnp_pon'.
I/ActivityManager( 802): Config changes=400 {1.0 ?mcc?mnc zh_CN ldltr sw360dp w640dp h335dp 320dpi nrml long land ?uimode ?night -touch -keyb/h/h -nav/h s.3}
I/SystemServer( 802): Mount Service
D/MountService( 802): got storage path: /storage/sdcard0 description: 内存设备 primary: true removable: false emulated: true mtpReserve: 100 allowMassStorage: false maxFileSize: 0
W/EventHub( 802): Unable to disable kernel key repeat for /dev/input/event0: Function not implemented
I/EventHub( 802): New device: id=3, fd=99, path='/dev/input/event0', name='qpnp_pon', classes=0x1, configuration='', keyLayout='/system/usr/keylayout/Generic.kl', keyCharacterMap='/system/usr/keychars/Generic.kcm', builtinKeyboard=false, usingSuspendBlockIoctl=true, usingClockIoctl=true
E/EventHub( 802): could not get driver version for /dev/input/mice, Not a typewriter
D/MountService( 802): addVolumeLocked() StorageVolume:
D/MountService( 802): mStorageId=65537 mPath=/storage/emulated/0 mDescriptionId=17040680
D/MountService( 802): mPrimary=true mRemovable=false mEmulated=true mMtpReserveSpace=100
D/MountService( 802): mAllowMassStorage=false mMaxFileSize=0 mOwner=UserHandle{0} mUuid=null
D/MountService( 802): mUserLabel=null mState=null
D/MountService( 802): got storage path: /storage/sdcard1 description: SD 卡 primary: false removable: true emulated: false mtpReserve: 0 allowMassStorage: true maxFileSize: 0
D/MountService( 802): addVolumeLocked() StorageVolume:
D/MountService( 802): mStorageId=0 mPath=/storage/sdcard1 mDescriptionId=17040681 mPrimary=false
D/MountService( 802): mRemovable=true mEmulated=false mMtpReserveSpace=0 mAllowMassStorage=true
D/MountService( 802): mMaxFileSize=0 mOwner=null mUuid=null mUserLabel=null mState=null
D/MountService( 802): got storage path: /storage/uicc0 description: 电话卡存储设备 primary: false removable: true emulated: false mtpReserve: 0 allowMassStorage: true maxFileSize: 0
D/MountService( 802): addVolumeLocked() StorageVolume:
D/MountService( 802): mStorageId=0 mPath=/storage/uicc0 mDescriptionId=17040683 mPrimary=false
D/MountService( 802): mRemovable=true mEmulated=false mMtpReserveSpace=0 mAllowMassStorage=true
D/MountService( 802): mMaxFileSize=0 mOwner=null mUuid=null mUserLabel=null mState=null
D/MountService( 802): got storage path: /storage/uicc1 description: 电话卡存储设备 primary: false removable: true emulated: false mtpReserve: 0 allowMassStorage: false maxFileSize: 0
D/MountService( 802): addVolumeLocked() StorageVolume:
D/MountService( 802): mStorageId=0 mPath=/storage/uicc1 mDescriptionId=17040683 mPrimary=false
D/MountService( 802): mRemovable=true mEmulated=false mMtpReserveSpace=0 mAllowMassStorage=false
D/MountService( 802): mMaxFileSize=0 mOwner=null mUuid=null mUserLabel=null mState=null
D/MountService( 802): got storage path: /storage/usbotg description: USB 存储器 primary: false removable: true emulated: false mtpReserve: 0 allowMassStorage: false maxFileSize: 0
D/MountService( 802): addVolumeLocked() StorageVolume:
D/MountService( 802): mStorageId=0 mPath=/storage/usbotg mDescriptionId=17040682 mPrimary=false
D/MountService( 802): mRemovable=true mEmulated=false mMtpReserveSpace=0 mAllowMassStorage=false
D/MountService( 802): mMaxFileSize=0 mOwner=null mUuid=null mUserLabel=null mState=null
I/SystemServer( 802): LockSettingsService
I/SystemServer( 802): Device Policy
D/EventHub( 802): No input device configuration file found for device 'gpio-keys'.
I/SystemServer( 802): Status Bar
I/SystemServer( 802): Clipboard Service
W/ClipboardService( 802): No security bridge jar found, using default
I/SystemServer( 802): NetworkManagement Service
W/EventHub( 802): Unable to disable kernel key repeat for /dev/input/event1: Function not implemented
I/EventHub( 802): New device: id=4, fd=105, path='/dev/input/event1', name='gpio-keys', classes=0x1, configuration='', keyLayout='/system/usr/keylayout/gpio-keys.kl', keyCharacterMap='/system/usr/keychars/Generic.kcm', builtinKeyboard=false, usingSuspendBlockIoctl=true, usingClockIoctl=true
D/MountService( 802): volume state changed for /storage/sdcard1 (unmounted -> removed)
D/MountService( 802): volume state changed for /storage/uicc0 (unmounted -> removed)
D/MountService( 802): volume state changed for /storage/uicc1 (unmounted -> removed)
D/MountService( 802): volume state changed for /storage/usbotg (unmounted -> removed)
I/PackageManager( 802): No secure containers on sdcard
I/SystemServer( 802): Text Service Manager Service
W/PackageManager( 802): Unknown permission android.permission.ACCESS_DOWNLOAD_MANAGER in package com.android.defcontainer
W/PackageManager( 802): Unknown permission android.permission.ACCESS_ALL_DOWNLOADS in package com.android.defcontainer
W/PackageManager( 802): Unknown permission com.google.android.googleapps.permission.GOOGLE_AUTH in package com.android.settings
W/PackageManager( 802): Unknown permission android.permission.ACCESS_DOWNLOAD_MANAGER in package com.android.settings
E/QC-time-services( 242): Daemon:tod_update_ind_cb: Got Update from modem msg_id 39
W/PackageManager( 802): Unknown permission com.qualcomm.permission.USE_PHONE_SERVICE in package com.android.settings
W/PackageManager( 802): Unknown permission com.android.smspush.WAPPUSH_MANAGER_BIND in package com.android.phone
D/QC-time-services( 200): Lib:time_genoff_operation: pargs->base = 13
D/QC-time-services( 200): Lib:time_genoff_operation: pargs->operation = 0
D/QC-time-services( 200): Lib:time_genoff_operation: pargs->ts_val = 1657132648000
D/QC-time-services( 242): Daemon: Connection accepted:time_genoff
D/QC-time-services( 200): Lib:time_genoff_operation: Send to server passed!!
D/QC-time-services( 242): Daemon:Received base = 13, unit = 1, operation = 0,value = 1657132648000
D/QC-time-services( 242): Daemon:genoff_opr: Base = 13, val = 1657132648000, operation = 0
D/QC-time-services( 242): Daemon:rtc_get: Time read from RTC -- MM/DD/YY HH:MM:SS0/1/70 1:0:46
D/QC-time-services( 242): Daemon:Value read from RTC seconds = 3646000
D/QC-time-services( 242): Daemon:new time 1657132648000
D/QC-time-services( 242): Daemon: delta 1657129002000 genoff 1657129002000
D/QC-time-services( 242): Daemon:genoff_persistent_update: Writing genoff = 1657129002000 to memory
D/QC-time-services( 242): Daemon:Opening File: /data/time/ats_13
D/QC-time-services( 242): Daemon:time_persistent_memory_opr:Genoff write operation
E/QC-time-services( 200): Receive Passed == base = 13, unit = 1, operation = 0, result = 0
E/QC-time-services( 242): Daemon: Time-services: Waiting to acceptconnection
I/InputReader( 802): Device added: id=-1, name='Virtual', sources=0x00000301
D/dalvikvm( 802): GC_CONCURRENT freed 243K, 9% free 4193K/4576K, paused 6ms+12ms, total 85ms
I/InputReader( 802): Device added: id=4, name='gpio-keys', sources=0x00000101
I/InputReader( 802): Device added: id=3, name='qpnp_pon', sources=0x00000101
I/InputReader( 802): Device added: id=2, name='msm8x16-skuh-snd-card Button Jack', sources=0x00000501
I/InputReader( 802): Device added: id=1, name='msm8x16-skuh-snd-card Headset Jack', sources=0x80000000
I/InputReader( 802): Reconfiguring input devices. changes=0x00000004
W/PackageManager( 802): Unknown permission com.android.firewall.READ_GRAVITY in package com.android.phone
W/PackageManager( 802): Unknown permission android.permission.WRITE_OWNER_DATA in package com.jetty2m.hello
W/PackageManager( 802): Not granting permission android.permission.DELETE_PACKAGES to package com.svox.pico (protectionLevel=18 flags=0x8be45)
E/USB_UICC( 211): Timeout! No signal received. Retry num = 26
W/TextServicesManagerService( 802): no available spell checker services found
I/SystemServer( 802): NetworkStats Service
I/SystemServer( 802): NetworkPolicy Service
I/SystemServer( 802): Wi-Fi P2pService
I/SystemServer( 802): Wi-Fi Service
I/ServiceManager( 240): Waiting for service AtCmdFwd...
D/WifiController( 802): isAirplaneModeOn = false, isWifiEnabled = false, isScanningAvailable = false
I/SystemServer( 802): Connectivity Service
D/ConnectivityService( 802): ConnectivityService starting up
D/ConnectivityService( 802): wifiOnly=false
E/ConnectivityService( 802): Ignoring protectedNetwork 14
D/BluetoothTethering( 802): startMonitoring: target: Handler (com.android.server.ConnectivityService$NetworkStateTrackerHandler) {41fafa10}
D/BluetoothTethering( 802): startMonitoring: mCsHandler: Handler (com.android.server.ConnectivityService$NetworkStateTrackerHandler) {41fafa10}
D/BluetoothManagerService( 802): Message: 20
D/BluetoothManagerService( 802): Added callback: android.bluetooth.BluetoothAdapter$2@41fb8708:true
D/BluetoothManagerService( 802): Message: 30
E/BluetoothPan( 802): Could not bind to Bluetooth Pan Service with Intent { act=android.bluetooth.IBluetoothPan }
D/MobileDataStateTracker( 802): default: Register contentobserver
D/MobileDataStateTracker( 802): default: reconnect on Mobile data state, sub0: DISCONNECTED
D/MobileDataStateTracker( 802): Data enabled sub0: user=true, policy, sub0= true
E/MobileDataStateTracker( 802): default: Ignoring feature request because could not acquire PhoneService
D/Tethering( 802): Exception adding default nw to upstreamIfaceTypes: java.lang.NullPointerException
E/MobileDataStateTracker( 802): default: Could not enable APN type "default"
I/WifiService( 802): WifiService starting up with Wi-Fi disabled
D/WifiP2pService( 802): Initialising NetworkManagement Service
E/WifiService( 802): PPPOEService connection success
I/SystemServer( 802): Network Service Discovery Service
D/NsdService( 802): Network service discovery enabled true
I/SystemServer( 802): DPM Service
I/SystemServer( 802): DPM configuration set to 0
I/SystemServer( 802): UpdateLock Service
D/dalvikvm( 802): GC_CONCURRENT freed 255K, 9% free 4390K/4784K, paused 6ms+8ms, total 78ms
D/WifiHW ( 802): Unable to unload driver module "wlan": No such file or directory
I/SystemServer( 802): Notification Manager
I/SystemServer( 802): Device Storage Monitor
I/SystemServer( 802): Location Manager
I/SystemServer( 802): Country Detector
I/SystemServer( 802): Search Service
I/SystemServer( 802): DropBox Service
I/SystemServer( 802): Wallpaper Service
I/SystemServer( 802): Audio Service
E/USB_UICC( 211): Timeout! No signal received. Retry num = 27
D/dalvikvm( 802): GC_CONCURRENT freed 232K, 8% free 4581K/4956K, paused 7ms+11ms, total 80ms
I/SystemServer( 802): Dock Observer
W/DockObserver( 802): This kernel does not have dock station support
I/SystemServer( 802): Wired Accessory Manager
W/WiredAccessoryManager( 802): This kernel does not have usb audio support
W/WiredAccessoryManager( 802): This kernel does not have HDMI audio support
I/SystemServer( 802): USB Service
I/SystemServer( 802): Serial Service
I/SystemServer( 802): Twilight Service
I/SystemServer( 802): UI Mode Manager Service
I/SystemServer( 802): Backup Service
V/BackupManagerService( 802): Initializing package tracking
V/BackupManagerService( 802): No ancestral data
V/BackupManagerService( 802): addPackageParticipantsLocked: all
I/BackupManagerService( 802): Scheduling backup for new app android
D/BackupManagerService( 802): Now staging backup of android
I/BackupManagerService( 802): Scheduling backup for new app com.android.providers.userdictionary
D/BackupManagerService( 802): Now staging backup of com.android.providers.userdictionary
I/BackupManagerService( 802): Scheduling backup for new app com.android.sharedstoragebackup
D/BackupManagerService( 802): Now staging backup of com.android.sharedstoragebackup
I/BackupManagerService( 802): Scheduling backup for new app com.android.providers.settings
D/BackupManagerService( 802): Now staging backup of com.android.providers.settings
V/BackupManagerService( 802): Starting with transport android/com.android.internal.backup.LocalTransport
V/BackupManagerService( 802): Found transports: 1
I/BackupManagerService( 802): Binding to transport host ComponentInfo{android/com.android.internal.backup.LocalTransportService}
I/BackupManagerService( 802): Found stale backup journal, scheduling
I/BackupManagerService( 802): android
I/BackupManagerService( 802): com.android.providers.userdictionary
I/BackupManagerService( 802): com.android.sharedstoragebackup
I/BackupManagerService( 802): com.android.providers.settings
I/BackupManagerService( 802): Backup enabled => false
I/BackupManagerService( 802): Opting out of backup
I/SystemServer( 802): AppWidget Service
I/SystemServer( 802): Recognition Service
I/SystemServer( 802): DiskStats Service
I/SystemServer( 802): SamplingProfiler Service
I/SystemServer( 802): NetworkTimeUpdateService
I/SystemServer( 802): CommonTimeManagementService
I/SystemServer( 802): CertBlacklister
I/SystemServer( 802): Dreams Service
I/WindowManager( 802): SAFE MODE not enabled
I/SystemServer( 802): IdleMaintenanceService
I/SystemServer( 802): Print Service
I/SystemServer( 802): Media Router Service
D/dalvikvm( 802): JIT started for system_server
I/Zygote ( 802): Process: zygote socket opened
I/ServiceManager( 240): Waiting for service AtCmdFwd...
V/KeyguardServiceDelegate( 802): *** Keyguard started
V/KeyguardServiceDelegate( 802): onSystemReady() called before keyguard service was ready
I/ActivityManager( 802): Start proc com.android.systemui for service com.android.keyguard/.KeyguardService: pid=857 uid=10003 gids={50003, 1028, 1015, 1035, 3002, 3001}
I/QCOM PowerHAL( 802): Got set_interactive hint
E/qdlights( 802): write_str failed to open /dev/lcd_spi
F/SystemServer( 802): BOOT FAILURE making Package Manager Service ready
F/SystemServer( 802): java.lang.SecurityException: Unable to find app for caller android.app.ActivityThread$ApplicationThread@41ffd250 (pid=802) when registering receiver android.app.LoadedApk$ReceiverDispatcher$InnerReceiver@41ffe260
F/SystemServer( 802): at com.android.server.am.ActivityManagerService.registerReceiver(ActivityManagerService.java:13122)
F/SystemServer( 802): at android.app.ContextImpl.registerReceiverInternal(ContextImpl.java:1458)
F/SystemServer( 802): at android.app.ContextImpl.registerReceiverAsUser(ContextImpl.java:1433)
F/SystemServer( 802): at com.android.internal.content.PackageMonitor.register(PackageMonitor.java:84)
F/SystemServer( 802): at com.android.server.pm.UserManagerService.systemReady(UserManagerService.java:237)
F/SystemServer( 802): at com.android.server.pm.PackageManagerService.systemReady(PackageManagerService.java:10521)
F/SystemServer( 802): at com.android.server.ServerThread.initAndLoop(SystemServer.java:967)
F/SystemServer( 802): at com.android.server.SystemServer.main(SystemServer.java:1299)
F/SystemServer( 802): at java.lang.reflect.Method.invokeNative(Native Method)
F/SystemServer( 802): at java.lang.reflect.Method.invoke(Method.java:515)
F/SystemServer( 802): at com.android.internal.os.ZygoteInit$MethodAndArgsCaller.run(ZygoteInit.java:786)
F/SystemServer( 802): at com.android.internal.os.ZygoteInit.main(ZygoteInit.java:602)
F/SystemServer( 802): at dalvik.system.NativeStart.main(Native Method)
W/SystemServer( 802): ***********************************************
D/ActivityThread( 857): handleBindApplication:com.android.systemui
D/ActivityThread( 857): setTargetHeapUtilization:0.75
D/ActivityThread( 857): setTargetHeapMinFree:524288
I/AppOps ( 802): Pruning old package media/1013: new uid=-1
I/ActivityManager( 802): System now ready
I/SystemServer( 802): Making services ready
D/NetworkManagementService( 802): enabling bandwidth control
W/MountService( 802): Duplicate state transition (mounted -> mounted) for /storage/emulated/0
V/KeyguardService( 857): onCreate()
E/OMXMaster( 204): A component of name 'OMX.qcom.audio.decoder.aac' already exists, ignoring this one.
I/ExtendedUtils( 204): AV Sync late margin : Intended=40ms Using=0ms
D/Utils ( 204): printFileName fd(18) -> /system/media/audio/ui/Lock.ogg
E/WVMExtractor( 204): Failed to open libwvm.so
D/dalvikvm( 802): GC_CONCURRENT freed 203K, 7% free 4770K/5112K, paused 7ms+9ms, total 100ms
D/SystemUIService( 857): loading: class com.android.systemui.recent.Recents
D/SystemUIService( 857): running: com.android.systemui.recent.Recents@41e47b38
D/SystemUIService( 857): loading: class com.android.systemui.statusbar.SystemBars
D/SystemUIService( 857): running: com.android.systemui.statusbar.SystemBars@41e48120
D/ExtendedUtils( 204): Try creating ExtendedExtractor
D/ExtendedUtils( 204): default extractor is NULL, return extended extractor
E/MM_OSAL ( 204): FileSource::FileSource
E/MM_OSAL ( 204): FileSource::FileSource m_bEveryThingOK 1
E/MM_OSAL ( 204): MM_File_Create failed .Efs Error No -1 , File Name /data/mmosal_logmask.cfg , Mode 0
D/SystemUIService( 857): loading: class com.android.systemui.usb.StorageNotification
D/SystemUIService( 857): running: com.android.systemui.usb.StorageNotification@41e49ee0
D/SystemUIService( 857): loading: class com.android.systemui.power.PowerUI
D/SystemUIService( 857): running: com.android.systemui.power.PowerUI@41e4b748
D/OMXCodec( 204): Successfully allocated OMX node 'OMX.google.vorbis.decoder'
D/SystemUIService( 857): loading: class com.android.systemui.media.RingtonePlayer
I/AwesomePlayer( 204): Could not offload audio decode, try pcm offload
D/SystemUIService( 857): running: com.android.systemui.media.RingtonePlayer@41e4cd40
D/AudioPlayer( 204): start of Playback, useOffload 0
D/SystemUIService( 857): loading: class com.android.systemui.settings.SettingsUI
D/SystemUIService( 857): running: com.android.systemui.settings.SettingsUI@41e4e028
I/StatusBarManagerService( 802): registerStatusBar bar=com.android.internal.statusbar.IStatusBar$Stub$Proxy@41f2a190
E/MMParserExtractor( 204): FileSource::FILE_SOURCE_DATA_END
D/PhoneStatusBar( 857): mSettingsPanelGravity = 55
D/AudioPlayer( 204): Pause Playback at 226000
D/AudioPlayer( 204): reset: mPlaying=0 mReachedEOS=1 useOffload=0
I/ExtendedUtils( 204): AV Sync late margin : Intended=40ms Using=0ms
D/Utils ( 204): printFileName fd(18) -> /system/media/audio/ui/Unlock.ogg
D/ExtendedUtils( 204): Try creating ExtendedExtractor
D/ExtendedUtils( 204): default extractor is NULL, return extended extractor
E/MM_OSAL ( 204): FileSource::FileSource
E/MM_OSAL ( 204): FileSource::FileSource m_bEveryThingOK 1
E/MM_OSAL ( 204): MM_File_Create failed .Efs Error No -1 , File Name /data/mmosal_logmask.cfg , Mode 0
D/OMXCodec( 204): Successfully allocated OMX node 'OMX.google.vorbis.decoder'
I/AwesomePlayer( 204): Could not offload audio decode, try pcm offload
D/AudioPlayer( 204): start of Playback, useOffload 0
E/MMParserExtractor( 204): FileSource::FILE_SOURCE_DATA_END
D/AudioPlayer( 204): Pause Playback at 188000
D/AudioPlayer( 204): reset: mPlaying=0 mReachedEOS=1 useOffload=0
E/USB_UICC( 211): Timeout! No signal received. Retry num = 28
D/dalvikvm( 857): GC_CONCURRENT freed 138K, 10% free 3240K/3592K, paused 4ms+6ms, total 56ms
D/dalvikvm( 857): GC_FOR_ALLOC freed 6K, 7% free 3435K/3692K, paused 36ms, total 36ms
I/dalvikvm-heap( 857): Grow heap (frag case) to 5.053MB for 1127536-byte allocation
D/dalvikvm( 857): GC_CONCURRENT freed 3K, 6% free 4532K/4796K, paused 6ms+5ms, total 41ms
E/NetdConnector( 802): NDC Command {1 bandwidth enable} took too long (765ms)
I/ServiceManager( 240): Waiting for service AtCmdFwd...
D/BluetoothManagerService( 802): Message: 20
D/BluetoothManagerService( 802): Added callback: android.bluetooth.IBluetoothManagerCallback$Stub$Proxy@41eb7a00:true
D/BluetoothAdapter( 857): 1105657000: getState() : mService = null. Returning STATE_OFF
D/BluetoothAdapter( 857): 1105657000: getState() : mService = null. Returning STATE_OFF
D/dalvikvm( 857): GC_CONCURRENT freed 89K, 4% free 4935K/5140K, paused 5ms+8ms, total 60ms
D/BluetoothAdapter( 857): 1105657000: getState() : mService = null. Returning STATE_OFF
D/DdsSwitch( 857): mobile data is on.
I/ActivityManager( 802): Config changes=200 {1.0 ?mcc?mnc zh_CN ldltr sw360dp w640dp h335dp 320dpi nrml long land -touch -keyb/h/h -nav/h s.4}
W/RecognitionManagerService( 802): no available voice recognition services found for user 0
E/ActivityThread( 857): Failed to find provider info for com.android.contacts
D/PhoneStatusBar( 857): disable: < expand icons alerts ticker system_info back home recent clock search > W/InputMethodManagerService( 802): Ignoring setImeWindowStatus of uid 1000 token: null
W/InputMethodManagerService( 802): Reset the default IME as "Resource" is ready here.
W/InputMethodUtils( 802): NameNotFoundException: com.android.inputmethod.latin
W/InputMethodUtils( 802): android.content.pm.PackageManager$NameNotFoundException: com.android.inputmethod.latin
W/InputMethodUtils( 802): at android.app.ApplicationPackageManager.getApplicationInfo(ApplicationPackageManager.java:227)
W/InputMethodUtils( 802): at com.android.internal.inputmethod.InputMethodUtils.setNonSelectedSystemImesDisabledUntilUsed(InputMethodUtils.java:441)
W/InputMethodUtils( 802): at com.android.server.InputMethodManagerService.systemRunning(InputMethodManagerService.java:853)
W/InputMethodUtils( 802): at com.android.server.ServerThread$2.run(SystemServer.java:1096)
W/InputMethodUtils( 802): at com.android.server.am.ActivityManagerService.systemReady(ActivityManagerService.java:9429)
W/InputMethodUtils( 802): at com.android.server.ServerThread.initAndLoop(SystemServer.java:1013)
W/InputMethodUtils( 802): at com.android.server.SystemServer.main(SystemServer.java:1299)
W/InputMethodUtils( 802): at java.lang.reflect.Method.invokeNative(Native Method)
W/InputMethodUtils( 802): at java.lang.reflect.Method.invoke(Method.java:515)
W/InputMethodUtils( 802): at com.android.internal.os.ZygoteInit$MethodAndArgsCaller.run(ZygoteInit.java:786)
W/InputMethodUtils( 802): at com.android.internal.os.ZygoteInit.main(ZygoteInit.java:602)
W/InputMethodUtils( 802): at dalvik.system.NativeStart.main(Native Method)
D/BluetoothAdapter( 857): 1105657000: getState() : mService = null. Returning STATE_OFF
D/BluetoothAdapter( 857): 1105657000: getState() : mService = null. Returning STATE_OFF
I/ActivityManager( 802): Start proc com.qualcomm.timeservice for broadcast com.qualcomm.timeservice/.TimeServiceBroadcastReceiver: pid=997 uid=1000 gids={41000, 1028, 1015, 3002, 3001, 3003, 1023}
D/PhoneStatusBar( 857): heads up is disabled
I/Choreographer( 857): Skipped 30 frames! The application may be doing too much work on its main thread.
W/ServiceWatcher( 802): com.qualcomm.location not found
W/ServiceWatcher( 802): com.qualcomm.location not found
W/LocationManagerService( 802): no network location provider found
E/LocationManagerService( 802): no fused location provider found
E/LocationManagerService( 802): java.lang.IllegalStateException: Location service needs a fused location provider
E/LocationManagerService( 802): at com.android.server.LocationManagerService.loadProvidersLocked(LocationManagerService.java:420)
E/LocationManagerService( 802): at com.android.server.LocationManagerService.systemRunning(LocationManagerService.java:250)
E/LocationManagerService( 802): at com.android.server.ServerThread$2.run(SystemServer.java:1101)
E/LocationManagerService( 802): at com.android.server.am.ActivityManagerService.systemReady(ActivityManagerService.java:9429)
E/LocationManagerService( 802): at com.android.server.ServerThread.initAndLoop(SystemServer.java:1013)
E/LocationManagerService( 802): at com.android.server.SystemServer.main(SystemServer.java:1299)
E/LocationManagerService( 802): at java.lang.reflect.Method.invokeNative(Native Method)
E/LocationManagerService( 802): at java.lang.reflect.Method.invoke(Method.java:515)
E/LocationManagerService( 802): at com.android.internal.os.ZygoteInit$MethodAndArgsCaller.run(ZygoteInit.java:786)
E/LocationManagerService( 802): at com.android.internal.os.ZygoteInit.main(ZygoteInit.java:602)
E/LocationManagerService( 802): at dalvik.system.NativeStart.main(Native Method)
D/MobileDataStateTracker( 802): default: Broadcast received: android.intent.action.ANY_DATA_STATE apnType=default
E/FlpHardwareProvider( 802): Error hw_get_module 'flp': -2
E/FlpHardwareProvider( 802): Error hw_get_module 'flp': -2
E/LocationManagerService( 802): no geocoder provider found
E/LocationManagerService( 802): No FusedProvider found.
E/LocationManagerService( 802): no geofence provider found
I/CommonTimeManagementService( 802): No common time service detected on this platform. Common time services will be unavailable.
D/MobileDataStateTracker( 802): fota: Broadcast received: android.intent.action.ANY_DATA_STATE apnType=fota
I/InputReader( 802): Reconfiguring input devices. changes=0x00000020
D/MobileDataStateTracker( 802): dun: Broadcast received: android.intent.action.ANY_DATA_STATE apnType=dun
D/MobileDataStateTracker( 802): supl: Broadcast received: android.intent.action.ANY_DATA_STATE apnType=supl
D/MobileDataStateTracker( 802): hipri: Broadcast received: android.intent.action.ANY_DATA_STATE apnType=hipri
I/InputReader( 802): Reconfiguring input devices. changes=0x00000010
E/USB_UICC( 211): Timeout! No signal received. Retry num = 29
D/MobileDataStateTracker( 802): ims: Broadcast received: android.intent.action.ANY_DATA_STATE apnType=ims
I/ActivityManager( 802): Start proc com.android.phone for added application com.android.phone: pid=937 uid=1001 gids={41001, 3004, 3009, 3005, 1006, 3002, 3001, 3003, 1028, 1015}
I/ActivityManager( 802): START u0 {act=android.intent.action.MAIN cat=[android.intent.category.HOME] flg=0x10000000 cmp=com.android.launcher/com.android.launcher2.Launcher} from pid 0
D/MobileDataStateTracker( 802): mms: Broadcast received: android.intent.action.ANY_DATA_STATE apnType=mms
D/MobileDataStateTracker( 802): cbs: Broadcast received: android.intent.action.ANY_DATA_STATE apnType=cbs
D/MobileDataStateTracker( 802): default: Broadcast received: android.intent.action.ANY_DATA_STATE apnType=default
D/MobileDataStateTracker( 802): fota: Broadcast received: android.intent.action.ANY_DATA_STATE apnType=fota
I/ActivityManager( 802): Start proc com.android.launcher for activity com.android.launcher/com.android.launcher2.Launcher: pid=950 uid=10004 gids={50004}
D/dalvikvm( 857): GC_CONCURRENT freed 272K, 8% free 5205K/5608K, paused 6ms+8ms, total 75ms
D/MobileDataStateTracker( 802): dun: Broadcast received: android.intent.action.ANY_DATA_STATE apnType=dun
D/dalvikvm( 802): GC_CONCURRENT freed 287K, 8% free 4935K/5360K, paused 18ms+18ms, total 143ms
W/ActivityManager( 802): Unable to start service Intent { cmp=com.android.printspooler/.PrintSpoolerService } U=0: not found
D/MobileDataStateTracker( 802): supl: Broadcast received: android.intent.action.ANY_DATA_STATE apnType=supl
D/MobileDataStateTracker( 802): hipri: Broadcast received: android.intent.action.ANY_DATA_STATE apnType=hipri
D/ActivityThread( 937): handleBindApplication:com.android.phone
D/ActivityThread( 937): setTargetHeapUtilization:0.75
D/ActivityThread( 937): setTargetHeapMinFree:524288
I/Choreographer( 802): Skipped 111 frames! The application may be doing too much work on its main thread.
V/KeyguardServiceDelegate( 802): *** Keyguard connected (yay!)
W/InputMethodManagerService( 802): Focus gain on non-focused client android.view.inputmethod.InputMethodManager$1@41f9f150 (uid=1000 pid=802)
D/ActivityThread( 950): handleBindApplication:com.android.launcher
D/ActivityThread( 950): setTargetHeapUtilization:0.75
D/ActivityThread( 950): setTargetHeapMinFree:524288
D/Tethering( 802): Exception adding default nw to upstreamIfaceTypes: java.lang.NullPointerException
D/MobileDataStateTracker( 802): ims: Broadcast received: android.intent.action.ANY_DATA_STATE apnType=ims
D/MobileDataStateTracker( 802): mms: Broadcast received: android.intent.action.ANY_DATA_STATE apnType=mms
D/BluetoothManagerService( 802): Message: 300
D/BluetoothManagerService( 802): MESSAGE_USER_SWITCHED
D/MobileDataStateTracker( 802): cbs: Broadcast received: android.intent.action.ANY_DATA_STATE apnType=cbs
W/Settings( 857): Setting airplane_mode_on has moved from android.provider.Settings.System to android.provider.Settings.Global, returning read-only value.
I/ServiceManager( 240): Waiting for service AtCmdFwd...
D/MobileDataStateTracker( 802): fota: Broadcast received: android.intent.action.ANY_DATA_STATE apnType=fota
V/BackupManagerService( 802): Connected to transport ComponentInfo{android/com.android.internal.backup.LocalTransportService}
V/BackupManagerService( 802): Registering transport android/com.android.internal.backup.LocalTransportService::android/com.android.internal.backup.LocalTransport = com.android.internal.backup.LocalTransport@41f12a28
D/MobileDataStateTracker( 802): dun: Broadcast received: android.intent.action.ANY_DATA_STATE apnType=dun
D/MobileDataStateTracker( 802): supl: Broadcast received: android.intent.action.ANY_DATA_STATE apnType=supl
D/MobileDataStateTracker( 802): hipri: Broadcast received: android.intent.action.ANY_DATA_STATE apnType=hipri
D/MobileDataStateTracker( 802): ims: Broadcast received: android.intent.action.ANY_DATA_STATE apnType=ims
D/MobileDataStateTracker( 802): default: Broadcast received: android.intent.action.ANY_DATA_STATE apnType=default
V/PhoneApp( 937): onCreate()...
D/MobileDataStateTracker( 802): mms: Broadcast received: android.intent.action.ANY_DATA_STATE apnType=mms
D/MobileDataStateTracker( 802): cbs: Broadcast received: android.intent.action.ANY_DATA_STATE apnType=cbs
D/MobileDataStateTracker( 802): fota: Broadcast received: android.intent.action.ANY_DATA_STATE apnType=fota
D/MobileDataStateTracker( 802): dun: Broadcast received: android.intent.action.ANY_DATA_STATE apnType=dun
D/TelephonyIcons( 857): updateDataType sub=0, type=0, inetCondition=0 showAtLeast3G=false show4GforLte=true hspaDistinguishable=false
D/TelephonyIcons( 857): data type item name: array/telephony_data_type_sim1
D/TelephonyIcons( 857): data type item id: 2131099655
D/TelephonyIcons( 857): updateDataType mSelectedDataTypeIcon[0]=0, mSelectedDataActivityIndex=0
D/TelephonyIcons( 857): null signal icon name: drawable/stat_sys_signal_null
D/StatusBar.NetworkController( 857): refreshViews: Data not connected!! Set no data type icon / Roaming
D/MobileDataStateTracker( 802): supl: Broadcast received: android.intent.action.ANY_DATA_STATE apnType=supl
D/MobileDataStateTracker( 802): hipri: Broadcast received: android.intent.action.ANY_DATA_STATE apnType=hipri
D/MobileDataStateTracker( 802): ims: Broadcast received: android.intent.action.ANY_DATA_STATE apnType=ims
D/MobileDataStateTracker( 802): mms: Broadcast received: android.intent.action.ANY_DATA_STATE apnType=mms
D/MobileDataStateTracker( 802): cbs: Broadcast received: android.intent.action.ANY_DATA_STATE apnType=cbs
D/dalvikvm( 950): GC_CONCURRENT freed 212K, 13% free 3125K/3592K, paused 4ms+9ms, total 50ms
D/TelephonyIcons( 857): updateDataType sub=0, type=0, inetCondition=0 showAtLeast3G=false show4GforLte=true hspaDistinguishable=false
D/TelephonyIcons( 857): data type item name: array/telephony_data_type_sim1
D/TelephonyIcons( 857): data type item id: 2131099655
D/TelephonyIcons( 857): updateDataType mSelectedDataTypeIcon[0]=0, mSelectedDataActivityIndex=0
D/StatusBar.NetworkController( 857): refreshViews: Data not connected!! Set no data type icon / Roaming
D/StatusBar.NetworkController( 857): refreshViews: Data not connected!! Set no data type icon / Roaming
D/TelephonyIcons( 857): updateDataType sub=0, type=0, inetCondition=0 showAtLeast3G=false show4GforLte=true hspaDistinguishable=false
D/TelephonyIcons( 857): data type item name: array/telephony_data_type_sim1
D/TelephonyIcons( 857): data type item id: 2131099655
D/TelephonyIcons( 857): updateDataType mSelectedDataTypeIcon[0]=0, mSelectedDataActivityIndex=0
D/TelephonyIcons( 857): null signal icon name: drawable/stat_sys_signal_null
I/rmt_storage( 252): rmt_storage_connect_cb: clnt_h=0x5 conn_h=0xb70ed820
I/rmt_storage( 252): rmt_storage_rw_iovec_cb: /boot/modem_fs2: clnt_h=0x2: req_h=0x9 msg_id=3: R/W request received
I/rmt_storage( 252): wakelock acquired: 1, error no: 42
I/rmt_storage( 252): rmt_storage_client_thread: /boot/modem_fs2: clnt_h=0x2 Unblock worker thread (th_id: -1223763744)
D/StatusBar.NetworkController( 857): refreshViews: Data not connected!! Set no data type icon / Roaming
D/MobileDataStateTracker( 802): default: MDST AsyncChannel=com.android.internal.util.AsyncChannel@42037148
D/MobileDataStateTracker( 802): default: This tracker is connected to sub=0
D/DdsSwitch( 857): mobile data is on.
D/PhoneStatusBar( 857): mSettingsPanelGravity = 55
D/MobileDataStateTracker( 802): mms: MDST AsyncChannel=com.android.internal.util.AsyncChannel@420379d8
D/MobileDataStateTracker( 802): mms: This tracker is connected to sub=0
D/MobileDataStateTracker( 802): supl: MDST AsyncChannel=com.android.internal.util.AsyncChannel@42038108
D/MobileDataStateTracker( 802): supl: This tracker is connected to sub=0
D/MobileDataStateTracker( 802): dun: MDST AsyncChannel=com.android.internal.util.AsyncChannel@42038840
D/MobileDataStateTracker( 802): dun: This tracker is connected to sub=0
D/MobileDataStateTracker( 802): hipri: MDST AsyncChannel=com.android.internal.util.AsyncChannel@42038f70
D/MobileDataStateTracker( 802): hipri: This tracker is connected to sub=0
D/KeyguardUpdateMonitor( 857): Received CONFIGURATION_CHANGED intent
D/StatusBar.NetworkController( 857): refreshViews: Data not connected!! Set no data type icon / Roaming
D/MobileDataStateTracker( 802): fota: MDST AsyncChannel=com.android.internal.util.AsyncChannel@42021028
D/MobileDataStateTracker( 802): fota: This tracker is connected to sub=0
D/MobileDataStateTracker( 802): ims: MDST AsyncChannel=com.android.internal.util.AsyncChannel@42021760
D/MobileDataStateTracker( 802): ims: This tracker is connected to sub=0
D/MobileDataStateTracker( 802): cbs: MDST AsyncChannel=com.android.internal.util.AsyncChannel@42021e90
D/MobileDataStateTracker( 802): cbs: This tracker is connected to sub=0
D/IccSmsInterfaceManager( 937): IccSmsInterfaceManager: initDispatchers()
E/ActivityThread( 857): Failed to find provider info for com.android.contacts
I/rmt_storage( 252): rmt_storage_client_thread: /boot/modem_fs2: clnt_h=0x2: req_h=0x9 msg_id=3: Bytes written = 917504
I/rmt_storage( 252): rmt_storage_client_thread: /boot/modem_fs2: clnt_h=0x2: req_h=0x9 msg_id=3: Send response: res=0 err=0
I/rmt_storage( 252): rmt_storage_client_thread: /boot/modem_fs2: clnt_h=0x2 About to block rmt_storage client thread (th_id: -1223763744) wakelock released: 1, error no: 95
I/rmt_storage( 252):
E/Diag_Lib( 352): [IMS_FATAL]| 3024 | 416 |ims-rtp-daemon ims_rtp_qmi_handler_thread_func waiting on select thread>
I/rmt_storage( 252): rmt_storage_disconnect_cb: clnt_h=0x0x5 conn_h=0x0xb70ed820
I/Choreographer( 857): Skipped 54 frames! The application may be doing too much work on its main thread.
D/dalvikvm( 937): GC_CONCURRENT freed 168K, 11% free 3202K/3592K, paused 5ms+12ms, total 91ms
W/ContextImpl( 937): Implicit intents with startService are not safe: Intent { act=org.codeaurora.ims.IImsService } android.content.ContextWrapper.bindService:517 android.content.ContextWrapper.bindService:517 com.android.phone.PhoneGlobals.createImsService:832
D/PhoneApp( 937): IMSService bound request : true
D/NotificationMgr( 937): updateNotificationsAtStartup()...
D/NotificationMgr( 937): - start call log query...
D/dalvikvm( 950): GC_CONCURRENT freed 67K, 6% free 3514K/3724K, paused 5ms+6ms, total 51ms
D/BluetoothManagerService( 802): Message: 20
D/BluetoothManagerService( 802): Added callback: android.bluetooth.IBluetoothManagerCallback$Stub$Proxy@4202ea18:true
E/ActivityThread( 937): Failed to find provider info for call_log
D/PhoneApp( 937): onCreate: mUpdateLock: android.os.UpdateLock@41e6d250
D/CallController( 937): CallController constructor: app = com.android.phone.PhoneGlobals@41e4cc88
D/CallerInfoCache( 937): init()
D/CallerInfoCache( 937): startAsyncCache
V/StatusBar( 857): userId 0 is in the house
D/CallerInfoCache( 937): setRepeatingCacheUpdateAlarm
D/CallerInfoCache( 937): Start refreshing cache.
D/MDP_SCALE( 201): Debug messages enabled = 0
E/qdhwcomposer( 201): hwc_sync: ioctl MSMFB_BUFFER_SYNC failed, err=Invalid argument
E/qdhwcomposer( 201): hwc_sync: acq_fen_fd_cnt=1 flags=16 fd=16 dpy=0 numHwLayers=2
D/CallStateMonitor( 937): Adding Handler: Handler (com.android.phone.CallModeler) {41e715a8}
W/CallerInfoCache( 937): cursor is null
E/ActivityThread( 857): Failed to find provider info for com.android.contacts
E/ActivityThread( 937): Failed to find provider info for com.android.contacts
D/BluetoothManagerService( 802): Message: 30
E/BluetoothHeadset( 937): Could not bind to Bluetooth Headset Service with Intent { act=android.bluetooth.IBluetoothHeadset }
D/CallHandlerServiceProxy( 937): init CallHandlerServiceProxy
D/CallHandlerServiceProxy( 937): CallHandlerService not conneccted. Skipping onAudioModeChange().
D/CallHandlerServiceProxy( 937): CallHandlerService not conneccted. SkippingonSupportedAudioModeChange().
E/USB_UICC( 211): Timeout! No signal received. Retry num = 30
D/PhoneInterfaceManager( 937): [PhoneIntfMgr] publish: com.android.phone.PhoneInterfaceManager@41e79df0
D/CallStateMonitor( 937): Adding Handler: Handler (com.android.phone.CallNotifier) {41e7abb0}
D/AudioPolicyManagerBase( 204): getOutput() device 1, stream 0, samplingRate 0, format 0, channelMask 3, flags 0
D/AudioPolicyManagerBase( 204): getOutput() returns output 2
D/AudioPolicyManagerBase( 204): getOutput() device 1, stream 0, samplingRate 0, format 0, channelMask 3, flags 0
D/AudioPolicyManagerBase( 204): getOutput() returns output 2
D/AudioPolicyManagerBase( 204): getOutput() device 1, stream 0, samplingRate 44100, format 1, channelMask 1, flags 4
D/AudioPolicyManagerBase( 204): getOutput() returns output 3
D/CallNotifier( 937): CallNotifier: mSignalInfoToneGenerator created when toneplay
D/BluetoothManagerService( 802): Message: 30
E/BluetoothHeadset( 937): Could not bind to Bluetooth Headset Service with Intent { act=android.bluetooth.IBluetoothHeadset }
V/PhoneApp( 937): register for ICC status
E/AppsCustomizePagedView( 950): Create Res Apk Failed
D/PhoneUtils( 937): setAudioMode()...IDLE
D/PhoneUtils( 937): setAudioMode() no change: MODE_NORMAL
E/PhoneApp( 937): failed to load class obj!
E/PhoneApp( 937): java.lang.ClassNotFoundException: com.qualcomm.qti.phonefeature.PhoneServiceClient
E/PhoneApp( 937): at java.lang.Class.classForName(Native Method)
E/PhoneApp( 937): at java.lang.Class.forName(Class.java:251)
E/PhoneApp( 937): at java.lang.Class.forName(Class.java:216)
E/PhoneApp( 937): at com.android.phone.PhoneGlobals.loadClassObj(PhoneGlobals.java:492)
E/PhoneApp( 937): at com.android.phone.PhoneGlobals.loadPhoneServiceBinder(PhoneGlobals.java:481)
E/PhoneApp( 937): at com.android.phone.PhoneGlobals.onCreate(PhoneGlobals.java:826)
E/PhoneApp( 937): at com.android.phone.PhoneApp.onCreate(PhoneApp.java:44)
E/PhoneApp( 937): at android.app.Instrumentation.callApplicationOnCreate(Instrumentation.java:1007)
E/PhoneApp( 937): at android.app.ActivityThread.handleBindApplication(ActivityThread.java:4422)
E/PhoneApp( 937): at android.app.ActivityThread.access$1500(ActivityThread.java:138)
E/PhoneApp( 937): at android.app.ActivityThread$H.handleMessage(ActivityThread.java:1259)
E/PhoneApp( 937): at android.os.Handler.dispatchMessage(Handler.java:102)
E/PhoneApp( 937): at android.os.Looper.loop(Looper.java:136)
E/PhoneApp( 937): at android.app.ActivityThread.main(ActivityThread.java:5095)
E/PhoneApp( 937): at java.lang.reflect.Method.invokeNative(Native Method)
E/PhoneApp( 937): at java.lang.reflect.Method.invoke(Method.java:515)
E/PhoneApp( 937): at com.android.internal.os.ZygoteInit$MethodAndArgsCaller.run(ZygoteInit.java:786)
E/PhoneApp( 937): at com.android.internal.os.ZygoteInit.main(ZygoteInit.java:602)
E/PhoneApp( 937): at dalvik.system.NativeStart.main(Native Method)
E/PhoneApp( 937): Caused by: java.lang.NoClassDefFoundError: com/qualcomm/qti/phonefeature/PhoneServiceClient
E/PhoneApp( 937): ... 19 more
E/PhoneApp( 937): Caused by: java.lang.ClassNotFoundException: Didn't find class "com.qualcomm.qti.phonefeature.PhoneServiceClient" on path: DexPathList[[zip file "/system/priv-app/TeleService.apk"],nativeLibraryDirectories=[/vendor/lib, /system/lib]]
E/PhoneApp( 937): at dalvik.system.BaseDexClassLoader.findClass(BaseDexClassLoader.java:56)
E/PhoneApp( 937): at java.lang.ClassLoader.loadClass(ClassLoader.java:497)
E/PhoneApp( 937): at java.lang.ClassLoader.loadClass(ClassLoader.java:457)
E/PhoneApp( 937): ... 19 more
D/dalvikvm( 857): GC_CONCURRENT freed 155K, 5% free 5697K/5984K, paused 5ms+8ms, total 65ms
D/dalvikvm( 857): WAIT_FOR_CONCURRENT_GC blocked 59ms
E/USB_UICC( 211): Timeout! No signal received. Reach maximum retries!
E/USB_UICC( 211): usb_uicc_init_qmi failed !
I/USB_UICC( 211): usb_uicc_cleanup, signal received: 0x3
I/USB_UICC( 211): usb_uicc_cleanup, Issuing QMI deinit ...
D/dalvikvm( 950): GC_FOR_ALLOC freed 28K, 5% free 3576K/3736K, paused 57ms, total 60ms
I/dalvikvm-heap( 950): Grow heap (frag case) to 6.557MB for 2560016-byte allocation
W/ ( 937): Unable to set rtc to 1657132652: Invalid argument
D/dalvikvm( 857): GC_FOR_ALLOC freed 8K, 5% free 6298K/6592K, paused 53ms, total 53ms
D/dalvikvm( 950): GC_CONCURRENT freed 6K, 3% free 6069K/6240K, paused 5ms+14ms, total 80ms
I/ServiceManager( 240): Waiting for service AtCmdFwd...
D/ActivityThread( 997): handleBindApplication:com.qualcomm.timeservice
D/ActivityThread( 997): setTargetHeapUtilization:0.75
D/ActivityThread( 997): setTargetHeapMinFree:524288
D/PhoneStatusBar( 857): disable: < expand icons alerts ticker system_info back home RECENT* clock SEARCH* > D/dalvikvm( 997): No JNI_OnLoad found in /vendor/lib/libTimeService.so 0x41e34e98, skipping init
D/TimeService( 997): Receivedandroid.intent.action.TIME_SET intent. Current Time is 1657132652692
D/ ( 997): TimeServiceNative: User Time to be set is 1657132652692
D/QC-time-services( 997): Lib:time_genoff_operation: pargs->base = 2
D/QC-time-services( 997): Lib:time_genoff_operation: pargs->operation = 0
D/QC-time-services( 997): Lib:time_genoff_operation: pargs->ts_val = 1657132652692
D/QC-time-services( 242): Daemon: Connection accepted:time_genoff
D/QC-time-services( 997): Lib:time_genoff_operation: Send to server passed!!
D/QC-time-services( 242): Daemon:Received base = 2, unit = 1, operation = 0,value = 1657132652692
D/QC-time-services( 242): Daemon:genoff_opr: Base = 2, val = 1657132652692, operation = 0
D/QC-time-services( 242): Daemon:rtc_get: Time read from RTC -- MM/DD/YY HH:MM:SS0/1/70 1:0:50
D/QC-time-services( 242): Daemon:Value read from RTC seconds = 3650000
D/QC-time-services( 242): Daemon:new time 1657132652692
D/QC-time-services( 242): Daemon: delta 1657129002692 genoff 1657129002692
D/QC-time-services( 242): Daemon:genoff_persistent_update: Writing genoff = 1657129002692 to memory
D/QC-time-services( 242): Daemon:Opening File: /data/time/ats_2
D/QC-time-services( 242): Daemon:time_persistent_memory_opr:Genoff write operation
W/Settings( 857): Setting airplane_mode_on has moved from android.provider.Settings.System to android.provider.Settings.Global, returning read-only value.
D/QC-time-services( 242): Updating the TOD offset
D/QC-time-services( 242): Daemon:genoff_persistent_update: Writing genoff = 1657129002692 to memory
D/QC-time-services( 242): Daemon:Opening File: /data/time/ats_1
D/QC-time-services( 242): Daemon:time_persistent_memory_opr:Genoff write operation
E/QC-time-services( 242): Daemon:Update to modem bit set
D/QC-time-services( 242): Daemon:genoff_send_modem: Sending data to MODEM !
E/QC-time-services( 997): Receive Passed == base = 2, unit = 1, operation = 0, result = 0
D/QC-time-services( 242): Daemon: Base = 2, Value being sent to MODEM = 1341164202692
