I/ActivityManager( 802): Start proc com.disaplay.test.test for broadcast com.disaplay.test.test/.BootBroadcastReceiver: pid=1136 uid=1000 gids={41000, 1028, 1015, 3002, 3001, 3003, 1023}
D/AudioPlayer( 204): start of Playback, useOffload 0
I/BootReceiver( 802): Copying audit failures to DropBox
I/BootReceiver( 802): Checking for fsck errors
E/MMParserExtractor( 204): FileSource::FILE_SOURCE_DATA_END
E/ActivityThread( 802): Failed to find provider info for downloads
E/BootReceiver( 802): Can't remove old update packages
E/BootReceiver( 802): java.lang.IllegalArgumentException: Unknown URL content://downloads/my_downloads
E/BootReceiver( 802): at android.content.ContentResolver.delete(ContentResolver.java:1278)
E/BootReceiver( 802): at android.provider.Downloads.removeAllDownloadsByPackage(Downloads.java:810)
E/BootReceiver( 802): at com.android.server.BootReceiver.removeOldUpdatePackages(BootReceiver.java:97)
E/BootReceiver( 802): at com.android.server.BootReceiver.access$100(BootReceiver.java:42)
E/BootReceiver( 802): at com.android.server.BootReceiver$1.run(BootReceiver.java:86)
E/qdhwcomposer( 201): hwc_sync: ioctl MSMFB_BUFFER_SYNC failed, err=Invalid argument
E/qdhwcomposer( 201): hwc_sync: acq_fen_fd_cnt=0 flags=16 fd=16 dpy=0 numHwLayers=4
D/AudioPlayer( 204): Pause Playback at 94000
D/AudioPlayer( 204): reset: mPlaying=0 mReachedEOS=1 useOffload=0
I/ExtendedUtils( 204): AV Sync late margin : Intended=40ms Using=0ms
D/Utils ( 204): printFileName fd(20) -> /system/media/audio/ui/KeypressStandard.ogg
D/ExtendedUtils( 204): Try creating ExtendedExtractor
D/ExtendedUtils( 204): default extractor is NULL, return extended extractor
E/MM_OSAL ( 204): FileSource::FileSource
E/MM_OSAL ( 204): FileSource::FileSource m_bEveryThingOK 1
E/MM_OSAL ( 204): MM_File_Create failed .Efs Error No -1 , File Name /data/mmosal_logmask.cfg , Mode 0
D/OMXCodec( 204): Successfully allocated OMX node 'OMX.google.vorbis.decoder'
I/AwesomePlayer( 204): Could not offload audio decode, try pcm offload
D/AudioPlayer( 204): start of Playback, useOffload 0
E/MMParserExtractor( 204): FileSource::FILE_SOURCE_DATA_END
D/AudioPlayer( 204): Pause Playback at 108000
D/AudioPlayer( 204): reset: mPlaying=0 mReachedEOS=1 useOffload=0
E/qdhwcomposer( 201): hwc_sync: ioctl MSMFB_BUFFER_SYNC failed, err=Invalid argument
E/qdhwcomposer( 201): hwc_sync: acq_fen_fd_cnt=0 flags=16 fd=16 dpy=0 numHwLayers=4
I/ExtendedUtils( 204): AV Sync late margin : Intended=40ms Using=0ms
D/Utils ( 204): printFileName fd(20) -> /system/media/audio/ui/KeypressSpacebar.ogg
D/ExtendedUtils( 204): Try creating ExtendedExtractor
D/ExtendedUtils( 204): default extractor is NULL, return extended extractor
E/MM_OSAL ( 204): FileSource::FileSource
E/MM_OSAL ( 204): FileSource::FileSource m_bEveryThingOK 1
E/MM_OSAL ( 204): MM_File_Create failed .Efs Error No -1 , File Name /data/mmosal_logmask.cfg , Mode 0
D/OMXCodec( 204): Successfully allocated OMX node 'OMX.google.vorbis.decoder'
I/AwesomePlayer( 204): Could not offload audio decode, try pcm offload
D/AudioPlayer( 204): start of Playback, useOffload 0
E/MMParserExtractor( 204): FileSource::FILE_SOURCE_DATA_END
D/AudioPlayer( 204): Pause Playback at 108000
D/AudioPlayer( 204): reset: mPlaying=0 mReachedEOS=1 useOffload=0
I/ExtendedUtils( 204): AV Sync late margin : Intended=40ms Using=0ms
D/Utils ( 204): printFileName fd(20) -> /system/media/audio/ui/KeypressDelete.ogg
D/ExtendedUtils( 204): Try creating ExtendedExtractor
D/ExtendedUtils( 204): default extractor is NULL, return extended extractor
E/MM_OSAL ( 204): FileSource::FileSource
E/MM_OSAL ( 204): FileSource::FileSource m_bEveryThingOK 1
E/MM_OSAL ( 204): MM_File_Create failed .Efs Error No -1 , File Name /data/mmosal_logmask.cfg , Mode 0
D/OMXCodec( 204): Successfully allocated OMX node 'OMX.google.vorbis.decoder'
I/AwesomePlayer( 204): Could not offload audio decode, try pcm offload
D/AudioPlayer( 204): start of Playback, useOffload 0
E/MMParserExtractor( 204): FileSource::FILE_SOURCE_DATA_END
D/AudioPlayer( 204): Pause Playback at 108000
D/AudioPlayer( 204): reset: mPlaying=0 mReachedEOS=1 useOffload=0
I/ExtendedUtils( 204): AV Sync late margin : Intended=40ms Using=0ms
D/Utils ( 204): printFileName fd(20) -> /system/media/audio/ui/KeypressReturn.ogg
D/ExtendedUtils( 204): Try creating ExtendedExtractor
D/ExtendedUtils( 204): default extractor is NULL, return extended extractor
E/MM_OSAL ( 204): FileSource::FileSource
E/MM_OSAL ( 204): FileSource::FileSource m_bEveryThingOK 1
E/MM_OSAL ( 204): MM_File_Create failed .Efs Error No -1 , File Name /data/mmosal_logmask.cfg , Mode 0
D/OMXCodec( 204): Successfully allocated OMX node 'OMX.google.vorbis.decoder'
I/AwesomePlayer( 204): Could not offload audio decode, try pcm offload
D/AudioPlayer( 204): start of Playback, useOffload 0
E/qdhwcomposer( 201): hwc_sync: ioctl MSMFB_BUFFER_SYNC failed, err=Invalid argument
E/qdhwcomposer( 201): hwc_sync: acq_fen_fd_cnt=0 flags=16 fd=16 dpy=0 numHwLayers=4
E/MMParserExtractor( 204): FileSource::FILE_SOURCE_DATA_END
D/AudioPlayer( 204): Pause Playback at 108000
D/AudioPlayer( 204): reset: mPlaying=0 mReachedEOS=1 useOffload=0
E/qdhwcomposer( 201): hwc_sync: ioctl MSMFB_BUFFER_SYNC failed, err=Invalid argument
E/qdhwcomposer( 201): hwc_sync: acq_fen_fd_cnt=0 flags=16 fd=16 dpy=0 numHwLayers=4
I/ExtendedUtils( 204): AV Sync late margin : Intended=40ms Using=0ms
D/Utils ( 204): printFileName fd(20) -> /system/media/audio/ui/KeypressInvalid.ogg
D/ExtendedUtils( 204): Try creating ExtendedExtractor
D/ExtendedUtils( 204): default extractor is NULL, return extended extractor
E/MM_OSAL ( 204): FileSource::FileSource
E/MM_OSAL ( 204): FileSource::FileSource m_bEveryThingOK 1
E/MM_OSAL ( 204): MM_File_Create failed .Efs Error No -1 , File Name /data/mmosal_logmask.cfg , Mode 0
D/OMXCodec( 204): Successfully allocated OMX node 'OMX.google.vorbis.decoder'
I/AwesomePlayer( 204): Could not offload audio decode, try pcm offload
D/AudioPlayer( 204): start of Playback, useOffload 0
D/dalvikvm( 802): GC_EXPLICIT freed 255K, 12% free 5101K/5736K, paused 68ms+6ms, total 171ms
E/MMParserExtractor( 204): FileSource::FILE_SOURCE_DATA_END
D/AudioPlayer( 204): Pause Playback at 182000
D/AudioPlayer( 204): reset: mPlaying=0 mReachedEOS=1 useOffload=0
D/ActivityThread( 1136): handleBindApplication:com.disaplay.test.test
D/ActivityThread( 1136): setTargetHeapUtilization:0.75
D/ActivityThread( 1136): setTargetHeapMinFree:524288
E/qdhwcomposer( 201): hwc_sync: ioctl MSMFB_BUFFER_SYNC failed, err=Invalid argument
E/qdhwcomposer( 201): hwc_sync: acq_fen_fd_cnt=0 flags=16 fd=16 dpy=0 numHwLayers=4
D/CIGO_LCD( 1136): onReceive : enter. action=android.intent.action.BOOT_COMPLETED
D/CIGO_LCD( 1136): BootBroadcastReceiver : start Service
W/ContextImpl( 1136): Calling a method in the system process without a qualified user: android.app.ContextImpl.startService:1495 android.content.ContextWrapper.startService:494 android.content.ContextWrapper.startService:494 com.disaplay.test.test.BootBroadcastReceiver.onReceive:19 android.app.ActivityThread.handleReceiver:2410
W/ContextImpl( 802): Implicit intents with startService are not safe: Intent { act=com.dsi.ant.server.IAntHal } android.content.ContextWrapper.startService:494 android.content.ContextWrapper.startService:494 com.dsi.ant.server.AntService.startService:125
W/ContextImpl( 802): Calling a method in the system process without a qualified user: android.app.ContextImpl.startService:1495 android.content.ContextWrapper.startService:494 android.content.ContextWrapper.startService:494 com.dsi.ant.server.AntService.startService:125 com.dsi.ant.server.startup.BootCompletedReceiver.onReceive:41
D/dalvikvm( 802): Trying to load lib libantradio.so 0x42035d80
D/dalvikvm( 802): Added shared lib libantradio.so 0x42035d80
I/ActivityManager( 802): Start proc com.qualcomm.telephony for broadcast com.qualcomm.fastdormancy/.FastDormancyReceiver: pid=1174 uid=1000 gids={41000, 1028, 1015, 3002, 3001, 3003, 1023}
D/ActivityThread( 1174): handleBindApplication:com.qualcomm.telephony
D/ActivityThread( 1174): setTargetHeapUtilization:0.75
D/ActivityThread( 1174): setTargetHeapMinFree:524288
D/DormancyReceiver( 1174): Received Unexpected Intent Intent { act=android.intent.action.BOOT_COMPLETED flg=0x8000010 cmp=com.qualcomm.fastdormancy/.FastDormancyReceiver (has extras) }
I/ActivityManager( 802): Start proc com.qualcomm.qcrilmsgtunnel for broadcast com.qualcomm.qcrilmsgtunnel/.QcrilMsgTunnelAutoboot: pid=1188 uid=1001 gids={41001, 3004, 3009, 3005, 1006, 3002, 3001, 3003, 1028, 1015}
D/dalvikvm( 202): GC_EXPLICIT freed 40K, 18% free 2959K/3592K, paused 3ms+4ms, total 50ms
D/dalvikvm( 202): GC_EXPLICIT freed <1K, 18% free 2959K/3592K, paused 3ms+3ms, total 50ms
D/dalvikvm( 202): GC_EXPLICIT freed <1K, 18% free 2959K/3592K, paused 3ms+3ms, total 40ms
D/ActivityThread( 1188): handleBindApplication:com.qualcomm.qcrilmsgtunnel
D/ActivityThread( 1188): setTargetHeapUtilization:0.75
D/ActivityThread( 1188): setTargetHeapMinFree:524288
D/dalvikvm( 1136): No JNI_OnLoad found in /system/lib/liblcd_splash.so 0x41e37dc8, skipping init
D/CIGO_LCD( 1136): CigoLcdSplash: enter
D/CIGO_LCD( 1136): setBackgroundColorComm()
D/CIGO_LCD( 1136): setDeviceInfoComm: category=11; value=7
D/CIGO_LCD( 1136): imsi=262075210701449
D/CIGO_LCD( 1136): setDeviceInfoComm: category=15; value=3
D/CIGO_LCD( 1136): Splash DEVICE_INFO_COMM_UI_BATT_CAPACITY: BATT_CAPACITY_3
D/CIGO_LCD( 1136): setDeviceInfoComm: category=10; value=1
D/CIGO_LCD( 1136): setDeviceInfoComm: category=13; value=0
D/QcrilMsgTunnelAutoboot( 1188): ComponentInfo{com.qualcomm.qcrilmsgtunnel/com.qualcomm.qcrilmsgtunnel.QcrilMsgTunnelService} started successfully
D/QcrilMsgTunnelService( 1188): onCreate method
D/QcrilMsgTunnelIfaceManager( 1188): :Instantiated
I/ActivityManager( 802): Delay finish: com.qualcomm.qcrilmsgtunnel/.QcrilMsgTunnelAutoboot
V/QcrilMsgTunnelSocket( 1188): Starting QcRil Sender & Receiver threads
D/CIGO_LCD( 1136): setDeviceInfoComm: category=14; value=1
I/QcrilMsgTunnelSocket( 1188): Connected to 'qmux_radio/rild_oem0' socket
D/QcrilMsgTunnelIfaceManager( 1188): Registered SUB0 for UNSOL OEM HOOK to deliver external apps
D/CIGO_LCD( 1136): setDeviceInfoComm: category=14; value=1
E/CIGO_LCD( 1136): Exception:java.lang.RuntimeException: PhoneFactory.getDefaultPhone must be called from Looper thread
D/CIGO_LCD( 1136): setDeviceInfoComm: category=11; value=0
D/CIGO_LCD( 1136): setDeviceInfoComm: category=11; value=5
D/CIGO_LCD( 1136): setDeviceInfoComm: category=10; value=0
E/qdhwcomposer( 201): hwc_sync: ioctl MSMFB_BUFFER_SYNC failed, err=Invalid argument
E/qdhwcomposer( 201): hwc_sync: acq_fen_fd_cnt=1 flags=16 fd=16 dpy=0 numHwLayers=4
D/WanDataController( 1116): setPreferredNetworkType 12
D/WanDataController( 1116): updaterndisState sucess2
D/ConnectivityService( 802): setMobileDataEnabled(true)
D/ConnectivityService( 802): setMobileDataEnabled defaultSub is(0)
D/MobileDataStateTracker( 802): default: setUserDataEnable: E enabled=truesubId = 0
D/Tethering( 802): Exception adding default nw to upstreamIfaceTypes: java.lang.NullPointerException
I/PPPOEService( 802): NetdCallbackReceiver onEvent 600600 Iface added rndis0
D/Tethering( 802): Exception adding default nw to upstreamIfaceTypes: java.lang.NullPointerException
D/Tethering( 802): sendTetherStateChangedBroadcast 1, 0, 0
I/PPPOEService( 802): NetdCallbackReceiver onEvent 600600 Iface linkstate rndis0 down
W/ProcessCpuTracker( 802): Skipping unknown process pid 1211
D/MobileDataStateTracker( 802): default: setPolicyDataEnable(enabled=true)
D/WanApnController( 1116): setCurrentAPN: apn id 1
I/PowerUI ( 857): showing low battery warning: level=3 [-2]
E/qdhwcomposer( 201): hwc_sync: ioctl MSMFB_BUFFER_SYNC failed, err=Invalid argument
E/qdhwcomposer( 201): hwc_sync: acq_fen_fd_cnt=0 flags=16 fd=16 dpy=0 numHwLayers=4
D/CIGO_LCD( 1136): imsi=262075210701449
D/CIGO_LCD( 1136): setDeviceInfoComm: category=15; value=3
I/EntropyMixer( 802): Writing entropy...
E/MediaPlayer-JNI( 857): QCMediaPlayer mediaplayer NOT present
D/CIGO_LCD( 1136): wifi close
D/CIGO_LCD( 1136): setDeviceInfoComm: category=13; value=0
I/ExtendedUtils( 204): AV Sync late margin : Intended=40ms Using=0ms
D/Utils ( 204): printFileName fd(18) -> /system/media/audio/ui/LowBattery.ogg
D/ExtendedUtils( 204): Try creating ExtendedExtractor
D/ExtendedUtils( 204): default extractor is NULL, return extended extractor
E/MM_OSAL ( 204): FileSource::FileSource
E/MM_OSAL ( 204): FileSource::FileSource m_bEveryThingOK 1
E/MM_OSAL ( 204): MM_File_Create failed .Efs Error No -1 , File Name /data/mmosal_logmask.cfg , Mode 0
D/OMXCodec( 204): Successfully allocated OMX node 'OMX.google.vorbis.decoder'
I/AwesomePlayer( 204): Could not offload audio decode, try pcm offload
D/Ringtone( 857): Successfully created local player
E/MediaPlayer-JNI( 857): QCMediaPlayer mediaplayer NOT present
I/ExtendedUtils( 204): AV Sync late margin : Intended=40ms Using=0ms
D/Utils ( 204): printFileName fd(18) -> /system/media/audio/ui/LowBattery.ogg
D/TelephonyProvider( 937): Column apn id key is 'apn_id'
D/ExtendedUtils( 204): Try creating ExtendedExtractor
D/ExtendedUtils( 204): default extractor is NULL, return extended extractor
E/MM_OSAL ( 204): FileSource::FileSource
E/MM_OSAL ( 204): FileSource::FileSource m_bEveryThingOK 1
E/MM_OSAL ( 204): MM_File_Create failed .Efs Error No -1 , File Name /data/mmosal_logmask.cfg , Mode 0
D/TelephonyProvider( 937): Column apn id key is 'apn_id'
D/OMXCodec( 204): Successfully allocated OMX node 'OMX.google.vorbis.decoder'
I/AwesomePlayer( 204): Could not offload audio decode, try pcm offload
D/Tethering( 802): Tethering rndis0
D/Tethering( 802): InitialState.processMessage what=2
D/Ringtone( 857): Successfully created local player
D/AudioPlayer( 204): start of Playback, useOffload 0
D/AudioPolicyManagerBase( 204): getOutput() device 2, stream 1, samplingRate 0, format 0, channelMask 3, flags 0
D/AudioPolicyManagerBase( 204): getOutput() returns output 2
D/AudioPolicyManagerBase( 204): getOutput() device 2, stream 1, samplingRate 0, format 0, channelMask 3, flags 0
D/AudioPolicyManagerBase( 204): getOutput() returns output 2
D/AudioPolicyManagerBase( 204): getOutput() device 2, stream 1, samplingRate 44100, format 1, channelMask 1, flags 0
D/AudioPolicyManagerBase( 204): getOutput() returns output 2
D/AudioPolicyManagerBase( 204): getOutput() device 2, stream 1, samplingRate 0, format 0, channelMask 3, flags 0
D/AudioPolicyManagerBase( 204): getOutput() returns output 2
D/AudioFlinger( 204): start(4096), calling pid 857 session 6
D/AudioFlinger( 204): ? => ACTIVE (4096) on thread 0xb874c950
D/AudioPolicyManagerBase( 204): startOutput() output 2, stream 1, session 6
I/PowerUI ( 857): updating low battery warning: level=3 [-2]
I/PowerUI ( 857): closing low battery warning: level=3
E/MediaPlayer( 857): Should have subtitle controller already set
D/MobileDataStateTracker( 802): fota: Broadcast received: android.intent.action.ANY_DATA_STATE apnType=fota
D/MobileDataStateTracker( 802): dun: Broadcast received: android.intent.action.ANY_DATA_STATE apnType=dun
D/MobileDataStateTracker( 802): supl: Broadcast received: android.intent.action.ANY_DATA_STATE apnType=supl
D/MobileDataStateTracker( 802): hipri: Broadcast received: android.intent.action.ANY_DATA_STATE apnType=hipri
D/MobileDataStateTracker( 802): ims: Broadcast received: android.intent.action.ANY_DATA_STATE apnType=ims
D/MobileDataStateTracker( 802): default: Broadcast received: android.intent.action.ANY_DATA_STATE apnType=default
E/qdhwcomposer( 201): hwc_sync: ioctl MSMFB_BUFFER_SYNC failed, err=Invalid argument
E/qdhwcomposer( 201): hwc_sync: acq_fen_fd_cnt=0 flags=16 fd=16 dpy=0 numHwLayers=4
D/MobileDataStateTracker( 802): mms: Broadcast received: android.intent.action.ANY_DATA_STATE apnType=mms
D/MobileDataStateTracker( 802): cbs: Broadcast received: android.intent.action.ANY_DATA_STATE apnType=cbs
D/MobileDataStateTracker( 802): fota: Broadcast received: android.intent.action.ANY_DATA_STATE apnType=fota
D/MobileDataStateTracker( 802): dun: Broadcast received: android.intent.action.ANY_DATA_STATE apnType=dun
D/PhoneApp( 937): mReceiver: ACTION_ANY_DATA_CONNECTION_STATE_CHANGED
D/PhoneApp( 937): - state: DISCONNECTED
D/PhoneApp( 937): - reason: apnChanged
D/PhoneApp( 937): - subscription: 0
D/PhoneApp( 937): mReceiver: ACTION_ANY_DATA_CONNECTION_STATE_CHANGED
D/PhoneApp( 937): - state: DISCONNECTED
D/PhoneApp( 937): - reason: apnChanged
D/PhoneApp( 937): - subscription: 0
D/PhoneApp( 937): mReceiver: ACTION_ANY_DATA_CONNECTION_STATE_CHANGED
D/PhoneApp( 937): - state: DISCONNECTED
D/PhoneApp( 937): - reason: apnChanged
D/PhoneApp( 937): - subscription: 0
D/PhoneApp( 937): mReceiver: ACTION_ANY_DATA_CONNECTION_STATE_CHANGED
D/PhoneApp( 937): - state: DISCONNECTED
D/PhoneApp( 937): - reason: apnChanged
D/PhoneApp( 937): - subscription: 0
D/PhoneApp( 937): mReceiver: ACTION_ANY_DATA_CONNECTION_STATE_CHANGED
D/PhoneApp( 937): - state: DISCONNECTED
D/PhoneApp( 937): - reason: apnChanged
D/PhoneApp( 937): - subscription: 0
D/PhoneApp( 937): mReceiver: ACTION_ANY_DATA_CONNECTION_STATE_CHANGED
D/PhoneApp( 937): - state: DISCONNECTED
D/PhoneApp( 937): - reason: apnChanged
D/PhoneApp( 937): - subscription: 0
D/PhoneApp( 937): mReceiver: ACTION_ANY_DATA_CONNECTION_STATE_CHANGED
D/PhoneApp( 937): - state: DISCONNECTED
D/PhoneApp( 937): - reason: apnChanged
D/PhoneApp( 937): - subscription: 0
D/PhoneApp( 937): mReceiver: ACTION_ANY_DATA_CONNECTION_STATE_CHANGED
D/PhoneApp( 937): - state: DISCONNECTED
D/PhoneApp( 937): - reason: apnChanged
D/PhoneApp( 937): - subscription: 0
D/PhoneApp( 937): mReceiver: ACTION_ANY_DATA_CONNECTION_STATE_CHANGED
D/MobileDataStateTracker( 802): supl: Broadcast received: android.intent.action.ANY_DATA_STATE apnType=supl
D/MobileDataStateTracker( 802): hipri: Broadcast received: android.intent.action.ANY_DATA_STATE apnType=hipri
D/CIGO_LCD( 1136): imsi=262075210701449
D/CIGO_LCD( 1136): setDeviceInfoComm: category=15; value=3
D/PhoneApp( 937): - state: DISCONNECTED
D/PhoneApp( 937): - reason: apnChanged
D/PhoneApp( 937): - subscription: 0
D/PhoneApp( 937): mReceiver: ACTION_ANY_DATA_CONNECTION_STATE_CHANGED
D/CommandListener( 198): Setting iface cfg
D/CommandListener( 198): Trying to bring up rndis0
I/PPPOEService( 802): NetdCallbackReceiver onEvent 614614 Address updated 192.168.42.129/24 rndis0 128 0
I/PPPOEService( 802): NetdCallbackReceiver onEvent 600600 Iface linkstate rndis0 up
D/PhoneApp( 937): - state: DISCONNECTED
D/PhoneApp( 937): - reason: apnChanged
D/PhoneApp( 937): - subscription: 0
D/PhoneApp( 937): mReceiver: ACTION_ANY_DATA_CONNECTION_STATE_CHANGED
D/PhoneApp( 937): - state: DISCONNECTED
D/PhoneApp( 937): - reason: apnChanged
D/PhoneApp( 937): - subscription: 0
D/PhoneApp( 937): mReceiver: ACTION_ANY_DATA_CONNECTION_STATE_CHANGED
D/PhoneApp( 937): - state: DISCONNECTED
D/PhoneApp( 937): - reason: apnChanged
D/PhoneApp( 937): - subscription: 0
D/PhoneApp( 937): mReceiver: ACTION_ANY_DATA_CONNECTION_STATE_CHANGED
D/PhoneApp( 937): - state: DISCONNECTED
D/PhoneApp( 937): - reason: apnChanged
D/PhoneApp( 937): - subscription: 0
D/PhoneApp( 937): mReceiver: ACTION_ANY_DATA_CONNECTION_STATE_CHANGED
D/PhoneApp( 937): - state: DISCONNECTED
I/PPPOEService( 802): NetdCallbackReceiver onEvent 600600 Iface linkstate rndis0 up
D/PhoneApp( 937): - reason: apnChanged
D/PhoneApp( 937): - subscription: 0
D/PhoneApp( 937): mReceiver: ACTION_ANY_DATA_CONNECTION_STATE_CHANGED
D/PhoneApp( 937): - state: DISCONNECTED
D/PhoneApp( 937): - reason: apnChanged
D/PhoneApp( 937): - subscription: 0
D/NotificationMgr( 937): hideDataDisconnectedRoaming()...
D/MobileDataStateTracker( 802): ims: Broadcast received: android.intent.action.ANY_DATA_STATE apnType=ims
D/NotificationMgr( 937): hideDataDisconnectedRoaming()...
D/NotificationMgr( 937): hideDataDisconnectedRoaming()...
D/NotificationMgr( 937): hideDataDisconnectedRoaming()...
D/NotificationMgr( 937): hideDataDisconnectedRoaming()...
D/NotificationMgr( 937): hideDataDisconnectedRoaming()...
D/NotificationMgr( 937): hideDataDisconnectedRoaming()...
D/NotificationMgr( 937): hideDataDisconnectedRoaming()...
D/MobileDataStateTracker( 802): mms: Broadcast received: android.intent.action.ANY_DATA_STATE apnType=mms
D/MobileDataStateTracker( 802): cbs: Broadcast received: android.intent.action.ANY_DATA_STATE apnType=cbs
D/NotificationMgr( 937): hideDataDisconnectedRoaming()...
D/NotificationMgr( 937): hideDataDisconnectedRoaming()...
D/NotificationMgr( 937): hideDataDisconnectedRoaming()...
D/NotificationMgr( 937): hideDataDisconnectedRoaming()...
D/NotificationMgr( 937): hideDataDisconnectedRoaming()...
D/NotificationMgr( 937): hideDataDisconnectedRoaming()...
D/NotificationMgr( 937): hideDataDisconnectedRoaming()...
D/Tethering( 802): Exception adding default nw to upstreamIfaceTypes: java.lang.NullPointerException
D/Tethering( 802): sendTetherStateChangedBroadcast 0, 0, 0
D/CommandListener( 198): TetherCmd::runCommand. argc: 4. argv[0]: tether
D/TetherController( 198): tetherInterface(rndis0)
D/TetherController( 198): addV6RtrAdvIface: len = 1. Iface: rndis0
D/TetherController( 198): Router advertisement daemon already stopped
D/TetherController( 198): Router advertisement daemon running
D/radish ( 1222): radish_bridge_debug_cmds: ebtables -t broute -L
D/Tethering( 802): Tethered rndis0
D/Tethering( 802): Exception adding default nw to upstreamIfaceTypes: java.lang.NullPointerException
D/radish ( 1222): Bridge table: broute
D/radish ( 1222):
D/radish ( 1222): Bridge chain: BROUTING, entries: 0, policy: ACCEPT
D/radish ( 1222): radish_bridge_debug_cmds: brctl show
D/radish ( 1222): bridge name bridge id STP enabled interfaces
D/radish ( 1222): radish_bridge_debug_cmds: netstat -ap
D/radish ( 1222): Proto Recv-Q Send-Q Local Address Foreign Address State
D/radish ( 1222): radish_init_bridge: brctl addbr bridge0
E/qdhwcomposer( 201): hwc_sync: ioctl MSMFB_BUFFER_SYNC failed, err=Invalid argument
E/qdhwcomposer( 201): hwc_sync: acq_fen_fd_cnt=0 flags=16 fd=16 dpy=0 numHwLayers=4
D/dalvikvm( 802): GC_CONCURRENT freed 419K, 10% free 5224K/5780K, paused 5ms+7ms, total 468ms
D/dalvikvm( 802): WAIT_FOR_CONCURRENT_GC blocked 151ms
D/dalvikvm( 802): WAIT_FOR_CONCURRENT_GC blocked 121ms
D/Tethering( 802): sendTetherStateChangedBroadcast 0, 1, 0
D/radish ( 1222): radish_init_bridge: ifconfig bridge0 up
I/PPPOEService( 802): NetdCallbackReceiver onEvent 600600 Iface added bridge0
I/PPPOEService( 802): NetdCallbackReceiver onEvent 600600 Iface linkstate bridge0 down
W/ActivityThread( 1116): ClassLoader.getResource: The class loader returned by Thread.getContextClassLoader() may fail for processes that host multiple applications. You should explicitly specify a context class loader. For example: Thread.setContextClassLoader(getClass().getClassLoader());
D/radish ( 1222): radish_init_bridge: ebtables -t broute -A BROUTING -p ipv4 -j DROP
D/radish ( 1222): radish_init_bridge: ebtables -t broute -A BROUTING -p arp -j DROP
D/MobileDataStateTracker( 802): default: setPolicyDataEnable(enabled=true)
D/Tethering( 802): MasterInitialState.processMessage what=1
D/TetherController( 198): Setting IP forward enable = 1
D/TetherController( 198): config_write_setting(/proc/sys/net/ipv6/conf/all/proxy_ndp, 2)
D/TetherController( 198): config_write_setting(/proc/sys/net/ipv6/conf/all/forwarding, 2)
I/PPPOEService( 802): NetdCallbackReceiver onEvent 600600 Iface linkstate bridge0 up
D/CommandListener( 198): TetherCmd::runCommand. argc: 16. argv[0]: tether
D/TetherController( 198): Starting tethering services
D/TetherController( 198): Sending update msg to dnsmasq [update_ifaces:rndis0]
D/TetherController( 198): Tethering services running
D/radish ( 1222): Adding rndis0 to bridge0
D/radish ( 1222): radish_parse_args: brctl addif bridge0 rndis0
I/dnsmasq ( 1231): started, version 2.51 cachesize 150
I/dnsmasq ( 1231): compile time options: no-IPv6 GNU-getopt no-DBus no-I18N DHCP no-scripts no-TFTP
W/dnsmasq ( 1231): warning: no upstream servers configured
I/dnsmasq ( 1231): DHCP, IP range 192.168.48.2 -- 192.168.48.254, lease time 1h
I/dnsmasq ( 1231): DHCP, IP range 192.168.47.2 -- 192.168.47.254, lease time 1h
I/dnsmasq ( 1231): DHCP, IP range 192.168.46.2 -- 192.168.46.254, lease time 1h
I/dnsmasq ( 1231): DHCP, IP range 192.168.45.2 -- 192.168.45.254, lease time 1h
I/dnsmasq ( 1231): DHCP, IP range 192.168.44.2 -- 192.168.44.254, lease time 1h
I/dnsmasq ( 1231): DHCP, IP range 192.168.43.2 -- 192.168.43.254, lease time 1h
I/dnsmasq ( 1231): DHCP, IP range 192.168.42.2 -- 192.168.42.254, lease time 1h
I/dnsmasq ( 1231): read /etc/hosts - 1 addresses
E/radish ( 1222): FATAL: Need to specify an interface to proxy
D/radish ( 1222): Interfaces found:
D/radish ( 1222): bridge0
E/radish ( 1222): Need at least 2 interfaces
D/radish ( 1222): radish_cleanup_handler: ip -6 route flush dev bridge0
D/radish ( 1222): radish_cleanup_handler: ifconfig bridge0 down
I/PPPOEService( 802): NetdCallbackReceiver onEvent 600600 Iface linkstate bridge0 up
I/PPPOEService( 802): NetdCallbackReceiver onEvent 600600 Iface linkstate rndis0 up
I/PPPOEService( 802): NetdCallbackReceiver onEvent 600600 Iface linkstate rndis0 up
I/PPPOEService( 802): NetdCallbackReceiver onEvent 600600 Iface linkstate rndis0 up
I/PPPOEService( 802): NetdCallbackReceiver onEvent 600600 Iface linkstate bridge0 up
D/radish ( 1222): radish_cleanup_handler: brctl delbr bridge0
I/PPPOEService( 802): NetdCallbackReceiver onEvent 600600 Iface linkstate rndis0 up
I/PPPOEService( 802): NetdCallbackReceiver onEvent 600600 Iface linkstate bridge0 down
I/PPPOEService( 802): NetdCallbackReceiver onEvent 614614 Address removed fe80::bc96:4bff:fef0:e112/64 bridge0 192 253
D/CommandListener( 198): TetherCmd::runCommand. argc: 5. argv[0]: tether
D/TetherController( 198): setDnsForwarders(0 = '8.8.8.8')
D/TetherController( 198): setDnsForwarders(1 = '8.8.4.4')
D/TetherController( 198): Sending update msg to dnsmasq [update_dns:8.8.8.8:8.8.4.4]
I/dnsmasq ( 1231): using nameserver 8.8.4.4#53
I/dnsmasq ( 1231): using nameserver 8.8.8.8#53
W/Netd ( 198): No subsystem found in netlink event
W/Netd ( 198): No subsystem found in netlink event
D/NetlinkEvent( 198): Unexpected netlink message. type=0x11
D/NetlinkEvent( 198): Unexpected netlink message. type=0x11
D/MobileDataStateTracker( 802): default: setPolicyDataEnable(enabled=true)
D/radish ( 1222): radish_cleanup_handler: ebtables -t broute -F
D/Tethering( 802): Exception adding default nw to upstreamIfaceTypes: java.lang.NullPointerException
D/Tethering( 802): chooseUpstreamType(true), preferredApn =5, got type=-1
D/Tethering( 802): notifying tethered with iface =null
D/Tethering( 802): TetheredState.processMessage what=12
I/PPPOEService( 802): NetdCallbackReceiver onEvent 600600 Iface linkstate rndis0 up
I/PPPOEService( 802): NetdCallbackReceiver onEvent 600600 Iface removed bridge0
D/ConnectivityService( 802): special network not available ni=mobile_hipri
D/CIGO_LCD( 1136): imsi=262075210701449
D/CIGO_LCD( 1136): setDeviceInfoComm: category=15; value=3
W/MediaPlayer-JNI( 857): MediaPlayer finalized without being released
D/AudioPlayer( 204): reset: mPlaying=1 mReachedEOS=0 useOffload=0
D/dalvikvm( 857): GC_CONCURRENT freed 1062K, 10% free 11710K/12904K, paused 7ms+6ms, total 54ms
D/dalvikvm( 857): WAIT_FOR_CONCURRENT_GC blocked 47ms
D/WifiApController( 1116): *** setWifiApEnabled CALLED **** true
E/qdhwcomposer( 201): hwc_sync: ioctl MSMFB_BUFFER_SYNC failed, err=Invalid argument
E/qdhwcomposer( 201): hwc_sync: acq_fen_fd_cnt=1 flags=16 fd=16 dpy=0 numHwLayers=4
E/qdhwcomposer( 201): hwc_sync: ioctl MSMFB_BUFFER_SYNC failed, err=Invalid argument
E/qdhwcomposer( 201): hwc_sync: acq_fen_fd_cnt=0 flags=16 fd=16 dpy=0 numHwLayers=4
D/WifiService( 802): setWifiEnabled: false pid=1116, uid=1000
E/qdhwcomposer( 201): hwc_sync: ioctl MSMFB_BUFFER_SYNC failed, err=Invalid argument
E/qdhwcomposer( 201): hwc_sync: acq_fen_fd_cnt=0 flags=16 fd=16 dpy=0 numHwLayers=4
E/qdhwcomposer( 201): hwc_sync: ioctl MSMFB_BUFFER_SYNC failed, err=Invalid argument
E/qdhwcomposer( 201): hwc_sync: acq_fen_fd_cnt=0 flags=16 fd=16 dpy=0 numHwLayers=4
E/qdhwcomposer( 201): hwc_sync: ioctl MSMFB_BUFFER_SYNC failed, err=Invalid argument
E/qdhwcomposer( 201): hwc_sync: acq_fen_fd_cnt=0 flags=16 fd=16 dpy=0 numHwLayers=4
E/qdhwcomposer( 201): hwc_sync: ioctl MSMFB_BUFFER_SYNC failed, err=Invalid argument
E/qdhwcomposer( 201): hwc_sync: acq_fen_fd_cnt=0 flags=16 fd=16 dpy=0 numHwLayers=4
E/qdhwcomposer( 201): hwc_sync: ioctl MSMFB_BUFFER_SYNC failed, err=Invalid argument
E/qdhwcomposer( 201): hwc_sync: acq_fen_fd_cnt=0 flags=16 fd=16 dpy=0 numHwLayers=4
E/qdhwcomposer( 201): hwc_sync: ioctl MSMFB_BUFFER_SYNC failed, err=Invalid argument
E/qdhwcomposer( 201): hwc_sync: acq_fen_fd_cnt=0 flags=16 fd=16 dpy=0 numHwLayers=4
E/qdhwcomposer( 201): hwc_sync: ioctl MSMFB_BUFFER_SYNC failed, err=Invalid argument
E/qdhwcomposer( 201): hwc_sync: acq_fen_fd_cnt=0 flags=16 fd=16 dpy=0 numHwLayers=4
E/qdhwcomposer( 201): hwc_sync: ioctl MSMFB_BUFFER_SYNC failed, err=Invalid argument
E/qdhwcomposer( 201): hwc_sync: acq_fen_fd_cnt=0 flags=16 fd=16 dpy=0 numHwLayers=4
E/qdhwcomposer( 201): hwc_sync: ioctl MSMFB_BUFFER_SYNC failed, err=Invalid argument
E/qdhwcomposer( 201): hwc_sync: acq_fen_fd_cnt=0 flags=16 fd=16 dpy=0 numHwLayers=4
E/qdhwcomposer( 201): hwc_sync: ioctl MSMFB_BUFFER_SYNC failed, err=Invalid argument
E/qdhwcomposer( 201): hwc_sync: acq_fen_fd_cnt=0 flags=16 fd=16 dpy=0 numHwLayers=4
E/qdhwcomposer( 201): hwc_sync: ioctl MSMFB_BUFFER_SYNC failed, err=Invalid argument
E/qdhwcomposer( 201): hwc_sync: acq_fen_fd_cnt=0 flags=16 fd=16 dpy=0 numHwLayers=4
E/qdhwcomposer( 201): hwc_sync: ioctl MSMFB_BUFFER_SYNC failed, err=Invalid argument
E/qdhwcomposer( 201): hwc_sync: acq_fen_fd_cnt=0 flags=16 fd=16 dpy=0 numHwLayers=4
E/qdhwcomposer( 201): hwc_sync: ioctl MSMFB_BUFFER_SYNC failed, err=Invalid argument
E/qdhwcomposer( 201): hwc_sync: acq_fen_fd_cnt=0 flags=16 fd=16 dpy=0 numHwLayers=4
E/qdhwcomposer( 201): hwc_sync: ioctl MSMFB_BUFFER_SYNC failed, err=Invalid argument
E/qdhwcomposer( 201): hwc_sync: acq_fen_fd_cnt=0 flags=16 fd=16 dpy=0 numHwLayers=4
E/qdhwcomposer( 201): hwc_sync: ioctl MSMFB_BUFFER_SYNC failed, err=Invalid argument
E/qdhwcomposer( 201): hwc_sync: acq_fen_fd_cnt=0 flags=16 fd=16 dpy=0 numHwLayers=4
E/qdhwcomposer( 201): hwc_sync: ioctl MSMFB_BUFFER_SYNC failed, err=Invalid argument
E/qdhwcomposer( 201): hwc_sync: acq_fen_fd_cnt=0 flags=16 fd=16 dpy=0 numHwLayers=4
E/qdhwcomposer( 201): hwc_sync: ioctl MSMFB_BUFFER_SYNC failed, err=Invalid argument
E/qdhwcomposer( 201): hwc_sync: acq_fen_fd_cnt=0 flags=16 fd=16 dpy=0 numHwLayers=4
E/qdhwcomposer( 201): hwc_sync: ioctl MSMFB_BUFFER_SYNC failed, err=Invalid argument
E/qdhwcomposer( 201): hwc_sync: acq_fen_fd_cnt=0 flags=16 fd=16 dpy=0 numHwLayers=4
E/qdhwcomposer( 201): hwc_sync: ioctl MSMFB_BUFFER_SYNC failed, err=Invalid argument
E/qdhwcomposer( 201): hwc_sync: acq_fen_fd_cnt=0 flags=16 fd=16 dpy=0 numHwLayers=4
D/CIGO_LCD( 1136): imsi=262075210701449
D/CIGO_LCD( 1136): setDeviceInfoComm: category=15; value=3
E/qdhwcomposer( 201): hwc_sync: ioctl MSMFB_BUFFER_SYNC failed, err=Invalid argument
E/qdhwcomposer( 201): hwc_sync: acq_fen_fd_cnt=0 flags=16 fd=16 dpy=0 numHwLayers=4
E/qdhwcomposer( 201): hwc_sync: ioctl MSMFB_BUFFER_SYNC failed, err=Invalid argument
E/qdhwcomposer( 201): hwc_sync: acq_fen_fd_cnt=0 flags=16 fd=16 dpy=0 numHwLayers=4
E/qdhwcomposer( 201): hwc_sync: ioctl MSMFB_BUFFER_SYNC failed, err=Invalid argument
E/qdhwcomposer( 201): hwc_sync: acq_fen_fd_cnt=0 flags=16 fd=16 dpy=0 numHwLayers=4
E/qdhwcomposer( 201): hwc_sync: ioctl MSMFB_BUFFER_SYNC failed, err=Invalid argument
E/qdhwcomposer( 201): hwc_sync: acq_fen_fd_cnt=0 flags=16 fd=16 dpy=0 numHwLayers=4
E/qdhwcomposer( 201): hwc_sync: ioctl MSMFB_BUFFER_SYNC failed, err=Invalid argument
E/qdhwcomposer( 201): hwc_sync: acq_fen_fd_cnt=0 flags=16 fd=16 dpy=0 numHwLayers=4
E/qdhwcomposer( 201): hwc_sync: ioctl MSMFB_BUFFER_SYNC failed, err=Invalid argument
E/qdhwcomposer( 201): hwc_sync: acq_fen_fd_cnt=0 flags=16 fd=16 dpy=0 numHwLayers=4
E/RemotePrintSpooler( 802): Error removing obsolete print jobs .
E/RemotePrintSpooler( 802): java.util.concurrent.TimeoutException: Cannot get spooler!
E/RemotePrintSpooler( 802): at com.android.server.print.RemotePrintSpooler.bindLocked(RemotePrintSpooler.java:376)
E/RemotePrintSpooler( 802): at com.android.server.print.RemotePrintSpooler.getRemoteInstanceLazy(RemotePrintSpooler.java:352)
E/RemotePrintSpooler( 802): at com.android.server.print.RemotePrintSpooler.removeObsoletePrintJobs(RemotePrintSpooler.java:287)
E/RemotePrintSpooler( 802): at com.android.server.print.UserState.removeObsoletePrintJobs(UserState.java:163)
E/RemotePrintSpooler( 802): at com.android.server.print.PrintManagerService$1.run(PrintManagerService.java:94)
E/RemotePrintSpooler( 802): at android.os.Handler.handleCallback(Handler.java:733)
E/RemotePrintSpooler( 802): at android.os.Handler.dispatchMessage(Handler.java:95)
E/RemotePrintSpooler( 802): at android.os.Looper.loop(Looper.java:136)
E/RemotePrintSpooler( 802): at android.os.HandlerThread.run(HandlerThread.java:61)
E/qdhwcomposer( 201): hwc_sync: ioctl MSMFB_BUFFER_SYNC failed, err=Invalid argument
E/qdhwcomposer( 201): hwc_sync: acq_fen_fd_cnt=0 flags=16 fd=16 dpy=0 numHwLayers=4
D/dalvikvm( 1116): GC_CONCURRENT freed 381K, 14% free 3211K/3724K, paused 10ms+16ms, total 84ms
I/PPPOEService( 802): NetdCallbackReceiver onEvent 614614 Address updated fe80::b025:71ff:fe07:227b/64 rndis0 128 253
D/CIGO_LCD( 1136): imsi=262075210701449
D/CIGO_LCD( 1136): setDeviceInfoComm: category=15; value=3
D/dalvikvm( 1116): GC_CONCURRENT freed 205K, 9% free 3446K/3784K, paused 3ms+10ms, total 49ms
E/qdhwcomposer( 201): hwc_sync: ioctl MSMFB_BUFFER_SYNC failed, err=Invalid argument
E/qdhwcomposer( 201): hwc_sync: acq_fen_fd_cnt=1 flags=16 fd=16 dpy=0 numHwLayers=4
D/CIGO_LCD( 1136): imsi=262075210701449
D/CIGO_LCD( 1136): setDeviceInfoComm: category=15; value=3
I/PPPOEService( 802): NetdCallbackReceiver onEvent 600600 Iface added wlan0
D/Tethering( 802): Exception adding default nw to upstreamIfaceTypes: java.lang.NullPointerException
D/Tethering( 802): sendTetherStateChangedBroadcast 1, 1, 0
I/PPPOEService( 802): NetdCallbackReceiver onEvent 600600 Iface linkstate wlan0 down
D/Tethering( 802): InitialState.processMessage what=4
D/Tethering( 802): Exception adding default nw to upstreamIfaceTypes: java.lang.NullPointerException
D/Tethering( 802): sendTetherStateChangedBroadcast 0, 1, 0
I/PPPOEService( 802): NetdCallbackReceiver onEvent 600600 Iface added p2p0
I/PPPOEService( 802): NetdCallbackReceiver onEvent 600600 Iface linkstate p2p0 down
D/WLAN_PSA( 210): NL BCAST MSG KDriver Not ready yet : KNLREADY
D/WLAN_PSA( 210): NL BCAST MSG Received, Kernel ready, connect LN
D/WLAN_PSA( 210): Register APP Socket to kernel
V/WLAN_PSA( 210): NL MSG, len[043], NL type[0x1C] WNI type[0x5A00] len[4864]
V/WLAN_PSA( 210): NL MSG, PID: 0
D/WLAN_PSA( 210): Register APP Socket to kernel (LOGGING)
V/WLAN_PSA( 210): NL MSG, len[020], NL type[0x18] WNI type[0x 0] len[000]
V/WLAN_PSA( 210): NL MSG, PID: 0
V/WLAN_PSA( 210): NL MSG, len[009], NL type[0x736F] WNI type[0x4541] len[17497]
V/WLAN_PSA( 210): NL MSG, PID: 0
V/WLAN_PSA( 210): NL MSG, len[056], NL type[0x11] WNI type[0x 2] len[036]
V/WLAN_PSA( 210): NL MSG, PID: 210
V/WLAN_PSA( 210): NL MSG, len[009], NL type[0x6649] WNI type[0x4541] len[17497]
V/WLAN_PSA( 210): NL MSG, PID: 0
V/WLAN_PSA( 210): NL MSG, len[056], NL type[0x11] WNI type[0x 2] len[036]
V/WLAN_PSA( 210): NL MSG, PID: 210
V/WLAN_PSA( 210): NL MSG, len[3092], NL type[0x1C] WNI type[0x 100] len[3072]
V/WLAN_PSA( 210): NL MSG, PID: 210
D/CIGO_LCD( 1136): imsi=262075210701449
D/CIGO_LCD( 1136): setDeviceInfoComm: category=15; value=3
D/MobileDataStateTracker( 802): default: setPolicyDataEnable(enabled=true)
D/Tethering( 802): WIFI_AP_STATE_CHANGED: wifiApState=12
D/QsoftapCmd( 198): Got softap fwreload command we are passing on
D/SoftapController( 198): Softap fwReload - Ok
D/QsoftapCmd( 198): Got softap set command we are overriding
D/ ( 198): qsapsetSoftap, softap, set, 10
D/ ( 198): ARG: 1 - softap
D/ ( 198): ARG: 2 - set
D/ ( 198): ARG: 3 - wlan0
D/ ( 198): ARG: 4 - ufi1872
D/ ( 198): ARG: 5 - broadcast
D/ ( 198): ARG: 6 - 6
D/ ( 198): ARG: 7 - n
D/ ( 198): ARG: 8 - 10
D/ ( 198): ARG: 9 - wpa2-psk
D/ ( 198): ARG: 10 - untsprywaltsoft
D/ ( 198): CMD INPUT [set ssid=ufi1872][255]
E/ ( 198): Cmd: ssid Argument :ufi1872
D/ ( 198): cmd=ssid, Val:ufi1872, INI:0
D/ ( 198): Updated:ssid=ufi1872
D/ ( 198):
D/ ( 198): CMD OUTPUT [success]
D/ ( 198): len :7
D/ ( 198):
D/ ( 198): CMD INPUT [set ignore_broadcast_ssid=0][255]
E/ ( 198): Cmd: ignore_broadcast_ssid Argument :0
D/ ( 198): cmd=ignore_broadcast_ssid, Val:0, INI:0
D/ ( 198): Updated:ignore_broadcast_ssid=0
D/ ( 198):
D/ ( 198): CMD OUTPUT [success]
D/ ( 198): len :7
D/ ( 198):
D/ ( 198): CMD INPUT [set channel=6][255]
E/ ( 198): Cmd: channel Argument :6
D/ ( 198): cmd=channel, Val:6, INI:0
D/ ( 198): Updated:channel=6
D/ ( 198):
D/ ( 198): CMD OUTPUT [success]
D/ ( 198): len :7
D/ ( 198):
D/ ( 198): CMD INPUT [set hw_mode=n][255]
E/ ( 198): Cmd: hw_mode Argument :n
D/ ( 198): cmd=ieee80211n, Val:0, INI:0
D/ ( 198): Updated:ieee80211n=0
D/ ( 198):
D/ ( 198): cmd=ieee80211n, Val:1, INI:0
D/ ( 198): Updated:ieee80211n=1
D/ ( 198):
D/ ( 198): cmd=hw_mode, Val:g, INI:0
D/ ( 198): Updated:hw_mode=g
D/ ( 198):
D/MobileDataStateTracker( 802): default: setPolicyDataEnable(enabled=true)
D/ ( 198): CMD OUTPUT [success]
D/ ( 198): len :7
D/ ( 198):
D/ ( 198): CMD INPUT [set max_num_sta=10][255]
E/ ( 198): Cmd: max_num_sta Argument :10
E/ ( 198): qsap_set_max_num_sta :qsap_set_max_num_sta: 10
D/ ( 198): cmd=max_num_sta, Val:10, INI:0
D/ ( 198): Updated:max_num_sta=10
D/ ( 198):
D/ ( 198): CMD OUTPUT [success]
D/ ( 198): len :7
D/ ( 198):
D/ ( 198): CMD INPUT [set security_mode=3][255]
E/ ( 198): Cmd: security_mode Argument :3
D/ ( 198): cmd=wpa, Val:2, INI:0
D/ ( 198): Updated:wpa=2
D/ ( 198):
V/WLAN_PSA( 210): NL MSG, len[048], NL type[0x11] WNI type[0x5050] len[028]
V/WLAN_PSA( 210): NL MSG, PID: 210
V/WLAN_PSA( 210): NL MSG, len[048], NL type[0x11] WNI type[0x5050] len[028]
V/WLAN_PSA( 210): NL MSG, PID: 210
V/WLAN_PSA( 210): NL MSG, len[048], NL type[0x11] WNI type[0x5050] len[028]
V/WLAN_PSA( 210): NL MSG, PID: 210
D/ ( 198): CMD OUTPUT [success]
D/ ( 198): len :7
D/ ( 198):
D/ ( 198): CMD INPUT [set wpa_passphrase=untsprywaltsoft][255]
E/ ( 198): Cmd: wpa_passphrase Argument :untsprywaltsoft
D/ ( 198): cmd=wpa_passphrase, Val:untsprywaltsoft, INI:0
D/ ( 198): Updated:wpa_passphrase=untsprywaltsoft
D/ ( 198):
D/ ( 198): CMD OUTPUT [success]
D/ ( 198): len :7
D/ ( 198):
D/ ( 198): CMD INPUT [set wps_state=0][255]
E/ ( 198): Cmd: wps_state Argument :0
D/ ( 198): cmd=wps_state, Val:0, INI:0
D/ ( 198): Updated:wps_state=0
D/ ( 198):
D/ ( 198): cmd=eap_server, Val:0, INI:0
D/ ( 198): Updated:eap_server=0
D/ ( 198):
D/ ( 198): CMD OUTPUT [success]
D/ ( 198): len :7
D/ ( 198):
D/ ( 198): CMD INPUT [set commit][255]
D/ ( 198): CMD OUTPUT [success]
D/ ( 198): len :7
D/ ( 198):
D/QsoftapCmd( 198): Got softap startap command we are passing on
D/SoftapController( 198): SoftAP started successfully
E/hostapd ( 1254): Configuration file: /data/misc/wifi/hostapd.conf
E/hostapd ( 1254): MAC list file '/data/hostapd/hostapd.accept' not found.
E/hostapd ( 1254): Line 172: Failed to read accept_mac_file '/data/hostapd/hostapd.accept'
E/hostapd ( 1254): MAC list file '/data/hostapd/hostapd.deny' not found.
E/hostapd ( 1254): Line 173: Failed to read deny_mac_file '/data/hostapd/hostapd.deny'
I/hostapd ( 1254): rfkill: Cannot open RFKILL control device
V/WLAN_PSA( 210): NL MSG, len[048], NL type[0x11] WNI type[0x5050] len[028]
V/WLAN_PSA( 210): NL MSG, PID: 210
V/WLAN_PSA( 210): NL MSG, len[048], NL type[0x11] WNI type[0x5050] len[028]
V/WLAN_PSA( 210): NL MSG, PID: 210
V/WLAN_PSA( 210): NL MSG, len[048], NL type[0x11] WNI type[0x5050] len[028]
V/WLAN_PSA( 210): NL MSG, PID: 210
V/WLAN_PSA( 210): NL MSG, len[4073], NL type[0x1C] WNI type[0x5900] len[53519]
V/WLAN_PSA( 210): NL MSG, PID: 210
W/Netd ( 198): No subsystem found in netlink event
V/WLAN_PSA( 210): NL MSG, len[048], NL type[0x11] WNI type[0x5050] len[028]
V/WLAN_PSA( 210): NL MSG, PID: 210
V/WLAN_PSA( 210): NL MSG, len[048], NL type[0x11] WNI type[0x5050] len[028]
V/WLAN_PSA( 210): NL MSG, PID: 210
V/WLAN_PSA( 210): NL MSG, len[048], NL type[0x11] WNI type[0x5050] len[028]
V/WLAN_PSA( 210): NL MSG, PID: 210
V/WLAN_PSA( 210): NL MSG, len[048], NL type[0x11] WNI type[0x5050] len[028]
V/WLAN_PSA( 210): NL MSG, PID: 210
V/WLAN_PSA( 210): NL MSG, len[4004], NL type[0x1C] WNI type[0x5900] len[35855]
V/WLAN_PSA( 210): NL MSG, PID: 210
I/PPPOEService( 802): NetdCallbackReceiver onEvent 600600 Iface removed p2p0
D/NetlinkEvent( 198): Unexpected netlink message. type=0x11
E/hostapd ( 1254): Using interface wlan0 with hwaddr 00:0a:f5:88:86:a0 and ssid "ufi1872"
V/WLAN_PSA( 210): NL MSG, len[048], NL type[0x11] WNI type[0x5050] len[028]
V/WLAN_PSA( 210): NL MSG, PID: 210
V/WLAN_PSA( 210): NL MSG, len[048], NL type[0x11] WNI type[0x5050] len[028]
V/WLAN_PSA( 210): NL MSG, PID: 210
I/hostapd ( 1254): random: Only 17/20 bytes of strong random data available from /dev/random
I/hostapd ( 1254): random: Allow operation to proceed based on internal entropy
V/WLAN_PSA( 210): NL MSG, len[4010], NL type[0x1C] WNI type[0x5900] len[37391]
V/WLAN_PSA( 210): NL MSG, PID: 210
V/WLAN_PSA( 210): NL MSG, len[4089], NL type[0x1C] WNI type[0x5900] len[57615]
V/WLAN_PSA( 210): NL MSG, PID: 210
V/WLAN_PSA( 210): NL MSG, len[4068], NL type[0x1C] WNI type[0x5900] len[52239]
V/WLAN_PSA( 210): NL MSG, PID: 210
V/WLAN_PSA( 210): NL MSG, len[048], NL type[0x11] WNI type[0x5050] len[028]
V/WLAN_PSA( 210): NL MSG, PID: 210
I/PPPOEService( 802): NetdCallbackReceiver onEvent 600600 Iface linkstate wlan0 up
D/Tethering( 802): Exception adding default nw to upstreamIfaceTypes: java.lang.NullPointerException
V/WLAN_PSA( 210): NL MSG, len[048], NL type[0x11] WNI type[0x5050] len[028]
V/WLAN_PSA( 210): NL MSG, PID: 210
V/WLAN_PSA( 210): NL MSG, len[3966], NL type[0x1C] WNI type[0x5900] len[26127]
V/WLAN_PSA( 210): NL MSG, PID: 210
D/Tethering( 802): sendTetherStateChangedBroadcast 1, 1, 0
D/Tethering( 802): WIFI_AP_STATE_CHANGED: wifiApState=13
D/Tethering( 802): Exception adding default nw to upstreamIfaceTypes: java.lang.NullPointerException
D/CIGO_LCD( 1136): imsi=262075210701449
D/CIGO_LCD( 1136): setDeviceInfoComm: category=15; value=3
V/WLAN_PSA( 210): NL MSG, len[048], NL type[0x11] WNI type[0x5050] len[028]
V/WLAN_PSA( 210): NL MSG, PID: 210
V/WLAN_PSA( 210): NL MSG, len[089], NL type[0x11] WNI type[0x5050] len[069]
V/WLAN_PSA( 210): NL MSG, PID: 210
V/WLAN_PSA( 210): NL MSG, len[021], NL type[0x18] WNI type[0x 2F] len[24880]
V/WLAN_PSA( 210): NL MSG, PID: 0
V/WLAN_PSA( 210): NL MSG, len[3973], NL type[0x1C] WNI type[0x5900] len[27919]
V/WLAN_PSA( 210): NL MSG, PID: 210
V/WLAN_PSA( 210): NL MSG, len[4093], NL type[0x1C] WNI type[0x5900] len[58639]
V/WLAN_PSA( 210): NL MSG, PID: 210
V/WLAN_PSA( 210): NL MSG, len[045], NL type[0x11] WNI type[0x5050] len[025]
V/WLAN_PSA( 210): NL MSG, PID: 210
V/WLAN_PSA( 210): NL MSG, len[048], NL type[0x11] WNI type[0x5050] len[028]
V/WLAN_PSA( 210): NL MSG, PID: 210
V/WLAN_PSA( 210): NL MSG, len[048], NL type[0x11] WNI type[0x5050] len[028]
V/WLAN_PSA( 210): NL MSG, PID: 210
V/WLAN_PSA( 210): NL MSG, len[045], NL type[0x11] WNI type[0x5050] len[025]
V/WLAN_PSA( 210): NL MSG, PID: 210
V/WLAN_PSA( 210): NL MSG, len[4011], NL type[0x1C] WNI type[0x5900] len[37647]
V/WLAN_PSA( 210): NL MSG, PID: 210
I/PPPOEService( 802): NetdCallbackReceiver onEvent 600600 Iface linkstate wlan0 up
D/CommandListener( 198): Setting iface cfg
D/CommandListener( 198): Trying to bring up wlan0
I/PPPOEService( 802): NetdCallbackReceiver onEvent 614614 Address updated 192.168.43.1/24 wlan0 128 0
D/Tethering( 802): Exception adding default nw to upstreamIfaceTypes: java.lang.NullPointerException
D/Tethering( 802): Tethering wlan0
D/Tethering( 802): InitialState.processMessage what=2
D/Tethering( 802): Exception adding default nw to upstreamIfaceTypes: java.lang.NullPointerException
D/Tethering( 802): Exception adding default nw to upstreamIfaceTypes: java.lang.NullPointerException
D/MobileDataStateTracker( 802): default: setPolicyDataEnable(enabled=true)
D/Tethering( 802): Exception adding default nw to upstreamIfaceTypes: java.lang.NullPointerException
D/Tethering( 802): Exception adding default nw to upstreamIfaceTypes: java.lang.NullPointerException
D/Tethering( 802): Exception adding default nw to upstreamIfaceTypes: java.lang.NullPointerException
D/Tethering( 802): sendTetherStateChangedBroadcast 0, 1, 0
D/CommandListener( 198): TetherCmd::runCommand. argc: 4. argv[0]: tether
D/TetherController( 198): tetherInterface(wlan0)
D/TetherController( 198): addV6RtrAdvIface: len = 2. Iface: wlan0
D/TetherController( 198): Router advertisement daemon stopped
D/TetherController( 198): Router advertisement daemon running
D/TetherController( 198): Sending update msg to dnsmasq [update_ifaces:rndis0:wlan0]
D/radish ( 1264): radish_bridge_debug_cmds: ebtables -t broute -L
D/Tethering( 802): Tethered wlan0
D/radish ( 1264): Bridge table: broute
D/radish ( 1264):
D/radish ( 1264): Bridge chain: BROUTING, entries: 0, policy: ACCEPT
D/radish ( 1264): radish_bridge_debug_cmds: brctl show
D/radish ( 1264): bridge name bridge id STP enabled interfaces
D/radish ( 1264): radish_bridge_debug_cmds: netstat -ap
D/radish ( 1264): Proto Recv-Q Send-Q Local Address Foreign Address State
D/radish ( 1264): tcp 0 0 192.168.43.1:53 0.0.0.0:* LISTEN
D/radish ( 1264): tcp 0 0 127.0.0.1:53 0.0.0.0:* LISTEN
D/radish ( 1264): tcp 0 0 192.168.42.129:53 0.0.0.0:* LISTEN
D/radish ( 1264): udp 0 0 192.168.43.1:53 0.0.0.0:* CLOSE
D/radish ( 1264): udp 0 0 127.0.0.1:53 0.0.0.0:* CLOSE
D/radish ( 1264): udp 0 0 192.168.42.129:53 0.0.0.0:* CLOSE
D/radish ( 1264): udp 0 0 0.0.0.0:67 0.0.0.0:* CLOSE
D/radish ( 1264): radish_init_bridge: brctl addbr bridge0
D/radish ( 1264): radish_init_bridge: ifconfig bridge0 up
D/Tethering( 802): Exception adding default nw to upstreamIfaceTypes: java.lang.NullPointerException
I/PPPOEService( 802): NetdCallbackReceiver onEvent 600600 Iface linkstate wlan0 up
I/PPPOEService( 802): NetdCallbackReceiver onEvent 600600 Iface added bridge0
I/PPPOEService( 802): NetdCallbackReceiver onEvent 600600 Iface linkstate bridge0 down
D/radish ( 1264): radish_init_bridge: ebtables -t broute -A BROUTING -p ipv4 -j DROP
D/MobileDataStateTracker( 802): default: setPolicyDataEnable(enabled=true)
D/Tethering( 802): sendTetherStateChangedBroadcast 0, 2, 0
D/Tethering( 802): TetherModeAliveState.processMessage what=1
D/Tethering( 802): TetheredState.processMessage what=12
D/radish ( 1264): radish_init_bridge: ebtables -t broute -A BROUTING -p arp -j DROP
I/PPPOEService( 802): NetdCallbackReceiver onEvent 600600 Iface linkstate bridge0 up
D/Tethering( 802): Exception adding default nw to upstreamIfaceTypes: java.lang.NullPointerException
D/radish ( 1264): Adding rndis0 to bridge0
D/radish ( 1264): radish_parse_args: brctl addif bridge0 rndis0
E/radish ( 1264): FATAL: Need to specify an interface to proxy
D/radish ( 1264): Adding wlan0 to bridge0
D/radish ( 1264): radish_parse_args: brctl addif bridge0 wlan0
E/radish ( 1264): FATAL: Need to specify an interface to proxy
D/radish ( 1264): Interfaces found:
D/radish ( 1264): bridge0
E/radish ( 1264): Need at least 2 interfaces
D/radish ( 1264): radish_cleanup_handler: ip -6 route flush dev bridge0
D/radish ( 1264): radish_cleanup_handler: ifconfig bridge0 down
D/radish ( 1264): radish_cleanup_handler: brctl delbr bridge0
D/MobileDataStateTracker( 802): default: setPolicyDataEnable(enabled=true)
E/qdhwcomposer( 201): hwc_sync: ioctl MSMFB_BUFFER_SYNC failed, err=Invalid argument
E/qdhwcomposer( 201): hwc_sync: acq_fen_fd_cnt=0 flags=16 fd=16 dpy=0 numHwLayers=4
W/Netd ( 198): No subsystem found in netlink event
D/NetlinkEvent( 198): Unexpected netlink message. type=0x11
W/Netd ( 198): No subsystem found in netlink event
W/Netd ( 198): No subsystem found in netlink event
D/NetlinkEvent( 198): Unexpected netlink message. type=0x11
D/NetlinkEvent( 198): Unexpected netlink message. type=0x11
D/CIGO_LCD( 1136): DEVICE_GET_SSID_POLL:ufi1872
D/CIGO_LCD( 1136): setDeviceInfoComm: category=13; value=1
D/radish ( 1264): radish_cleanup_handler: ebtables -t broute -F
D/dalvikvm( 802): GC_CONCURRENT freed 564K, 12% free 5236K/5932K, paused 27ms+70ms, total 553ms
D/dalvikvm( 802): WAIT_FOR_CONCURRENT_GC blocked 83ms
D/dalvikvm( 802): WAIT_FOR_CONCURRENT_GC blocked 88ms
I/PPPOEService( 802): NetdCallbackReceiver onEvent 600600 Iface linkstate bridge0 up
I/PPPOEService( 802): NetdCallbackReceiver onEvent 600600 Iface linkstate rndis0 up
I/PPPOEService( 802): NetdCallbackReceiver onEvent 600600 Iface linkstate rndis0 up
I/PPPOEService( 802): NetdCallbackReceiver onEvent 600600 Iface linkstate rndis0 up
I/PPPOEService( 802): NetdCallbackReceiver onEvent 600600 Iface linkstate bridge0 up
I/PPPOEService( 802): NetdCallbackReceiver onEvent 600600 Iface linkstate wlan0 up
I/PPPOEService( 802): NetdCallbackReceiver onEvent 600600 Iface linkstate wlan0 up
I/PPPOEService( 802): NetdCallbackReceiver onEvent 600600 Iface linkstate wlan0 up
I/PPPOEService( 802): NetdCallbackReceiver onEvent 600600 Iface linkstate bridge0 up
I/PPPOEService( 802): NetdCallbackReceiver onEvent 600600 Iface linkstate wlan0 up
I/PPPOEService( 802): NetdCallbackReceiver onEvent 600600 Iface linkstate rndis0 up
I/PPPOEService( 802): NetdCallbackReceiver onEvent 600600 Iface linkstate bridge0 down
I/PPPOEService( 802): NetdCallbackReceiver onEvent 614614 Address removed fe80::946f:96ff:fe4f:8a84/64 bridge0 192 253
