Output of `logcat` from a shell on the android system (terminated after messages seem to repeat): *This is a large file (ca. 285 KiB/ 3810 lines), you can download it from [→ here](http://ix.io/4230), or click the following to expand:* [details=`logcat` output:] ``` --------- beginning of /dev/log/system
I/Vold ( 192): Vold 2.1 (the revenge) firing up
D/Vold ( 192): Volume sdcard1 state changing -1 (Initializing) -> 0 (No-Media)
D/Vold ( 192): Volume uicc0 state changing -1 (Initializing) -> 0 (No-Media)
D/Vold ( 192): Volume uicc1 state changing -1 (Initializing) -> 0 (No-Media)
D/Vold ( 192): Volume usbotg state changing -1 (Initializing) -> 0 (No-Media) --------- beginning of /dev/log/main
E/QC-QMI ( 311): qmi_qmux_tx_msg: failed to open inactive connd_id=48
E/QC-QMI ( 311): qmi_qmux: TX failed, connection inactive or in reset, conn_id=48, status_flags=4
E/QC-QMI ( 311): qmi_ctl_tx_msg: qmi_qmux_tx_msg failed
E/QC-QMI ( 311): qmi_ctl_handle_request: qmi_ctl_tx_msg call failed
D/dalvikvm( 202): GC_EXPLICIT freed 68K, 29% free 2990K/4176K, paused 5ms+7ms, total 57ms
E/QC-QMI ( 311): qmi_qmux_open_connection: connection is disabled for conn_id=48
E/QC-QMI ( 311): qmi_qmux_tx_msg: failed to open inactive connd_id=48
E/QC-QMI ( 311): qmi_qmux: TX failed, connection inactive or in reset, conn_id=48, status_flags=4
E/QC-QMI ( 311): qmi_ctl_tx_msg: qmi_qmux_tx_msg failed
E/QC-QMI ( 311): qmi_ctl_handle_request: qmi_ctl_tx_msg call failed
E/QC-QMI ( 311): qmi_qmux_open_connection: connection is disabled for conn_id=57
E/QC-QMI ( 311): qmi_qmux_tx_msg: failed to open inactive connd_id=57
E/QC-QMI ( 311): qmi_qmux: TX failed, connection inactive or in reset, conn_id=57, status_flags=4
E/QC-QMI ( 311): qmi_ctl_tx_msg: qmi_qmux_tx_msg failed
E/QC-QMI ( 311): qmi_ctl_handle_request: qmi_ctl_tx_msg call failed
E/QC-QMI ( 311): qmi_qmux_open_connection: connection is disabled for conn_id=57
E/QC-QMI ( 311): qmi_qmux_tx_msg: failed to open inactive connd_id=57
E/QC-QMI ( 311): qmi_qmux: TX failed, connection inactive or in reset, conn_id=57, status_flags=4
E/QC-QMI ( 311): qmi_ctl_tx_msg: qmi_qmux_tx_msg failed
E/QC-QMI ( 311): qmi_ctl_handle_request: qmi_ctl_tx_msg call failed
W/Resources( 202): Preloaded drawable resource #0x108022f (android:drawable/dialog_middle_holo_dark) that varies with configuration!!
W/Resources( 202): Preloaded drawable resource #0x1080230 (android:drawable/dialog_middle_holo_light) that varies with configuration!!
D/dalvikvm( 202): GC_EXPLICIT freed 63K, 29% free 2979K/4176K, paused 5ms+6ms, total 57ms
W/Resources( 202): Preloaded drawable resource #0x1080231 (android:drawable/dialog_top_holo_dark) that varies with configuration!!
W/Resources( 202): Preloaded drawable resource #0x1080232 (android:drawable/dialog_top_holo_light) that varies with configuration!!
D/dalvikvm( 202): GC_EXPLICIT freed 87K, 30% free 2961K/4176K, paused 5ms+6ms, total 57ms
W/Resources( 202): Preloaded drawable resource #0x10802d1 (android:drawable/ic_dialog_alert_holo_dark) that varies with configuration!!
W/Resources( 202): Preloaded drawable resource #0x10802d2 (android:drawable/ic_dialog_alert_holo_light) that varies with configuration!!
W/Resources( 202): Preloaded drawable resource #0x10803fd (android:drawable/list_divider_holo_dark) that varies with configuration!!
W/Resources( 202): Preloaded drawable resource #0x10803fe (android:drawable/list_divider_holo_light) that varies with configuration!!
W/Resources( 202): Preloaded drawable resource #0x10803fe (android:drawable/list_divider_holo_light) that varies with configuration!!
W/Resources( 202): Preloaded drawable resource #0x10800bd (android:drawable/ab_transparent_dark_holo) that varies with configuration!!
D/dalvikvm( 202): GC_EXPLICIT freed 97K, 31% free 2915K/4176K, paused 5ms+7ms, total 57ms
W/Resources( 202): Preloaded drawable resource #0x10800bb (android:drawable/ab_stacked_transparent_dark_holo) that varies with configuration!!
W/Resources( 202): Preloaded drawable resource #0x10800a1 (android:drawable/ab_bottom_transparent_dark_holo) that varies with configuration!!
W/Resources( 202): Preloaded drawable resource #0x10800b5 (android:drawable/ab_solid_dark_holo) that varies with configuration!!
W/Resources( 202): Preloaded drawable resource #0x10800b8 (android:drawable/ab_stacked_solid_dark_holo) that varies with configuration!!
W/Resources( 202): Preloaded drawable resource #0x108009e (android:drawable/ab_bottom_solid_dark_holo) that varies with configuration!!
D/dalvikvm( 202): GC_EXPLICIT freed 41K, 30% free 2928K/4176K, paused 5ms+6ms, total 57ms
W/Resources( 202): Preloaded drawable resource #0x10800be (android:drawable/ab_transparent_light_holo) that varies with configuration!!
W/Resources( 202): Preloaded drawable resource #0x10800bc (android:drawable/ab_stacked_transparent_light_holo) that varies with configuration!!
W/Resources( 202): Preloaded drawable resource #0x10800a2 (android:drawable/ab_bottom_transparent_light_holo) that varies with configuration!!
W/Resources( 202): Preloaded drawable resource #0x10800b6 (android:drawable/ab_solid_light_holo) that varies with configuration!!
W/Resources( 202): Preloaded drawable resource #0x10800ba (android:drawable/ab_stacked_solid_light_holo) that varies with configuration!!
D/dalvikvm( 202): GC_EXPLICIT freed 53K, 30% free 2929K/4176K, paused 5ms+6ms, total 57ms
W/Resources( 202): Preloaded drawable resource #0x10800a0 (android:drawable/ab_bottom_solid_light_holo) that varies with configuration!!
W/Resources( 202): Preloaded drawable resource #0x10800b7 (android:drawable/ab_solid_shadow_holo) that varies with configuration!!
W/Resources( 202): Preloaded drawable resource #0x1080426 (android:drawable/list_selector_disabled_holo_dark) that varies with configuration!!
W/Resources( 202): Preloaded drawable resource #0x1080426 (android:drawable/list_selector_disabled_holo_dark) that varies with configuration!!
W/Resources( 202): Preloaded drawable resource #0x1080407 (android:drawable/list_pressed_holo_dark) that varies with configuration!!
W/Resources( 202): Preloaded drawable resource #0x1080405 (android:drawable/list_longpressed_holo_dark) that varies with configuration!!
W/Resources( 202): Preloaded drawable resource #0x1080423 (android:drawable/list_selector_background_transition_holo_dark) that varies with configuration!!
W/Resources( 202): Preloaded drawable resource #0x1080407 (android:drawable/list_pressed_holo_dark) that varies with configuration!!
W/Resources( 202): Preloaded drawable resource #0x1080405 (android:drawable/list_longpressed_holo_dark) that varies with configuration!!
W/Resources( 202): Preloaded drawable resource #0x1080423 (android:drawable/list_selector_background_transition_holo_dark) that varies with configuration!!
W/Resources( 202): Preloaded drawable resource #0x1080400 (android:drawable/list_focused_holo) that varies with configuration!!
W/Resources( 202): Preloaded drawable resource #0x10803bc (android:drawable/item_background_holo_dark) that varies with configuration!!
D/dalvikvm( 202): GC_EXPLICIT freed 63K, 31% free 2921K/4176K, paused 5ms+6ms, total 57ms
W/Resources( 202): Preloaded drawable resource #0x1080427 (android:drawable/list_selector_disabled_holo_light) that varies with configuration!!
E/USB_UICC( 211): Timeout! No signal received. Retry num = 21
W/Resources( 202): Preloaded drawable resource #0x1080427 (android:drawable/list_selector_disabled_holo_light) that varies with configuration!!
W/Resources( 202): Preloaded drawable resource #0x1080408 (android:drawable/list_pressed_holo_light) that varies with configuration!!
W/Resources( 202): Preloaded drawable resource #0x1080406 (android:drawable/list_longpressed_holo_light) that varies with configuration!!
W/Resources( 202): Preloaded drawable resource #0x1080424 (android:drawable/list_selector_background_transition_holo_light) that varies with configuration!!
W/Resources( 202): Preloaded drawable resource #0x1080408 (android:drawable/list_pressed_holo_light) that varies with configuration!!
W/Resources( 202): Preloaded drawable resource #0x1080406 (android:drawable/list_longpressed_holo_light) that varies with configuration!!
W/Resources( 202): Preloaded drawable resource #0x1080424 (android:drawable/list_selector_background_transition_holo_light) that varies with configuration!!
W/Resources( 202): Preloaded drawable resource #0x1080400 (android:drawable/list_focused_holo) that varies with configuration!!
W/Resources( 202): Preloaded drawable resource #0x10803bd (android:drawable/item_background_holo_light) that varies with configuration!!
W/Resources( 202): Preloaded drawable resource #0x108027c (android:drawable/fastscroll_thumb_pressed_holo) that varies with configuration!!
W/Resources( 202): Preloaded drawable resource #0x108027a (android:drawable/fastscroll_thumb_default_holo) that varies with configuration!!
W/Resources( 202): Preloaded drawable resource #0x108027b (android:drawable/fastscroll_thumb_holo) that varies with configuration!!
D/dalvikvm( 202): GC_EXPLICIT freed 117K, 31% free 2900K/4176K, paused 5ms+7ms, total 57ms
W/Resources( 202): Preloaded drawable resource #0x108027c (android:drawable/fastscroll_thumb_pressed_holo) that varies with configuration!!
W/Resources( 202): Preloaded drawable resource #0x108027a (android:drawable/fastscroll_thumb_default_holo) that varies with configuration!!
D/dalvikvm( 202): GC_EXPLICIT freed 79K, 32% free 2874K/4176K, paused 5ms+6ms, total 57ms
W/Resources( 202): Preloaded drawable resource #0x1080281 (android:drawable/fastscroll_track_pressed_holo_dark) that varies with configuration!!
W/Resources( 202): Preloaded drawable resource #0x108027d (android:drawable/fastscroll_track_default_holo_dark) that varies with configuration!!
W/Resources( 202): Preloaded drawable resource #0x108027f (android:drawable/fastscroll_track_holo_dark) that varies with configuration!!
W/Resources( 202): Preloaded drawable resource #0x1080281 (android:drawable/fastscroll_track_pressed_holo_dark) that varies with configuration!!
W/Resources( 202): Preloaded drawable resource #0x108027d (android:drawable/fastscroll_track_default_holo_dark) that varies with configuration!!
W/Resources( 202): Preloaded drawable resource #0x1080276 (android:drawable/fastscroll_label_left_holo_dark) that varies with configuration!!
D/dalvikvm( 202): GC_EXPLICIT freed 8K, 30% free 2962K/4176K, paused 6ms+6ms, total 58ms
W/Resources( 202): Preloaded drawable resource #0x1080278 (android:drawable/fastscroll_label_right_holo_dark) that varies with configuration!!
D/dalvikvm( 202): GC_EXPLICIT freed 5K, 28% free 3043K/4176K, paused 5ms+6ms, total 57ms
W/Resources( 202): Preloaded drawable resource #0x1080282 (android:drawable/fastscroll_track_pressed_holo_light) that varies with configuration!!
W/Resources( 202): Preloaded drawable resource #0x108027e (android:drawable/fastscroll_track_default_holo_light) that varies with configuration!!
W/Resources( 202): Preloaded drawable resource #0x1080280 (android:drawable/fastscroll_track_holo_light) that varies with configuration!!
W/Resources( 202): Preloaded drawable resource #0x1080282 (android:drawable/fastscroll_track_pressed_holo_light) that varies with configuration!!
W/Resources( 202): Preloaded drawable resource #0x108027e (android:drawable/fastscroll_track_default_holo_light) that varies with configuration!!
W/Resources( 202): Preloaded drawable resource #0x1080277 (android:drawable/fastscroll_label_left_holo_light) that varies with configuration!!
D/dalvikvm( 202): GC_EXPLICIT freed 92K, 28% free 3047K/4176K, paused 5ms+7ms, total 57ms
W/Resources( 202): Preloaded drawable resource #0x1080279 (android:drawable/fastscroll_label_right_holo_light) that varies with configuration!!
D/dalvikvm( 202): GC_EXPLICIT freed 89K, 28% free 3044K/4176K, paused 5ms+6ms, total 57ms
W/Resources( 202): Preloaded drawable resource #0x108025b (android:drawable/editbox_dropdown_background_dark) that varies with configuration!!
W/Resources( 202): Preloaded drawable resource #0x108066d (android:drawable/textfield_search_selected_holo_dark) that varies with configuration!!
W/Resources( 202): Preloaded drawable resource #0x1080661 (android:drawable/textfield_search_default_holo_dark) that varies with configuration!!
W/Resources( 202): Preloaded drawable resource #0x108066f (android:drawable/textfield_searchview_holo_dark) that varies with configuration!!
W/Resources( 202): Preloaded drawable resource #0x108066a (android:drawable/textfield_search_right_selected_holo_dark) that varies with configuration!!
W/Resources( 202): Preloaded drawable resource #0x1080668 (android:drawable/textfield_search_right_default_holo_dark) that varies with configuration!!
W/Resources( 202): Preloaded drawable resource #0x1080671 (android:drawable/textfield_searchview_right_holo_dark) that varies with configuration!!
W/Resources( 202): Preloaded drawable resource #0x108066e (android:drawable/textfield_search_selected_holo_light) that varies with configuration!!
W/Resources( 202): Preloaded drawable resource #0x1080662 (android:drawable/textfield_search_default_holo_light) that varies with configuration!!
W/Resources( 202): Preloaded drawable resource #0x1080670 (android:drawable/textfield_searchview_holo_light) that varies with configuration!!
W/Resources( 202): Preloaded drawable resource #0x108066b (android:drawable/textfield_search_right_selected_holo_light) that varies with configuration!!
W/Resources( 202): Preloaded drawable resource #0x1080669 (android:drawable/textfield_search_right_default_holo_light) that varies with configuration!!
W/Resources( 202): Preloaded drawable resource #0x1080672 (android:drawable/textfield_searchview_right_holo_light) that varies with configuration!!
W/Resources( 202): Preloaded drawable resource #0x108066d (android:drawable/textfield_search_selected_holo_dark) that varies with configuration!!
W/Resources( 202): Preloaded drawable resource #0x1080661 (android:drawable/textfield_search_default_holo_dark) that varies with configuration!!
W/Resources( 202): Preloaded drawable resource #0x108066a (android:drawable/textfield_search_right_selected_holo_dark) that varies with configuration!!
D/dalvikvm( 202): GC_EXPLICIT freed 107K, 29% free 2990K/4176K, paused 5ms+7ms, total 57ms
W/Resources( 202): Preloaded drawable resource #0x1080668 (android:drawable/textfield_search_right_default_holo_dark) that varies with configuration!!
W/Resources( 202): Preloaded drawable resource #0x108066e (android:drawable/textfield_search_selected_holo_light) that varies with configuration!!
W/Resources( 202): Preloaded drawable resource #0x1080662 (android:drawable/textfield_search_default_holo_light) that varies with configuration!!
W/Resources( 202): Preloaded drawable resource #0x108066b (android:drawable/textfield_search_right_selected_holo_light) that varies with configuration!!
W/Resources( 202): Preloaded drawable resource #0x1080669 (android:drawable/textfield_search_right_default_holo_light) that varies with configuration!!
W/Resources( 202): Preloaded drawable resource #0x1080636 (android:drawable/tab_unselected_holo) that varies with configuration!!
W/Resources( 202): Preloaded drawable resource #0x1080631 (android:drawable/tab_selected_holo) that varies with configuration!!
W/Resources( 202): Preloaded drawable resource #0x1080635 (android:drawable/tab_unselected_focused_holo) that varies with configuration!!
W/Resources( 202): Preloaded drawable resource #0x1080630 (android:drawable/tab_selected_focused_holo) that varies with configuration!!
W/Resources( 202): Preloaded drawable resource #0x1080637 (android:drawable/tab_unselected_pressed_holo) that varies with configuration!!
W/Resources( 202): Preloaded drawable resource #0x1080632 (android:drawable/tab_selected_pressed_holo) that varies with configuration!!
W/Resources( 202): Preloaded drawable resource #0x1080637 (android:drawable/tab_unselected_pressed_holo) that varies with configuration!!
W/Resources( 202): Preloaded drawable resource #0x1080632 (android:drawable/tab_selected_pressed_holo) that varies with configuration!!
W/Resources( 202): Preloaded drawable resource #0x1080625 (android:drawable/tab_indicator_holo) that varies with configuration!!
W/Resources( 202): Preloaded drawable resource #0x1080636 (android:drawable/tab_unselected_holo) that varies with configuration!!
W/Resources( 202): Preloaded drawable resource #0x1080631 (android:drawable/tab_selected_holo) that varies with configuration!!
W/Resources( 202): Preloaded drawable resource #0x1080635 (android:drawable/tab_unselected_focused_holo) that varies with configuration!!
W/Resources( 202): Preloaded drawable resource #0x1080630 (android:drawable/tab_selected_focused_holo) that varies with configuration!!
W/Resources( 202): Preloaded drawable resource #0x1080637 (android:drawable/tab_unselected_pressed_holo) that varies with configuration!!
W/Resources( 202): Preloaded drawable resource #0x1080632 (android:drawable/tab_selected_pressed_holo) that varies with configuration!!
D/dalvikvm( 202): GC_EXPLICIT freed 138K, 30% free 2925K/4176K, paused 5ms+7ms, total 58ms
I/Zygote ( 202): ...preloaded 274 resources in 6542ms.
D/dalvikvm( 202): GC_EXPLICIT freed 24K, 30% free 2953K/4176K, paused 5ms+6ms, total 58ms
I/Zygote ( 202): ...preloaded 31 resources in 90ms.
D/libEGL ( 202): loaded /vendor/lib/egl/libEGL_adreno.so
D/libEGL ( 202): loaded /vendor/lib/egl/libGLESv1_CM_adreno.so
D/libEGL ( 202): loaded /vendor/lib/egl/libGLESv2_adreno.so
D/dalvikvm( 202): GC_EXPLICIT freed 10K, 30% free 2951K/4176K, paused 5ms+7ms, total 58ms
D/dalvikvm( 202): GC_EXPLICIT freed 3K, 30% free 2947K/4176K, paused 5ms+6ms, total 57ms
D/dalvikvm( 202): GC_EXPLICIT freed <1K, 30% free 2946K/4176K, paused 5ms+6ms, total 57ms
I/dalvikvm( 202): System server process 802 has been created
E/QC-QMI ( 311): linux_qmi_qmux_io.c: Unable to open port id /dev/hsicctl0, error [2:No such file or directory]
I/Zygote ( 202): Accepting command socket connections
E/QC-QMI ( 311): qmi_qmux_open_connection: QMI_QMUX_IO_PLATFORM_OPEN_CONN failed -1
E/QC-QMI ( 311): qmi_qmux_tx_msg: failed to open inactive connd_id=29
E/QC-QMI ( 311): qmi_qmux: TX failed, connection inactive or in reset, conn_id=29, status_flags=0
E/QC-QMI ( 311): qmi_ctl_tx_msg: qmi_qmux_tx_msg failed
E/QC-QMI ( 311): qmi_ctl_handle_request: qmi_ctl_tx_msg call failed
E/QC-QMI ( 311): linux_qmi_qmux_io.c: Unable to open port id /dev/hsicctl0, error [2:No such file or directory]
E/QC-QMI ( 311): qmi_qmux_open_connection: QMI_QMUX_IO_PLATFORM_OPEN_CONN failed -1
E/QC-QMI ( 311): qmi_qmux_tx_msg: failed to open inactive connd_id=29
E/QC-QMI ( 311): qmi_qmux: TX failed, connection inactive or in reset, conn_id=29, status_flags=0
E/QC-QMI ( 311): qmi_ctl_tx_msg: qmi_qmux_tx_msg failed
E/QC-QMI ( 311): qmi_ctl_handle_request: qmi_ctl_tx_msg call failed
E/QC-QMI ( 311): qmi_qmux_open_connection: connection is disabled for conn_id=48
E/QC-QMI ( 311): qmi_qmux_tx_msg: failed to open inactive connd_id=48
E/QC-QMI ( 311): qmi_qmux: TX failed, connection inactive or in reset, conn_id=48, status_flags=4
E/QC-QMI ( 311): qmi_ctl_tx_msg: qmi_qmux_tx_msg failed
E/QC-QMI ( 311): qmi_ctl_handle_request: qmi_ctl_tx_msg call failed
E/QC-QMI ( 311): qmi_qmux_open_connection: connection is disabled for conn_id=48
E/QC-QMI ( 311): qmi_qmux_tx_msg: failed to open inactive connd_id=48
E/QC-QMI ( 311): qmi_qmux: TX failed, connection inactive or in reset, conn_id=48, status_flags=4
E/QC-QMI ( 311): qmi_ctl_tx_msg: qmi_qmux_tx_msg failed
E/QC-QMI ( 311): qmi_ctl_handle_request: qmi_ctl_tx_msg call failed
E/QC-QMI ( 311): qmi_qmux_open_connection: connection is disabled for conn_id=57
E/QC-QMI ( 311): qmi_qmux_tx_msg: failed to open inactive connd_id=57
E/QC-QMI ( 311): qmi_qmux: TX failed, connection inactive or in reset, conn_id=57, status_flags=4
E/QC-QMI ( 311): qmi_ctl_tx_msg: qmi_qmux_tx_msg failed
E/QC-QMI ( 311): qmi_ctl_handle_request: qmi_ctl_tx_msg call failed
E/QC-QMI ( 311): qmi_qmux_open_connection: connection is disabled for conn_id=57
E/QC-QMI ( 311): qmi_qmux_tx_msg: failed to open inactive connd_id=57
E/QC-QMI ( 311): qmi_qmux: TX failed, connection inactive or in reset, conn_id=57, status_flags=4
E/QC-QMI ( 311): qmi_ctl_tx_msg: qmi_qmux_tx_msg failed
E/QC-QMI ( 311): qmi_ctl_handle_request: qmi_ctl_tx_msg call failed
E/QC-QMI ( 311): linux_qmi_qmux_io.c: Unable to open port id /dev/hsicctl0, error [2:No such file or directory]
E/QC-QMI ( 311): qmi_qmux_open_connection: QMI_QMUX_IO_PLATFORM_OPEN_CONN failed -1
E/QC-QMI ( 311): qmi_qmux_tx_msg: failed to open inactive connd_id=29
E/QC-QMI ( 311): qmi_qmux: TX failed, connection inactive or in reset, conn_id=29, status_flags=0
E/QC-QMI ( 311): qmi_ctl_tx_msg: qmi_qmux_tx_msg failed
E/QC-QMI ( 311): qmi_ctl_handle_request: qmi_ctl_tx_msg call failed
E/QC-QMI ( 311): linux_qmi_qmux_io.c: Unable to open port id /dev/hsicctl0, error [2:No such file or directory]
E/QC-QMI ( 311): qmi_qmux_open_connection: QMI_QMUX_IO_PLATFORM_OPEN_CONN failed -1
E/QC-QMI ( 311): qmi_qmux_tx_msg: failed to open inactive connd_id=29
E/QC-QMI ( 311): qmi_qmux: TX failed, connection inactive or in reset, conn_id=29, status_flags=0
E/QC-QMI ( 311): qmi_ctl_tx_msg: qmi_qmux_tx_msg failed
E/QC-QMI ( 311): qmi_ctl_handle_request: qmi_ctl_tx_msg call failed
E/QC-QMI ( 311): qmi_qmux_open_connection: connection is disabled for conn_id=48
E/QC-QMI ( 311): qmi_qmux_tx_msg: failed to open inactive connd_id=48
E/QC-QMI ( 311): qmi_qmux: TX failed, connection inactive or in reset, conn_id=48, status_flags=4
E/QC-QMI ( 311): qmi_ctl_tx_msg: qmi_qmux_tx_msg failed
E/QC-QMI ( 311): qmi_ctl_handle_request: qmi_ctl_tx_msg call failed
E/QC-QMI ( 311): qmi_qmux_open_connection: connection is disabled for conn_id=48
E/QC-QMI ( 311): qmi_qmux_tx_msg: failed to open inactive connd_id=48
E/QC-QMI ( 311): qmi_qmux: TX failed, connection inactive or in reset, conn_id=48, status_flags=4
E/QC-QMI ( 311): qmi_ctl_tx_msg: qmi_qmux_tx_msg failed
E/QC-QMI ( 311): qmi_ctl_handle_request: qmi_ctl_tx_msg call failed
E/QC-QMI ( 311): qmi_qmux_open_connection: connection is disabled for conn_id=57
E/QC-QMI ( 311): qmi_qmux_tx_msg: failed to open inactive connd_id=57
E/QC-QMI ( 311): qmi_qmux: TX failed, connection inactive or in reset, conn_id=57, status_flags=4
E/QC-QMI ( 311): qmi_ctl_tx_msg: qmi_qmux_tx_msg failed
E/QC-QMI ( 311): qmi_ctl_handle_request: qmi_ctl_tx_msg call failed
E/QC-QMI ( 311): qmi_qmux_open_connection: connection is disabled for conn_id=57
E/QC-QMI ( 311): qmi_qmux_tx_msg: failed to open inactive connd_id=57
E/QC-QMI ( 311): qmi_qmux: TX failed, connection inactive or in reset, conn_id=57, status_flags=4
E/QC-QMI ( 311): qmi_ctl_tx_msg: qmi_qmux_tx_msg failed
E/QC-QMI ( 311): qmi_ctl_handle_request: qmi_ctl_tx_msg call failed
E/QC-QMI ( 311): linux_qmi_qmux_io.c: Unable to open port id /dev/hsicctl0, error [2:No such file or directory]
E/QC-QMI ( 311): qmi_qmux_open_connection: QMI_QMUX_IO_PLATFORM_OPEN_CONN failed -1
E/QC-QMI ( 311): qmi_qmux_tx_msg: failed to open inactive connd_id=29
E/QC-QMI ( 311): qmi_qmux: TX failed, connection inactive or in reset, conn_id=29, status_flags=0
E/QC-QMI ( 311): qmi_ctl_tx_msg: qmi_qmux_tx_msg failed
E/QC-QMI ( 311): qmi_ctl_handle_request: qmi_ctl_tx_msg call failed
E/QC-QMI ( 311): linux_qmi_qmux_io.c: Unable to open port id /dev/hsicctl0, error [2:No such file or directory]
E/QC-QMI ( 311): qmi_qmux_open_connection: QMI_QMUX_IO_PLATFORM_OPEN_CONN failed -1
E/QC-QMI ( 311): qmi_qmux_tx_msg: failed to open inactive connd_id=29
E/QC-QMI ( 311): qmi_qmux: TX failed, connection inactive or in reset, conn_id=29, status_flags=0
E/QC-QMI ( 311): qmi_ctl_tx_msg: qmi_qmux_tx_msg failed
E/QC-QMI ( 311): qmi_ctl_handle_request: qmi_ctl_tx_msg call failed
E/QC-QMI ( 311): qmi_qmux_open_connection: connection is disabled for conn_id=48
E/QC-QMI ( 311): qmi_qmux_tx_msg: failed to open inactive connd_id=48
E/QC-QMI ( 311): qmi_qmux: TX failed, connection inactive or in reset, conn_id=48, status_flags=4
E/QC-QMI ( 311): qmi_ctl_tx_msg: qmi_qmux_tx_msg failed
E/QC-QMI ( 311): qmi_ctl_handle_request: qmi_ctl_tx_msg call failed
E/QC-QMI ( 311): qmi_qmux_open_connection: connection is disabled for conn_id=48
E/QC-QMI ( 311): qmi_qmux_tx_msg: failed to open inactive connd_id=48
E/QC-QMI ( 311): qmi_qmux: TX failed, connection inactive or in reset, conn_id=48, status_flags=4
E/QC-QMI ( 311): qmi_ctl_tx_msg: qmi_qmux_tx_msg failed
E/QC-QMI ( 311): qmi_ctl_handle_request: qmi_ctl_tx_msg call failed
E/QC-QMI ( 311): qmi_qmux_open_connection: connection is disabled for conn_id=57
E/QC-QMI ( 311): qmi_qmux_tx_msg: failed to open inactive connd_id=57
E/QC-QMI ( 311): qmi_qmux: TX failed, connection inactive or in reset, conn_id=57, status_flags=4
E/QC-QMI ( 311): qmi_ctl_tx_msg: qmi_qmux_tx_msg failed
E/QC-QMI ( 311): qmi_ctl_handle_request: qmi_ctl_tx_msg call failed
E/QC-QMI ( 311): qmi_qmux_open_connection: connection is disabled for conn_id=57
E/QC-QMI ( 311): qmi_qmux_tx_msg: failed to open inactive connd_id=57
E/QC-QMI ( 311): qmi_qmux: TX failed, connection inactive or in reset, conn_id=57, status_flags=4
E/QC-QMI ( 311): qmi_ctl_tx_msg: qmi_qmux_tx_msg failed
E/QC-QMI ( 311): qmi_ctl_handle_request: qmi_ctl_tx_msg call failed
E/USB_UICC( 211): Timeout! No signal received. Retry num = 22
I/ ( 802): System server: starting sensor init.
D/SensorService( 802): nuSensorService starting...
I/SystemServer( 802): Entered the Android system server!
I/SystemServer( 802): Waiting for installd to be ready.
I/Installer( 802): connecting...
I/installd( 205): new connection
I/Sensors ( 802): The avaliable sensor handle number is 0
I/ ( 802): System server: sensor init done.
I/QCOM PowerHAL( 802): QCOM power HAL initing.
I/SystemServer( 802): Power Manager
I/SystemServer( 802): Activity Manager
I/ActivityManager( 802): Memory class: 48
I/ActivityManager( 802): Large apps penalisation enabled. Threshold Pss = 57344, ADJ = 15
D/dalvikvm( 802): GC_CONCURRENT freed 173K, 11% free 3213K/3592K, paused 4ms+7ms, total 50ms
I/IntentFirewall( 802): Read new rules (A:0 B:0 S:0)
I/SystemServer( 802): Display Manager
I/SystemServer( 802): Telephony Registry
I/DisplayManagerService( 802): Display device added: DisplayDeviceInfo{"内置屏幕": 1280 x 720, 60.0 fps, density 320, 160.157 x 160.421 dpi, touch INTERNAL, rotation 0, type BUILT_IN, FLAG_DEFAULT_DISPLAY, FLAG_ROTATES_WITH_CONTENT, FLAG_SECURE, FLAG_SUPPORTS_PROTECTED_BUFFERS}
I/SystemServer( 802): Scheduling Policy
I/SystemServer( 802): Package Manager
W/PackageManager( 802): No security bridge jar found, using default
D/dalvikvm( 802): GC_CONCURRENT freed 214K, 10% free 3447K/3792K, paused 5ms+7ms, total 56ms
D/dalvikvm( 802): GC_FOR_ALLOC freed 411K, 17% free 3391K/4084K, paused 39ms, total 39ms
D/dalvikvm( 802): GC_CONCURRENT freed 370K, 17% free 3425K/4084K, paused 5ms+5ms, total 45ms
D/dalvikvm( 802): WAIT_FOR_CONCURRENT_GC blocked 33ms
D/SELinuxMMAC( 802): Couldn't find install policy /data/security/mac_permissions.xml
D/SELinuxMMAC( 802): Using install policy file /system/etc/security/mac_permissions.xml
E/USB_UICC( 211): Timeout! No signal received. Retry num = 23
E/QC-QMI ( 311): linux_qmi_qmux_io.c: Unable to open port id /dev/hsicctl0, error [2:No such file or directory]
E/QC-QMI ( 311): qmi_qmux_open_connection: QMI_QMUX_IO_PLATFORM_OPEN_CONN failed -1
E/QC-QMI ( 311): qmi_qmux_tx_msg: failed to open inactive connd_id=29
E/QC-QMI ( 311): qmi_qmux: TX failed, connection inactive or in reset, conn_id=29, status_flags=0
E/QC-QMI ( 311): qmi_ctl_tx_msg: qmi_qmux_tx_msg failed
E/QC-QMI ( 311): qmi_ctl_handle_request: qmi_ctl_tx_msg call failed
E/QC-QMI ( 311): linux_qmi_qmux_io.c: Unable to open port id /dev/hsicctl0, error [2:No such file or directory]
E/QC-QMI ( 311): qmi_qmux_open_connection: QMI_QMUX_IO_PLATFORM_OPEN_CONN failed -1
E/QC-QMI ( 311): qmi_qmux_tx_msg: failed to open inactive connd_id=29
E/QC-QMI ( 311): qmi_qmux: TX failed, connection inactive or in reset, conn_id=29, status_flags=0
E/QC-QMI ( 311): qmi_ctl_tx_msg: qmi_qmux_tx_msg failed
E/QC-QMI ( 311): qmi_ctl_handle_request: qmi_ctl_tx_msg call failed
E/QC-QMI ( 311): qmi_qmux_open_connection: connection is disabled for conn_id=48
E/QC-QMI ( 311): qmi_qmux_tx_msg: failed to open inactive connd_id=48
E/QC-QMI ( 311): qmi_qmux: TX failed, connection inactive or in reset, conn_id=48, status_flags=4
E/QC-QMI ( 311): qmi_ctl_tx_msg: qmi_qmux_tx_msg failed
E/QC-QMI ( 311): qmi_ctl_handle_request: qmi_ctl_tx_msg call failed
E/QC-QMI ( 311): qmi_qmux_open_connection: connection is disabled for conn_id=48
E/QC-QMI ( 311): qmi_qmux_tx_msg: failed to open inactive connd_id=48
E/QC-QMI ( 311): qmi_qmux: TX failed, connection inactive or in reset, conn_id=48, status_flags=4
E/QC-QMI ( 311): qmi_ctl_tx_msg: qmi_qmux_tx_msg failed
E/QC-QMI ( 311): qmi_ctl_handle_request: qmi_ctl_tx_msg call failed
E/QC-QMI ( 311): qmi_qmux_open_connection: connection is disabled for conn_id=57
E/QC-QMI ( 311): qmi_qmux_tx_msg: failed to open inactive connd_id=57
E/QC-QMI ( 311): qmi_qmux: TX failed, connection inactive or in reset, conn_id=57, status_flags=4
E/QC-QMI ( 311): qmi_ctl_tx_msg: qmi_qmux_tx_msg failed
E/QC-QMI ( 311): qmi_ctl_handle_request: qmi_ctl_tx_msg call failed
E/QC-QMI ( 311): qmi_qmux_open_connection: connection is disabled for conn_id=57
E/QC-QMI ( 311): qmi_qmux_tx_msg: failed to open inactive connd_id=57
E/QC-QMI ( 311): qmi_qmux: TX failed, connection inactive or in reset, conn_id=57, status_flags=4
E/QC-QMI ( 311): qmi_ctl_tx_msg: qmi_qmux_tx_msg failed
E/QC-QMI ( 311): qmi_ctl_handle_request: qmi_ctl_tx_msg call failed
E/QC-QMI ( 311): linux_qmi_qmux_io.c: Unable to open port id /dev/hsicctl0, error [2:No such file or directory]
E/QC-QMI ( 311): qmi_qmux_open_connection: QMI_QMUX_IO_PLATFORM_OPEN_CONN failed -1
E/QC-QMI ( 311): qmi_qmux_tx_msg: failed to open inactive connd_id=29
E/QC-QMI ( 311): qmi_qmux: TX failed, connection inactive or in reset, conn_id=29, status_flags=0
E/QC-QMI ( 311): qmi_ctl_tx_msg: qmi_qmux_tx_msg failed
E/QC-QMI ( 311): qmi_ctl_handle_request: qmi_ctl_tx_msg call failed
E/QC-QMI ( 311): linux_qmi_qmux_io.c: Unable to open port id /dev/hsicctl0, error [2:No such file or directory]
E/QC-QMI ( 311): qmi_qmux_open_connection: QMI_QMUX_IO_PLATFORM_OPEN_CONN failed -1
E/QC-QMI ( 311): qmi_qmux_tx_msg: failed to open inactive connd_id=29
E/QC-QMI ( 311): qmi_qmux: TX failed, connection inactive or in reset, conn_id=29, status_flags=0
E/QC-QMI ( 311): qmi_ctl_tx_msg: qmi_qmux_tx_msg failed
E/QC-QMI ( 311): qmi_ctl_handle_request: qmi_ctl_tx_msg call failed
E/QC-QMI ( 311): qmi_qmux_open_connection: connection is disabled for conn_id=48
E/QC-QMI ( 311): qmi_qmux_tx_msg: failed to open inactive connd_id=48
E/QC-QMI ( 311): qmi_qmux: TX failed, connection inactive or in reset, conn_id=48, status_flags=4
E/QC-QMI ( 311): qmi_ctl_tx_msg: qmi_qmux_tx_msg failed
E/QC-QMI ( 311): qmi_ctl_handle_request: qmi_ctl_tx_msg call failed
E/QC-QMI ( 311): qmi_qmux_open_connection: connection is disabled for conn_id=48
E/QC-QMI ( 311): qmi_qmux_tx_msg: failed to open inactive connd_id=48
E/QC-QMI ( 311): qmi_qmux: TX failed, connection inactive or in reset, conn_id=48, status_flags=4
E/QC-QMI ( 311): qmi_ctl_tx_msg: qmi_qmux_tx_msg failed
E/QC-QMI ( 311): qmi_ctl_handle_request: qmi_ctl_tx_msg call failed
E/QC-QMI ( 311): qmi_qmux_open_connection: connection is disabled for conn_id=57
E/QC-QMI ( 311): qmi_qmux_tx_msg: failed to open inactive connd_id=57
E/QC-QMI ( 311): qmi_qmux: TX failed, connection inactive or in reset, conn_id=57, status_flags=4
E/QC-QMI ( 311): qmi_ctl_tx_msg: qmi_qmux_tx_msg failed
E/QC-QMI ( 311): qmi_ctl_handle_request: qmi_ctl_tx_msg call failed
E/QC-QMI ( 311): qmi_qmux_open_connection: connection is disabled for conn_id=57
E/QC-QMI ( 311): qmi_qmux_tx_msg: failed to open inactive connd_id=57
E/QC-QMI ( 311): qmi_qmux: TX failed, connection inactive or in reset, conn_id=57, status_flags=4
E/QC-QMI ( 311): qmi_ctl_tx_msg: qmi_qmux_tx_msg failed
E/QC-QMI ( 311): qmi_ctl_handle_request: qmi_ctl_tx_msg call failed
E/QC-QMI ( 311): linux_qmi_qmux_io.c: Unable to open port id /dev/hsicctl0, error [2:No such file or directory]
E/QC-QMI ( 311): qmi_qmux_open_connection: QMI_QMUX_IO_PLATFORM_OPEN_CONN failed -1
E/QC-QMI ( 311): qmi_qmux_tx_msg: failed to open inactive connd_id=29
E/QC-QMI ( 311): qmi_qmux: TX failed, connection inactive or in reset, conn_id=29, status_flags=0
E/QC-QMI ( 311): qmi_ctl_tx_msg: qmi_qmux_tx_msg failed
E/QC-QMI ( 311): qmi_ctl_handle_request: qmi_ctl_tx_msg call failed
E/QC-QMI ( 311): linux_qmi_qmux_io.c: Unable to open port id /dev/hsicctl0, error [2:No such file or directory]
E/QC-QMI ( 311): qmi_qmux_open_connection: QMI_QMUX_IO_PLATFORM_OPEN_CONN failed -1
E/QC-QMI ( 311): qmi_qmux_tx_msg: failed to open inactive connd_id=29
E/QC-QMI ( 311): qmi_qmux: TX failed, connection inactive or in reset, conn_id=29, status_flags=0
E/QC-QMI ( 311): qmi_ctl_tx_msg: qmi_qmux_tx_msg failed
E/QC-QMI ( 311): qmi_ctl_handle_request: qmi_ctl_tx_msg call failed
E/QC-QMI ( 311): qmi_qmux_open_connection: connection is disabled for conn_id=48
E/QC-QMI ( 311): qmi_qmux_tx_msg: failed to open inactive connd_id=48
E/QC-QMI ( 311): qmi_qmux: TX failed, connection inactive or in reset, conn_id=48, status_flags=4
E/QC-QMI ( 311): qmi_ctl_tx_msg: qmi_qmux_tx_msg failed
E/QC-QMI ( 311): qmi_ctl_handle_request: qmi_ctl_tx_msg call failed
E/QC-QMI ( 311): qmi_qmux_open_connection: connection is disabled for conn_id=48
E/QC-QMI ( 311): qmi_qmux_tx_msg: failed to open inactive connd_id=48
E/QC-QMI ( 311): qmi_qmux: TX failed, connection inactive or in reset, conn_id=48, status_flags=4
E/QC-QMI ( 311): qmi_ctl_tx_msg: qmi_qmux_tx_msg failed
E/QC-QMI ( 311): qmi_ctl_handle_request: qmi_ctl_tx_msg call failed
E/QC-QMI ( 311): qmi_qmux_open_connection: connection is disabled for conn_id=57
E/QC-QMI ( 311): qmi_qmux_tx_msg: failed to open inactive connd_id=57
E/QC-QMI ( 311): qmi_qmux: TX failed, connection inactive or in reset, conn_id=57, status_flags=4
E/QC-QMI ( 311): qmi_ctl_tx_msg: qmi_qmux_tx_msg failed
E/QC-QMI ( 311): qmi_ctl_handle_request: qmi_ctl_tx_msg call failed
E/QC-QMI ( 311): qmi_qmux_open_connection: connection is disabled for conn_id=57
E/QC-QMI ( 311): qmi_qmux_tx_msg: failed to open inactive connd_id=57
E/QC-QMI ( 311): qmi_qmux: TX failed, connection inactive or in reset, conn_id=57, status_flags=4
E/QC-QMI ( 311): qmi_ctl_tx_msg: qmi_qmux_tx_msg failed
E/QC-QMI ( 311): qmi_ctl_handle_request: qmi_ctl_tx_msg call failed
D/VM_BMS ( 372): wake_lock acquired
D/VM_BMS ( 372): New BMS data - Size=56
D/VM_BMS ( 372): Start process_bms_data
D/VM_BMS ( 372): For batt_temp=258 fcc_mah=2232
D/VM_BMS ( 372): For ocv=3561985 batt_temp=258 soc=5
D/VM_BMS ( 372): fifo_count=2 acc_count=0
D/VM_BMS ( 372): INIT: ocv=3561985 last_ocv=3561985 batt_temp=258 soc=5
D/VM_BMS ( 372): For soc=5 batt_temp=258 slope=44000
D/VM_BMS ( 372): For soc=5 batt_temp=258 rbatt_sf=122
D/VM_BMS ( 372): rbatt_mohm_default=163, rbatt_mohm=198, sf=122 batt_temp=258
D/VM_BMS ( 372): For ocv=3561972 batt_temp=258 soc=5
D/VM_BMS ( 372): FIFO=0 fifo_avg=3.561465 rbatt=0.198000 slope=4.400000 ibatt=0.002594 ocv=3.561972 soc=5 fcc_ah=2.232000 sample_count=128 sample_interval=70 seq_num=1
D/VM_BMS ( 372): For soc=5 batt_temp=258 slope=44000
D/VM_BMS ( 372): For soc=5 batt_temp=258 rbatt_sf=122
D/VM_BMS ( 372): rbatt_mohm_default=163, rbatt_mohm=198, sf=122 batt_temp=258
D/VM_BMS ( 372): For ocv=3561959 batt_temp=258 soc=5
D/VM_BMS ( 372): FIFO=1 fifo_avg=3.561465 rbatt=0.198000 slope=4.400000 ibatt=0.002529 ocv=3.561960 soc=5 fcc_ah=2.232000 sample_count=128 sample_interval=70 seq_num=1
I/VM_BMS ( 372): power_supply_update: ocv_uv=3561959 ibatt=2528 soc=5 seq_num=1
D/VM_BMS ( 372): End process_bms_data
D/VM_BMS ( 372): wake_lock released
W/PackageManager( 802): Library not found: /system/framework/com.android.future.usb.accessory.jar
D/dalvikvm( 802): GC_CONCURRENT freed 299K, 13% free 3565K/4084K, paused 4ms+7ms, total 65ms
E/USB_UICC( 211): Timeout! No signal received. Retry num = 24
E/QC-QMI ( 311): linux_qmi_qmux_io.c: Unable to open port id /dev/hsicctl0, error [2:No such file or directory]
E/QC-QMI ( 311): qmi_qmux_open_connection: QMI_QMUX_IO_PLATFORM_OPEN_CONN failed -1
E/QC-QMI ( 311): qmi_qmux_tx_msg: failed to open inactive connd_id=29
E/QC-QMI ( 311): qmi_qmux: TX failed, connection inactive or in reset, conn_id=29, status_flags=0
E/QC-QMI ( 311): qmi_ctl_tx_msg: qmi_qmux_tx_msg failed
E/QC-QMI ( 311): qmi_ctl_handle_request: qmi_ctl_tx_msg call failed
E/QC-QMI ( 311): linux_qmi_qmux_io.c: Unable to open port id /dev/hsicctl0, error [2:No such file or directory]
E/QC-QMI ( 311): qmi_qmux_open_connection: QMI_QMUX_IO_PLATFORM_OPEN_CONN failed -1
E/QC-QMI ( 311): qmi_qmux_tx_msg: failed to open inactive connd_id=29
E/QC-QMI ( 311): qmi_qmux: TX failed, connection inactive or in reset, conn_id=29, status_flags=0
E/QC-QMI ( 311): qmi_ctl_tx_msg: qmi_qmux_tx_msg failed
E/QC-QMI ( 311): qmi_ctl_handle_request: qmi_ctl_tx_msg call failed
E/QC-QMI ( 311): qmi_qmux_open_connection: connection is disabled for conn_id=48
E/QC-QMI ( 311): qmi_qmux_tx_msg: failed to open inactive connd_id=48
E/QC-QMI ( 311): qmi_qmux: TX failed, connection inactive or in reset, conn_id=48, status_flags=4
E/QC-QMI ( 311): qmi_ctl_tx_msg: qmi_qmux_tx_msg failed
E/QC-QMI ( 311): qmi_ctl_handle_request: qmi_ctl_tx_msg call failed
E/QC-QMI ( 311): qmi_qmux_open_connection: connection is disabled for conn_id=48
E/QC-QMI ( 311): qmi_qmux_tx_msg: failed to open inactive connd_id=48
E/QC-QMI ( 311): qmi_qmux: TX failed, connection inactive or in reset, conn_id=48, status_flags=4
E/QC-QMI ( 311): qmi_ctl_tx_msg: qmi_qmux_tx_msg failed
E/QC-QMI ( 311): qmi_ctl_handle_request: qmi_ctl_tx_msg call failed
E/QC-QMI ( 311): qmi_qmux_open_connection: connection is disabled for conn_id=57
E/QC-QMI ( 311): qmi_qmux_tx_msg: failed to open inactive connd_id=57
E/QC-QMI ( 311): qmi_qmux: TX failed, connection inactive or in reset, conn_id=57, status_flags=4
E/QC-QMI ( 311): qmi_ctl_tx_msg: qmi_qmux_tx_msg failed
E/QC-QMI ( 311): qmi_ctl_handle_request: qmi_ctl_tx_msg call failed
E/QC-QMI ( 311): qmi_qmux_open_connection: connection is disabled for conn_id=57
E/QC-QMI ( 311): qmi_qmux_tx_msg: failed to open inactive connd_id=57
E/QC-QMI ( 311): qmi_qmux: TX failed, connection inactive or in reset, conn_id=57, status_flags=4
E/QC-QMI ( 311): qmi_ctl_tx_msg: qmi_qmux_tx_msg failed
E/QC-QMI ( 311): qmi_ctl_handle_request: qmi_ctl_tx_msg call failed
D/dalvikvm( 802): GC_CONCURRENT freed 207K, 9% free 3796K/4136K, paused 6ms+9ms, total 58ms
E/QC-QMI ( 311): linux_qmi_qmux_io.c: Unable to open port id /dev/hsicctl0, error [2:No such file or directory]
E/QC-QMI ( 311): qmi_qmux_open_connection: QMI_QMUX_IO_PLATFORM_OPEN_CONN failed -1
E/QC-QMI ( 311): qmi_qmux_tx_msg: failed to open inactive connd_id=29
E/QC-QMI ( 311): qmi_qmux: TX failed, connection inactive or in reset, conn_id=29, status_flags=0
E/QC-QMI ( 311): qmi_ctl_tx_msg: qmi_qmux_tx_msg failed
E/QC-QMI ( 311): qmi_ctl_handle_request: qmi_ctl_tx_msg call failed
E/QC-QMI ( 311): linux_qmi_qmux_io.c: Unable to open port id /dev/hsicctl0, error [2:No such file or directory]
E/QC-QMI ( 311): qmi_qmux_open_connection: QMI_QMUX_IO_PLATFORM_OPEN_CONN failed -1
E/QC-QMI ( 311): qmi_qmux_tx_msg: failed to open inactive connd_id=29
E/QC-QMI ( 311): qmi_qmux: TX failed, connection inactive or in reset, conn_id=29, status_flags=0
E/QC-QMI ( 311): qmi_ctl_tx_msg: qmi_qmux_tx_msg failed
E/QC-QMI ( 311): qmi_ctl_handle_request: qmi_ctl_tx_msg call failed
E/QC-QMI ( 311): qmi_qmux_open_connection: connection is disabled for conn_id=48
E/QC-QMI ( 311): qmi_qmux_tx_msg: failed to open inactive connd_id=48
E/QC-QMI ( 311): qmi_qmux: TX failed, connection inactive or in reset, conn_id=48, status_flags=4
E/QC-QMI ( 311): qmi_ctl_tx_msg: qmi_qmux_tx_msg failed
E/QC-QMI ( 311): qmi_ctl_handle_request: qmi_ctl_tx_msg call failed
E/QC-QMI ( 311): qmi_qmux_open_connection: connection is disabled for conn_id=48
E/QC-QMI ( 311): qmi_qmux_tx_msg: failed to open inactive connd_id=48
E/QC-QMI ( 311): qmi_qmux: TX failed, connection inactive or in reset, conn_id=48, status_flags=4
E/QC-QMI ( 311): qmi_ctl_tx_msg: qmi_qmux_tx_msg failed
E/QC-QMI ( 311): qmi_ctl_handle_request: qmi_ctl_tx_msg call failed
E/QC-QMI ( 311): qmi_qmux_open_connection: connection is disabled for conn_id=57
E/QC-QMI ( 311): qmi_qmux_tx_msg: failed to open inactive connd_id=57
E/QC-QMI ( 311): qmi_qmux: TX failed, connection inactive or in reset, conn_id=57, status_flags=4
E/QC-QMI ( 311): qmi_ctl_tx_msg: qmi_qmux_tx_msg failed
E/QC-QMI ( 311): qmi_ctl_handle_request: qmi_ctl_tx_msg call failed
E/QC-QMI ( 311): qmi_qmux_open_connection: connection is disabled for conn_id=57
E/QC-QMI ( 311): qmi_qmux_tx_msg: failed to open inactive connd_id=57
E/QC-QMI ( 311): qmi_qmux: TX failed, connection inactive or in reset, conn_id=57, status_flags=4
E/QC-QMI ( 311): qmi_ctl_tx_msg: qmi_qmux_tx_msg failed
E/QC-QMI ( 311): qmi_ctl_handle_request: qmi_ctl_tx_msg call failed
E/QC-QMI ( 311): linux_qmi_qmux_io.c: Unable to open port id /dev/hsicctl0, error [2:No such file or directory]
E/QC-QMI ( 311): qmi_qmux_open_connection: QMI_QMUX_IO_PLATFORM_OPEN_CONN failed -1
E/QC-QMI ( 311): qmi_qmux_tx_msg: failed to open inactive connd_id=29
E/QC-QMI ( 311): qmi_qmux: TX failed, connection inactive or in reset, conn_id=29, status_flags=0
E/QC-QMI ( 311): qmi_ctl_tx_msg: qmi_qmux_tx_msg failed
E/QC-QMI ( 311): qmi_ctl_handle_request: qmi_ctl_tx_msg call failed
E/QC-QMI ( 311): linux_qmi_qmux_io.c: Unable to open port id /dev/hsicctl0, error [2:No such file or directory]
E/QC-QMI ( 311): qmi_qmux_open_connection: QMI_QMUX_IO_PLATFORM_OPEN_CONN failed -1
E/QC-QMI ( 311): qmi_qmux_tx_msg: failed to open inactive connd_id=29
E/QC-QMI ( 311): qmi_qmux: TX failed, connection inactive or in reset, conn_id=29, status_flags=0
E/QC-QMI ( 311): qmi_ctl_tx_msg: qmi_qmux_tx_msg failed
E/QC-QMI ( 311): qmi_ctl_handle_request: qmi_ctl_tx_msg call failed
E/QC-QMI ( 311): qmi_qmux_open_connection: connection is disabled for conn_id=48
E/QC-QMI ( 311): qmi_qmux_tx_msg: failed to open inactive connd_id=48
E/QC-QMI ( 311): qmi_qmux: TX failed, connection inactive or in reset, conn_id=48, status_flags=4
E/QC-QMI ( 311): qmi_ctl_tx_msg: qmi_qmux_tx_msg failed
E/QC-QMI ( 311): qmi_ctl_handle_request: qmi_ctl_tx_msg call failed
E/QC-QMI ( 311): qmi_qmux_open_connection: connection is disabled for conn_id=48
E/QC-QMI ( 311): qmi_qmux_tx_msg: failed to open inactive connd_id=48
E/QC-QMI ( 311): qmi_qmux: TX failed, connection inactive or in reset, conn_id=48, status_flags=4
E/QC-QMI ( 311): qmi_ctl_tx_msg: qmi_qmux_tx_msg failed
E/QC-QMI ( 311): qmi_ctl_handle_request: qmi_ctl_tx_msg call failed
E/QC-QMI ( 311): qmi_qmux_open_connection: connection is disabled for conn_id=57
E/QC-QMI ( 311): qmi_qmux_tx_msg: failed to open inactive connd_id=57
E/QC-QMI ( 311): qmi_qmux: TX failed, connection inactive or in reset, conn_id=57, status_flags=4
E/QC-QMI ( 311): qmi_ctl_tx_msg: qmi_qmux_tx_msg failed
E/QC-QMI ( 311): qmi_ctl_handle_request: qmi_ctl_tx_msg call failed
E/QC-QMI ( 311): qmi_qmux_open_connection: connection is disabled for conn_id=57
E/QC-QMI ( 311): qmi_qmux_tx_msg: failed to open inactive connd_id=57
E/QC-QMI ( 311): qmi_qmux: TX failed, connection inactive or in reset, conn_id=57, status_flags=4
E/QC-QMI ( 311): qmi_ctl_tx_msg: qmi_qmux_tx_msg failed
E/QC-QMI ( 311): qmi_ctl_handle_request: qmi_ctl_tx_msg call failed
I/PackageParser( 802): com.qualcomm.interfacepermissions: compat added android.permission.WRITE_EXTERNAL_STORAGE android.permission.READ_PHONE_STATE
D/dalvikvm( 802): GC_CONCURRENT freed 187K, 8% free 4020K/4336K, paused 6ms+8ms, total 63ms
I/PackageParser( 802): com.qualcomm.qcom_qmi: compat added android.permission.WRITE_EXTERNAL_STORAGE android.permission.READ_PHONE_STATE
D/PackageManager( 802): No files in app dir /vendor/app
W/PackageManager( 802): Package com.android.settings desires unavailable shared library com.qualcomm.qti.phoneclient; ignoring!
W/PackageManager( 802): Package com.android.phone desires unavailable shared library com.qualcomm.qti.phoneclient; ignoring!
I/PackageManager( 802): Time to scan packages: 1.294 seconds
W/PackageManager( 802): Removing dangling permission: com.qualcomm.permission.READ_DHCP_INFO from package null
W/PackageManager( 802): Unknown permission android.permission.ACCESS_DOWNLOAD_MANAGER in package com.android.defcontainer
W/PackageManager( 802): Unknown permission android.permission.ACCESS_ALL_DOWNLOADS in package com.android.defcontainer
E/USB_UICC( 211): Timeout! No signal received. Retry num = 25
W/PackageManager( 802): Unknown permission com.google.android.googleapps.permission.GOOGLE_AUTH in package com.android.settings
W/PackageManager( 802): Unknown permission android.permission.ACCESS_DOWNLOAD_MANAGER in package com.android.settings
W/PackageManager( 802): Unknown permission com.qualcomm.permission.USE_PHONE_SERVICE in package com.android.settings
W/PackageManager( 802): Unknown permission com.android.smspush.WAPPUSH_MANAGER_BIND in package com.android.phone
W/PackageManager( 802): Unknown permission com.android.firewall.READ_GRAVITY in package com.android.phone
W/PackageManager( 802): Unknown permission android.permission.WRITE_OWNER_DATA in package com.jetty2m.hello
W/PackageManager( 802): Not granting permission android.permission.DELETE_PACKAGES to package com.svox.pico (protectionLevel=18 flags=0x8be45)
D/dalvikvm( 802): GC_CONCURRENT freed 353K, 11% free 4064K/4548K, paused 6ms+6ms, total 64ms
D/dalvikvm( 802): WAIT_FOR_CONCURRENT_GC blocked 37ms
D/dalvikvm( 802): GC_EXPLICIT freed 113K, 14% free 3951K/4548K, paused 8ms+7ms, total 87ms
I/SystemServer( 802): Entropy Mixer
I/EntropyMixer( 802): Writing entropy...
I/SystemServer( 802): User Service
I/SystemServer( 802): Account Manager
I/SystemServer( 802): Content Manager
I/SystemServer( 802): System Content Providers
E/QC-QMI ( 311): linux_qmi_qmux_io.c: Unable to open port id /dev/hsicctl0, error [2:No such file or directory]
E/QC-QMI ( 311): qmi_qmux_open_connection: QMI_QMUX_IO_PLATFORM_OPEN_CONN failed -1
E/QC-QMI ( 311): qmi_qmux_tx_msg: failed to open inactive connd_id=29
E/QC-QMI ( 311): qmi_qmux: TX failed, connection inactive or in reset, conn_id=29, status_flags=0
E/QC-QMI ( 311): qmi_ctl_tx_msg: qmi_qmux_tx_msg failed
E/QC-QMI ( 311): qmi_ctl_handle_request: qmi_ctl_tx_msg call failed
E/QC-QMI ( 311): linux_qmi_qmux_io.c: Unable to open port id /dev/hsicctl0, error [2:No such file or directory]
E/QC-QMI ( 311): qmi_qmux_open_connection: QMI_QMUX_IO_PLATFORM_OPEN_CONN failed -1
E/QC-QMI ( 311): qmi_qmux_tx_msg: failed to open inactive connd_id=29
E/QC-QMI ( 311): qmi_qmux: TX failed, connection inactive or in reset, conn_id=29, status_flags=0
E/QC-QMI ( 311): qmi_ctl_tx_msg: qmi_qmux_tx_msg failed
E/QC-QMI ( 311): qmi_ctl_handle_request: qmi_ctl_tx_msg call failed
E/QC-QMI ( 311): qmi_qmux_open_connection: connection is disabled for conn_id=48
E/QC-QMI ( 311): qmi_qmux_tx_msg: failed to open inactive connd_id=48
E/QC-QMI ( 311): qmi_qmux: TX failed, connection inactive or in reset, conn_id=48, status_flags=4
E/QC-QMI ( 311): qmi_ctl_tx_msg: qmi_qmux_tx_msg failed
E/QC-QMI ( 311): qmi_ctl_handle_request: qmi_ctl_tx_msg call failed
E/QC-QMI ( 311): qmi_qmux_open_connection: connection is disabled for conn_id=48
E/QC-QMI ( 311): qmi_qmux_tx_msg: failed to open inactive connd_id=48
E/QC-QMI ( 311): qmi_qmux: TX failed, connection inactive or in reset, conn_id=48, status_flags=4
E/QC-QMI ( 311): qmi_ctl_tx_msg: qmi_qmux_tx_msg failed
E/QC-QMI ( 311): qmi_ctl_handle_request: qmi_ctl_tx_msg call failed
E/QC-QMI ( 311): qmi_qmux_open_connection: connection is disabled for conn_id=57
E/QC-QMI ( 311): qmi_qmux_tx_msg: failed to open inactive connd_id=57
E/QC-QMI ( 311): qmi_qmux: TX failed, connection inactive or in reset, conn_id=57, status_flags=4
E/QC-QMI ( 311): qmi_ctl_tx_msg: qmi_qmux_tx_msg failed
E/QC-QMI ( 311): qmi_ctl_handle_request: qmi_ctl_tx_msg call failed
E/QC-QMI ( 311): qmi_qmux_open_connection: connection is disabled for conn_id=57
E/QC-QMI ( 311): qmi_qmux_tx_msg: failed to open inactive connd_id=57
E/QC-QMI ( 311): qmi_qmux: TX failed, connection inactive or in reset, conn_id=57, status_flags=4
E/QC-QMI ( 311): qmi_ctl_tx_msg: qmi_qmux_tx_msg failed
E/QC-QMI ( 311): qmi_ctl_handle_request: qmi_ctl_tx_msg call failed
E/QC-QMI ( 311): linux_qmi_qmux_io.c: Unable to open port id /dev/hsicctl0, error [2:No such file or directory]
E/QC-QMI ( 311): qmi_qmux_open_connection: QMI_QMUX_IO_PLATFORM_OPEN_CONN failed -1
E/QC-QMI ( 311): qmi_qmux_tx_msg: failed to open inactive connd_id=29
E/QC-QMI ( 311): qmi_qmux: TX failed, connection inactive or in reset, conn_id=29, status_flags=0
E/QC-QMI ( 311): qmi_ctl_tx_msg: qmi_qmux_tx_msg failed
E/QC-QMI ( 311): qmi_ctl_handle_request: qmi_ctl_tx_msg call failed
E/QC-QMI ( 311): linux_qmi_qmux_io.c: Unable to open port id /dev/hsicctl0, error [2:No such file or directory]
E/QC-QMI ( 311): qmi_qmux_open_connection: QMI_QMUX_IO_PLATFORM_OPEN_CONN failed -1
E/QC-QMI ( 311): qmi_qmux_tx_msg: failed to open inactive connd_id=29
E/QC-QMI ( 311): qmi_qmux: TX failed, connection inactive or in reset, conn_id=29, status_flags=0
E/QC-QMI ( 311): qmi_ctl_tx_msg: qmi_qmux_tx_msg failed
E/QC-QMI ( 311): qmi_ctl_handle_request: qmi_ctl_tx_msg call failed
E/QC-QMI ( 311): qmi_qmux_open_connection: connection is disabled for conn_id=48
E/QC-QMI ( 311): qmi_qmux_tx_msg: failed to open inactive connd_id=48
E/QC-QMI ( 311): qmi_qmux: TX failed, connection inactive or in reset, conn_id=48, status_flags=4
E/QC-QMI ( 311): qmi_ctl_tx_msg: qmi_qmux_tx_msg failed
E/QC-QMI ( 311): qmi_ctl_handle_request: qmi_ctl_tx_msg call failed
