D/QC-time-services( 242): Daemon:genoff_opr: Base = 2, val = 1657132672632, operation = 0
D/QC-time-services( 242): Daemon:rtc_get: Time read from RTC -- MM/DD/YY HH:MM:SS0/1/70 1:1:10
D/QC-time-services( 242): Daemon:Value read from RTC seconds = 3670000
D/QC-time-services( 242): Daemon:new time 1657132672632
D/QC-time-services( 242): Daemon: delta 1657129002632 genoff 1657129002632
D/QC-time-services( 242): Daemon:genoff_persistent_update: Writing genoff = 1657129002632 to memory
D/QC-time-services( 242): Daemon:Opening File: /data/time/ats_2
D/QC-time-services( 242): Daemon:time_persistent_memory_opr:Genoff write operation
D/QC-time-services( 997): Lib:time_genoff_operation: Send to server passed!!
D/QC-time-services( 242): Updating the TOD offset
D/QC-time-services( 242): Daemon:genoff_persistent_update: Writing genoff = 1657129002632 to memory
D/QC-time-services( 242): Daemon:Opening File: /data/time/ats_1
D/QC-time-services( 242): Daemon:time_persistent_memory_opr:Genoff write operation
E/QC-time-services( 242): Daemon:Update to modem bit set
D/QC-time-services( 242): Daemon:genoff_send_modem: Sending data to MODEM !
D/QC-time-services( 242): Daemon: Base = 2, Value being sent to MODEM = 1341164202632
E/QC-time-services( 242): Daemon:tod_update_ind_cb: Got Update from modem msg_id 40
E/QC-time-services( 242): Daemon: Time-services: Waiting to acceptconnection
D/dalvikvm( 937): GC_CONCURRENT freed 386K, 15% free 3642K/4272K, paused 3ms+5ms, total 49ms
E/QC-time-services( 997): Receive Passed == base = 2, unit = 1, operation = 0, result = 0
D/CIGO_LCD( 1136): imsi=262075210701449
D/CIGO_LCD( 1136): setDeviceInfoComm: category=15; value=3
V/WLAN_PSA( 210): NL MSG, len[048], NL type[0x11] WNI type[0x5050] len[028]
V/WLAN_PSA( 210): NL MSG, PID: 210
D/CIGO_LCD( 1136): imsi=262075210701449
D/CIGO_LCD( 1136): setDeviceInfoComm: category=15; value=3
D/ConnectivityService( 802): [CheckMp] isMobileOk: not connected ni=NetworkInfo: type: mobile_hipri[LTE], state: DISCONNECTED/IDLE, reason: (unspecified), extra: (none), roaming: false, failover: false, isAvailable: true, isConnectedToProvisioningNetwork: false, subscription: 0
I/ActivityManager( 802): Waited long enough for: ServiceRecord{4203a0f8 u0 com.disaplay.test.test/.DisplayService}
W/Atfwd_Sendcmd( 240): AtCmdFwd service not published, waiting... retryCnt : 4
D/dalvikvm( 1116): GC_CONCURRENT freed 386K, 16% free 3434K/4080K, paused 3ms+3ms, total 33ms
D/dalvikvm( 1116): WAIT_FOR_CONCURRENT_GC blocked 23ms
W/dalvikvm( 1116): dvmFindClassByName rejecting 'org/eclipse/jetty/http/mime_zh_CN'
W/dalvikvm( 1116): dvmFindClassByName rejecting 'org/eclipse/jetty/http/mime_zh'
W/dalvikvm( 1116): dvmFindClassByName rejecting 'org/eclipse/jetty/http/mime'
D/CIGO_LCD( 1136): imsi=262075210701449
D/CIGO_LCD( 1136): setDeviceInfoComm: category=15; value=3
I/ActivityManager( 802): Waited long enough for: ServiceRecord{42005e40 u0 com.qualcomm.qcrilmsgtunnel/.QcrilMsgTunnelService}
W/dalvikvm( 1116): dvmFindClassByName rejecting 'org/eclipse/jetty/http/encoding_zh_CN'
W/dalvikvm( 1116): dvmFindClassByName rejecting 'org/eclipse/jetty/http/encoding_zh'
W/dalvikvm( 1116): dvmFindClassByName rejecting 'org/eclipse/jetty/http/encoding'
W/System.err( 1116): 2022-07-06 20:37:53.943:INFO:oejs.Server:jetty-8.y.z-SNAPSHOT
D/dalvikvm( 1116): GC_CONCURRENT freed 289K, 13% free 3589K/4080K, paused 3ms+12ms, total 53ms
W/System.err( 1116): 2022-07-06 20:37:54.017:INFO:oejs.AbstractConnector:Started SelectChannelConnector@0.0.0.0:8080
D/WanDataController( 1116): ConnectivityManager updateNetworkType 0
D/WanDataController( 1116): ConnectivityManager updateNetworkType 13
D/WanDataController( 1116): ConnectivityManager updateNetworkType 13
D/WanDataController( 1116): ConnectivityManager CONNECTIVITY_ACTION
D/WanDataController( 1116): ConnectivityManager getNetworkType 13
D/WanDataController( 1116): ConnectivityManager updateNetworkType 13
D/WanDataController( 1116): ConnectivityManager CONNECTIVITY_ACTION
D/WanDataController( 1116): ConnectivityManager getNetworkType 13
D/WanDataController( 1116): ConnectivityManager updateNetworkType 13
D/CIGO_LCD( 1136): imsi=262075210701449
D/CIGO_LCD( 1136): setDeviceInfoComm: category=15; value=3
D/ConnectivityService( 802): [CheckMp] isMobileOk: not connected ni=NetworkInfo: type: mobile_hipri[LTE], state: DISCONNECTED/IDLE, reason: (unspecified), extra: (none), roaming: false, failover: false, isAvailable: true, isConnectedToProvisioningNetwork: false, subscription: 0
D/TelephonyIcons( 857): updateDataType sub=0, type=13, inetCondition=0 showAtLeast3G=false show4GforLte=true hspaDistinguishable=false
D/TelephonyIcons( 857): data type item name: array/telephony_data_type_sim1
D/TelephonyIcons( 857): data type item id: 2131099655
D/TelephonyIcons( 857): updateDataType mSelectedDataTypeIcon[0]=2130837682, mSelectedDataActivityIndex=5
D/TelephonyIcons( 857): getSignalStrengthIcon: sub=0, inetCondition=0, level=4 isRoaming=false
D/TelephonyIcons( 857): mSignalStrengthArray.length = 3
D/TelephonyIcons( 857): signalStrengthArray.length = 9
D/TelephonyIcons( 857): selectedTypeArray.length = 2
D/TelephonyIcons( 857): inetArray.length = 5
D/CIGO_LCD( 1136): imsi=262075210701449
D/CIGO_LCD( 1136): setDeviceInfoComm: category=15; value=3
D/CIGO_LCD( 1136): imsi=262075210701449
D/CIGO_LCD( 1136): setDeviceInfoComm: category=15; value=3
D/ConnectivityService( 802): [CheckMp] isMobileOk: not connected ni=NetworkInfo: type: mobile_hipri[LTE], state: DISCONNECTED/IDLE, reason: (unspecified), extra: (none), roaming: false, failover: false, isAvailable: true, isConnectedToProvisioningNetwork: false, subscription: 0
E/qdlights( 802): write_str failed to open /dev/lcd_spi
E/qdlights( 802): write_str failed to open /dev/lcd_spi
E/qdlights( 802): write_str failed to open /dev/lcd_spi
E/qdlights( 802): write_str failed to open /dev/lcd_spi
E/qdlights( 802): write_str failed to open /dev/lcd_spi
E/qdlights( 802): write_str failed to open /dev/lcd_spi
E/qdlights( 802): write_str failed to open /dev/lcd_spi
E/qdlights( 802): write_str failed to open /dev/lcd_spi
E/qdlights( 802): write_str failed to open /dev/lcd_spi
E/qdlights( 802): write_str failed to open /dev/lcd_spi
E/qdlights( 802): write_str failed to open /dev/lcd_spi
E/qdlights( 802): write_str failed to open /dev/lcd_spi
E/qdlights( 802): write_str failed to open /dev/lcd_spi
E/qdlights( 802): write_str failed to open /dev/lcd_spi
E/qdlights( 802): write_str failed to open /dev/lcd_spi
E/qdlights( 802): write_str failed to open /dev/lcd_spi
E/qdlights( 802): write_str failed to open /dev/lcd_spi
E/qdlights( 802): write_str failed to open /dev/lcd_spi
E/qdlights( 802): write_str failed to open /dev/lcd_spi
E/qdlights( 802): write_str failed to open /dev/lcd_spi
E/qdlights( 802): write_str failed to open /dev/lcd_spi
E/qdlights( 802): write_str failed to open /dev/lcd_spi
E/qdlights( 802): write_str failed to open /dev/lcd_spi
D/CIGO_LCD( 1136): imsi=262075210701449
D/CIGO_LCD( 1136): setDeviceInfoComm: category=15; value=3
D/CIGO_LCD( 1136): imsi=262075210701449
D/CIGO_LCD( 1136): setDeviceInfoComm: category=15; value=3
D/ConnectivityService( 802): [CheckMp] isMobileOk: not connected ni=NetworkInfo: type: mobile_hipri[LTE], state: DISCONNECTED/IDLE, reason: (unspecified), extra: (none), roaming: false, failover: false, isAvailable: true, isConnectedToProvisioningNetwork: false, subscription: 0
D/CIGO_LCD( 1136): imsi=262075210701449
D/CIGO_LCD( 1136): setDeviceInfoComm: category=15; value=3
D/ConnectivityService( 802): [CheckMp] isMobileOk: not connected ni=NetworkInfo: type: mobile_hipri[LTE], state: DISCONNECTED/IDLE, reason: (unspecified), extra: (none), roaming: false, failover: false, isAvailable: true, isConnectedToProvisioningNetwork: false, subscription: 0
D/CIGO_LCD( 1136): imsi=262075210701449
D/CIGO_LCD( 1136): setDeviceInfoComm: category=15; value=3
D/TelephonyIcons( 857): updateDataType sub=0, type=13, inetCondition=0 showAtLeast3G=false show4GforLte=true hspaDistinguishable=false
D/TelephonyIcons( 857): data type item name: array/telephony_data_type_sim1
D/TelephonyIcons( 857): data type item id: 2131099655
D/TelephonyIcons( 857): updateDataType mSelectedDataTypeIcon[0]=2130837682, mSelectedDataActivityIndex=5
D/TelephonyIcons( 857): getSignalStrengthIcon: sub=0, inetCondition=0, level=4 isRoaming=false
D/TelephonyIcons( 857): mSignalStrengthArray.length = 3
D/TelephonyIcons( 857): signalStrengthArray.length = 9
D/TelephonyIcons( 857): selectedTypeArray.length = 2
D/TelephonyIcons( 857): inetArray.length = 5
V/WLAN_PSA( 210): NL MSG, len[048], NL type[0x11] WNI type[0x5050] len[028]
V/WLAN_PSA( 210): NL MSG, PID: 210
D/CIGO_LCD( 1136): imsi=262075210701449
D/CIGO_LCD( 1136): setDeviceInfoComm: category=15; value=3
D/ConnectivityService( 802): [CheckMp] isMobileOk: not connected ni=NetworkInfo: type: mobile_hipri[LTE], state: DISCONNECTED/IDLE, reason: (unspecified), extra: (none), roaming: false, failover: false, isAvailable: true, isConnectedToProvisioningNetwork: false, subscription: 0
D/CIGO_LCD( 1136): imsi=262075210701449
D/CIGO_LCD( 1136): setDeviceInfoComm: category=15; value=3
D/CIGO_LCD( 1136): imsi=262075210701449
D/CIGO_LCD( 1136): setDeviceInfoComm: category=15; value=3
D/CIGO_LCD( 1136): imsi=262075210701449
D/CIGO_LCD( 1136): setDeviceInfoComm: category=15; value=3
I/PowerManagerService( 802): Going to sleep due to screen timeout...
E/qdhwcomposer( 201): hwc_sync: ioctl MSMFB_BUFFER_SYNC failed, err=Invalid argument
E/qdhwcomposer( 201): hwc_sync: acq_fen_fd_cnt=0 flags=16 fd=16 dpy=0 numHwLayers=4
E/qdhwcomposer( 201): hwc_sync: ioctl MSMFB_BUFFER_SYNC failed, err=Invalid argument
E/qdhwcomposer( 201): hwc_sync: acq_fen_fd_cnt=0 flags=16 fd=16 dpy=0 numHwLayers=4
E/qdhwcomposer( 201): hwc_sync: ioctl MSMFB_BUFFER_SYNC failed, err=Invalid argument
E/qdhwcomposer( 201): hwc_sync: acq_fen_fd_cnt=1 flags=16 fd=16 dpy=0 numHwLayers=5
D/TelephonyIcons( 857): updateDataType sub=0, type=13, inetCondition=0 showAtLeast3G=false show4GforLte=true hspaDistinguishable=false
D/TelephonyIcons( 857): data type item name: array/telephony_data_type_sim1
D/TelephonyIcons( 857): data type item id: 2131099655
E/qdhwcomposer( 201): hwc_sync: ioctl MSMFB_BUFFER_SYNC failed, err=Invalid argument
E/qdhwcomposer( 201): hwc_sync: acq_fen_fd_cnt=1 flags=16 fd=16 dpy=0 numHwLayers=5
E/qdhwcomposer( 201): hwc_sync: ioctl MSMFB_BUFFER_SYNC failed, err=Invalid argument
E/qdhwcomposer( 201): hwc_sync: acq_fen_fd_cnt=1 flags=16 fd=16 dpy=0 numHwLayers=5
D/TelephonyIcons( 857): updateDataType mSelectedDataTypeIcon[0]=2130837682, mSelectedDataActivityIndex=5
D/TelephonyIcons( 857): getSignalStrengthIcon: sub=0, inetCondition=0, level=3 isRoaming=false
D/TelephonyIcons( 857): mSignalStrengthArray.length = 3
D/TelephonyIcons( 857): signalStrengthArray.length = 9
D/TelephonyIcons( 857): selectedTypeArray.length = 2
D/TelephonyIcons( 857): inetArray.length = 5
E/qdhwcomposer( 201): hwc_sync: ioctl MSMFB_BUFFER_SYNC failed, err=Invalid argument
E/qdhwcomposer( 201): hwc_sync: acq_fen_fd_cnt=1 flags=16 fd=16 dpy=0 numHwLayers=5
E/qdhwcomposer( 201): hwc_sync: ioctl MSMFB_BUFFER_SYNC failed, err=Invalid argument
E/qdhwcomposer( 201): hwc_sync: acq_fen_fd_cnt=1 flags=16 fd=16 dpy=0 numHwLayers=5
E/qdhwcomposer( 201): hwc_sync: ioctl MSMFB_BUFFER_SYNC failed, err=Invalid argument
E/qdhwcomposer( 201): hwc_sync: acq_fen_fd_cnt=1 flags=16 fd=16 dpy=0 numHwLayers=5
E/qdlights( 802): write_str failed to open /dev/lcd_spi
E/qdhwcomposer( 201): hwc_sync: ioctl MSMFB_BUFFER_SYNC failed, err=Invalid argument
E/qdhwcomposer( 201): hwc_sync: acq_fen_fd_cnt=1 flags=16 fd=16 dpy=0 numHwLayers=5
D/SurfaceFlinger( 201): Screen released, type=0 flinger=0xb8279468
D/qdhwcomposer( 201): hwc_blank: Blanking display: 0
I/qdhwcomposer( 201): handle_blank_event: dpy:0 panel power state: 0
D/qdhwcomposer( 201): hwc_blank: Done blanking display: 0
I/QCOM PowerHAL( 802): Got set_interactive hint
V/KeyguardServiceDelegate( 802): onScreenTurnedOn(showListener = com.android.internal.policy.impl.PhoneWindowManager$21@42021390)
V/KeyguardServiceDelegate( 802): **** SHOWN CALLED ****
I/WindowManager( 802): Lock screen displayed!
D/CIGO_LCD( 1136): setDeviceInfoComm: category=11; value=3
D/ConnectivityService( 802): [CheckMp] isMobileOk: not connected ni=NetworkInfo: type: mobile_hipri[LTE], state: DISCONNECTED/IDLE, reason: (unspecified), extra: (none), roaming: false, failover: false, isAvailable: true, isConnectedToProvisioningNetwork: false, subscription: 0
W/InputMethodManagerService( 802): Ignoring setImeWindowStatus of uid 1000 token: null
V/SRS_Proc( 204): ParamSet string: screen_state=on
V/KeyguardHostView( 857): Initial transport state: 1, pbstate=0
W/InputMethodManagerService( 802): Ignoring setImeWindowStatus of uid 1000 token: null
V/SRS_Proc( 204): ParamSet string: screen_state=off
W/Settings( 857): Setting airplane_mode_on has moved from android.provider.Settings.System to android.provider.Settings.Global, returning read-only value.
D/dalvikvm( 857): GC_FOR_ALLOC freed 1504K, 13% free 12048K/13780K, paused 29ms, total 36ms
W/Settings( 857): Setting airplane_mode_on has moved from android.provider.Settings.System to android.provider.Settings.Global, returning read-only value.
V/KeyguardHostView( 857): music state changed: 0
W/Settings( 857): Setting airplane_mode_on has moved from android.provider.Settings.System to android.provider.Settings.Global, returning read-only value.
W/Settings( 857): Setting airplane_mode_on has moved from android.provider.Settings.System to android.provider.Settings.Global, returning read-only value.
W/Settings( 857): Setting airplane_mode_on has moved from android.provider.Settings.System to android.provider.Settings.Global, returning read-only value.
W/View ( 857): requestLayout() improperly called by android.widget.TextClock{4267ee20 V.ED.... ......ID 27,0-545,181 #7f0a0049 app:id/clock_view} during layout: running second layout pass
W/View ( 857): requestLayout() improperly called by android.widget.TextClock{42680738 V.ED.... ......ID 217,0-355,38 #7f0a004e app:id/date_view} during layout: running second layout pass
D/TelephonyIcons( 857): updateDataType sub=0, type=13, inetCondition=0 showAtLeast3G=false show4GforLte=true hspaDistinguishable=false
D/TelephonyIcons( 857): data type item name: array/telephony_data_type_sim1
D/TelephonyIcons( 857): data type item id: 2131099655
D/TelephonyIcons( 857): updateDataType mSelectedDataTypeIcon[0]=2130837682, mSelectedDataActivityIndex=5
D/TelephonyIcons( 857): getSignalStrengthIcon: sub=0, inetCondition=0, level=3 isRoaming=false
D/TelephonyIcons( 857): mSignalStrengthArray.length = 3
D/TelephonyIcons( 857): signalStrengthArray.length = 9
D/TelephonyIcons( 857): selectedTypeArray.length = 2
D/TelephonyIcons( 857): inetArray.length = 5
D/CIGO_LCD( 1136): imsi=262075210701449
D/CIGO_LCD( 1136): setDeviceInfoComm: category=15; value=3
D/CIGO_LCD( 1136): imsi=262075210701449
D/CIGO_LCD( 1136): setDeviceInfoComm: category=15; value=3
D/ConnectivityService( 802): [CheckMp] isMobileOk: not connected ni=NetworkInfo: type: mobile_hipri[LTE], state: DISCONNECTED/IDLE, reason: (unspecified), extra: (none), roaming: false, failover: false, isAvailable: true, isConnectedToProvisioningNetwork: false, subscription: 0
V/WLAN_PSA( 210): NL MSG, len[048], NL type[0x11] WNI type[0x5050] len[028]
V/WLAN_PSA( 210): NL MSG, PID: 210
D/CIGO_LCD( 1136): imsi=262075210701449
D/CIGO_LCD( 1136): setDeviceInfoComm: category=15; value=3
D/MobileDataStateTracker( 802): default: setPolicyDataEnable(enabled=true)
D/ConnectivityService( 802): [CheckMp] isMobileOk: not connected ni=NetworkInfo: type: mobile_hipri[LTE], state: DISCONNECTED/IDLE, reason: (unspecified), extra: (none), roaming: false, failover: false, isAvailable: true, isConnectedToProvisioningNetwork: false, subscription: 0
D/CIGO_LCD( 1136): imsi=262075210701449
D/CIGO_LCD( 1136): setDeviceInfoComm: category=15; value=3
D/CIGO_LCD( 1136): imsi=262075210701449
D/CIGO_LCD( 1136): setDeviceInfoComm: category=15; value=3
D/ConnectivityService( 802): [CheckMp] isMobileOk: not connected ni=NetworkInfo: type: mobile_hipri[LTE], state: DISCONNECTED/IDLE, reason: (unspecified), extra: (none), roaming: false, failover: false, isAvailable: true, isConnectedToProvisioningNetwork: false, subscription: 0
D/CIGO_LCD( 1136): imsi=262075210701449
D/CIGO_LCD( 1136): setDeviceInfoComm: category=15; value=3
D/VM_BMS ( 372): wake_lock acquired
D/VM_BMS ( 372): New BMS data - Size=56
D/VM_BMS ( 372): Start process_bms_data
D/VM_BMS ( 372): For batt_temp=258 fcc_mah=2232
D/VM_BMS ( 372): For ocv=3561929 batt_temp=258 soc=5
D/VM_BMS ( 372): fifo_count=2 acc_count=0
D/VM_BMS ( 372): INIT: ocv=3561929 last_ocv=3561929 batt_temp=258 soc=5
D/VM_BMS ( 372): For soc=5 batt_temp=258 slope=44000
D/VM_BMS ( 372): For soc=5 batt_temp=258 rbatt_sf=122
D/VM_BMS ( 372): rbatt_mohm_default=163, rbatt_mohm=198, sf=122 batt_temp=258
D/VM_BMS ( 372): For ocv=3561879 batt_temp=258 soc=5
D/VM_BMS ( 372): FIFO=0 fifo_avg=3.559908 rbatt=0.198000 slope=4.400000 ibatt=0.010083 ocv=3.561880 soc=5 fcc_ah=2.232000 sample_count=128 sample_interval=70 seq_num=3
D/VM_BMS ( 372): For soc=5 batt_temp=258 slope=44000
D/VM_BMS ( 372): For soc=5 batt_temp=258 rbatt_sf=122
D/VM_BMS ( 372): rbatt_mohm_default=163, rbatt_mohm=198, sf=122 batt_temp=258
D/VM_BMS ( 372): For ocv=3561830 batt_temp=258 soc=5
D/VM_BMS ( 372): FIFO=1 fifo_avg=3.559908 rbatt=0.198000 slope=4.400000 ibatt=0.009833 ocv=3.561831 soc=5 fcc_ah=2.232000 sample_count=128 sample_interval=70 seq_num=3
I/VM_BMS ( 372): power_supply_update: ocv_uv=3561830 ibatt=9832 soc=5 seq_num=3
D/VM_BMS ( 372): End process_bms_data
D/VM_BMS ( 372): wake_lock released
D/CIGO_LCD( 1136): imsi=262075210701449
D/CIGO_LCD( 1136): setDeviceInfoComm: category=15; value=3
D/ConnectivityService( 802): [CheckMp] isMobileOk: not connected ni=NetworkInfo: type: mobile_hipri[LTE], state: DISCONNECTED/IDLE, reason: (unspecified), extra: (none), roaming: false, failover: false, isAvailable: true, isConnectedToProvisioningNetwork: false, subscription: 0
D/CIGO_LCD( 1136): imsi=262075210701449
D/CIGO_LCD( 1136): setDeviceInfoComm: category=15; value=3
D/CIGO_LCD( 1136): imsi=262075210701449
D/CIGO_LCD( 1136): setDeviceInfoComm: category=15; value=3
D/ConnectivityService( 802): [CheckMp] isMobileOk: not connected ni=NetworkInfo: type: mobile_hipri[LTE], state: DISCONNECTED/IDLE, reason: (unspecified), extra: (none), roaming: false, failover: false, isAvailable: true, isConnectedToProvisioningNetwork: false, subscription: 0
D/CIGO_LCD( 1136): imsi=262075210701449
D/CIGO_LCD( 1136): setDeviceInfoComm: category=15; value=3
D/CIGO_LCD( 1136): imsi=262075210701449
D/CIGO_LCD( 1136): setDeviceInfoComm: category=15; value=3
D/ConnectivityService( 802): [CheckMp] isMobileOk: not connected ni=NetworkInfo: type: mobile_hipri[LTE], state: DISCONNECTED/IDLE, reason: (unspecified), extra: (none), roaming: false, failover: false, isAvailable: true, isConnectedToProvisioningNetwork: false, subscription: 0
D/CIGO_LCD( 1136): imsi=262075210701449
D/CIGO_LCD( 1136): setDeviceInfoComm: category=15; value=3
V/WLAN_PSA( 210): NL MSG, len[048], NL type[0x11] WNI type[0x5050] len[028]
V/WLAN_PSA( 210): NL MSG, PID: 210
D/CIGO_LCD( 1136): imsi=262075210701449
D/CIGO_LCD( 1136): setDeviceInfoComm: category=15; value=3
D/ConnectivityService( 802): [CheckMp] isMobileOk: not connected ni=NetworkInfo: type: mobile_hipri[LTE], state: DISCONNECTED/IDLE, reason: (unspecified), extra: (none), roaming: false, failover: false, isAvailable: true, isConnectedToProvisioningNetwork: false, subscription: 0
D/CIGO_LCD( 1136): imsi=262075210701449
D/CIGO_LCD( 1136): setDeviceInfoComm: category=15; value=3
D/CIGO_LCD( 1136): imsi=262075210701449
D/CIGO_LCD( 1136): setDeviceInfoComm: category=15; value=3
D/ConnectivityService( 802): [CheckMp] isMobileOk: not connected ni=NetworkInfo: type: mobile_hipri[LTE], state: DISCONNECTED/IDLE, reason: (unspecified), extra: (none), roaming: false, failover: false, isAvailable: true, isConnectedToProvisioningNetwork: false, subscription: 0
D/CIGO_LCD( 1136): imsi=262075210701449
D/CIGO_LCD( 1136): setDeviceInfoComm: category=15; value=3
D/CIGO_LCD( 1136): imsi=262075210701449
D/CIGO_LCD( 1136): setDeviceInfoComm: category=15; value=3
D/ConnectivityService( 802): [CheckMp] isMobileOk: not connected ni=NetworkInfo: type: mobile_hipri[LTE], state: DISCONNECTED/IDLE, reason: (unspecified), extra: (none), roaming: false, failover: false, isAvailable: true, isConnectedToProvisioningNetwork: false, subscription: 0
D/CIGO_LCD( 1136): imsi=262075210701449
D/CIGO_LCD( 1136): setDeviceInfoComm: category=15; value=3
V/WLAN_PSA( 210): NL MSG, len[4033], NL type[0x1C] WNI type[0x5900] len[43279]
V/WLAN_PSA( 210): NL MSG, PID: 210
D/CIGO_LCD( 1136): imsi=262075210701449
D/CIGO_LCD( 1136): setDeviceInfoComm: category=15; value=3
D/ConnectivityService( 802): [CheckMp] isMobileOk: not connected ni=NetworkInfo: type: mobile_hipri[LTE], state: DISCONNECTED/IDLE, reason: (unspecified), extra: (none), roaming: false, failover: false, isAvailable: true, isConnectedToProvisioningNetwork: false, subscription: 0
D/CIGO_LCD( 1136): imsi=262075210701449
D/CIGO_LCD( 1136): setDeviceInfoComm: category=15; value=3
D/CIGO_LCD( 1136): imsi=262075210701449
D/CIGO_LCD( 1136): setDeviceInfoComm: category=15; value=3
D/ConnectivityService( 802): [CheckMp] isMobileOk: not connected ni=NetworkInfo: type: mobile_hipri[LTE], state: DISCONNECTED/IDLE, reason: (unspecified), extra: (none), roaming: false, failover: false, isAvailable: true, isConnectedToProvisioningNetwork: false, subscription: 0
D/CIGO_LCD( 1136): imsi=262075210701449
D/CIGO_LCD( 1136): setDeviceInfoComm: category=15; value=3
V/WLAN_PSA( 210): NL MSG, len[048], NL type[0x11] WNI type[0x5050] len[028]
V/WLAN_PSA( 210): NL MSG, PID: 210
D/CIGO_LCD( 1136): imsi=262075210701449
D/CIGO_LCD( 1136): setDeviceInfoComm: category=15; value=3
D/ConnectivityService( 802): [CheckMp] isMobileOk: not connected ni=NetworkInfo: type: mobile_hipri[LTE], state: DISCONNECTED/IDLE, reason: (unspecified), extra: (none), roaming: false, failover: false, isAvailable: true, isConnectedToProvisioningNetwork: false, subscription: 0
I/ServiceManager( 240): Waiting for service AtCmdFwd...
D/CIGO_LCD( 1136): imsi=262075210701449
D/CIGO_LCD( 1136): setDeviceInfoComm: category=15; value=3
D/CIGO_LCD( 1136): imsi=262075210701449
D/CIGO_LCD( 1136): setDeviceInfoComm: category=15; value=3
D/ConnectivityService( 802): [CheckMp] isMobileOk: not connected ni=NetworkInfo: type: mobile_hipri[LTE], state: DISCONNECTED/IDLE, reason: (unspecified), extra: (none), roaming: false, failover: false, isAvailable: true, isConnectedToProvisioningNetwork: false, subscription: 0
I/ServiceManager( 240): Waiting for service AtCmdFwd...
D/CIGO_LCD( 1136): imsi=262075210701449
D/CIGO_LCD( 1136): setDeviceInfoComm: category=15; value=3
D/CIGO_LCD( 1136): imsi=262075210701449
D/CIGO_LCD( 1136): setDeviceInfoComm: category=15; value=3
D/ConnectivityService( 802): [CheckMp] isMobileOk: not connected ni=NetworkInfo: type: mobile_hipri[LTE], state: DISCONNECTED/IDLE, reason: (unspecified), extra: (none), roaming: false, failover: false, isAvailable: true, isConnectedToProvisioningNetwork: false, subscription: 0
I/ServiceManager( 240): Waiting for service AtCmdFwd...
D/CIGO_LCD( 1136): imsi=262075210701449
D/CIGO_LCD( 1136): setDeviceInfoComm: category=15; value=3
D/CIGO_LCD( 1136): imsi=262075210701449
D/CIGO_LCD( 1136): setDeviceInfoComm: category=15; value=3
D/ConnectivityService( 802): [CheckMp] isMobileOk: not connected ni=NetworkInfo: type: mobile_hipri[LTE], state: DISCONNECTED/IDLE, reason: (unspecified), extra: (none), roaming: false, failover: false, isAvailable: true, isConnectedToProvisioningNetwork: false, subscription: 0
I/ServiceManager( 240): Waiting for service AtCmdFwd...
D/CIGO_LCD( 1136): imsi=262075210701449
D/CIGO_LCD( 1136): setDeviceInfoComm: category=15; value=3
D/CIGO_LCD( 1136): imsi=262075210701449
D/CIGO_LCD( 1136): setDeviceInfoComm: category=15; value=3
D/ConnectivityService( 802): [CheckMp] isMobileOk: not connected ni=NetworkInfo: type: mobile_hipri[LTE], state: DISCONNECTED/IDLE, reason: (unspecified), extra: (none), roaming: false, failover: false, isAvailable: true, isConnectedToProvisioningNetwork: false, subscription: 0
I/ServiceManager( 240): Waiting for service AtCmdFwd...
D/CIGO_LCD( 1136): imsi=262075210701449
D/CIGO_LCD( 1136): setDeviceInfoComm: category=15; value=3
V/WLAN_PSA( 210): NL MSG, len[048], NL type[0x11] WNI type[0x5050] len[028]
V/WLAN_PSA( 210): NL MSG, PID: 210
D/CIGO_LCD( 1136): imsi=262075210701449
D/CIGO_LCD( 1136): setDeviceInfoComm: category=15; value=3
D/ConnectivityService( 802): [CheckMp] isMobileOk: not connected ni=NetworkInfo: type: mobile_hipri[LTE], state: DISCONNECTED/IDLE, reason: (unspecified), extra: (none), roaming: false, failover: false, isAvailable: true, isConnectedToProvisioningNetwork: false, subscription: 0
W/Atfwd_Sendcmd( 240): AtCmdFwd service not published, waiting... retryCnt : 5
D/CIGO_LCD( 1136): imsi=262075210701449
D/CIGO_LCD( 1136): setDeviceInfoComm: category=15; value=3
D/CIGO_LCD( 1136): imsi=262075210701449
D/CIGO_LCD( 1136): setDeviceInfoComm: category=15; value=3
D/dalvikvm( 802): GC_CONCURRENT freed 434K, 11% free 5301K/5932K, paused 3ms+6ms, total 56ms
D/ConnectivityService( 802): [CheckMp] isMobileOk: not connected ni=NetworkInfo: type: mobile_hipri[LTE], state: DISCONNECTED/IDLE, reason: (unspecified), extra: (none), roaming: false, failover: false, isAvailable: true, isConnectedToProvisioningNetwork: false, subscription: 0
D/CIGO_LCD( 1136): imsi=262075210701449
D/CIGO_LCD( 1136): setDeviceInfoComm: category=15; value=3
D/CIGO_LCD( 1136): imsi=262075210701449
D/CIGO_LCD( 1136): setDeviceInfoComm: category=15; value=3
D/ConnectivityService( 802): [CheckMp] isMobileOk: not connected ni=NetworkInfo: type: mobile_hipri[LTE], state: DISCONNECTED/IDLE, reason: (unspecified), extra: (none), roaming: false, failover: false, isAvailable: true, isConnectedToProvisioningNetwork: false, subscription: 0
D/CIGO_LCD( 1136): imsi=262075210701449
D/CIGO_LCD( 1136): setDeviceInfoComm: category=15; value=3
D/CIGO_LCD( 1136): imsi=262075210701449
D/CIGO_LCD( 1136): setDeviceInfoComm: category=15; value=3
D/dalvikvm( 1136): GC_CONCURRENT freed 311K, 16% free 3026K/3592K, paused 10ms+2ms, total 37ms
D/ConnectivityService( 802): [CheckMp] isMobileOk: not connected ni=NetworkInfo: type: mobile_hipri[LTE], state: DISCONNECTED/IDLE, reason: (unspecified), extra: (none), roaming: false, failover: false, isAvailable: true, isConnectedToProvisioningNetwork: false, subscription: 0
D/CIGO_LCD( 1136): imsi=262075210701449
D/CIGO_LCD( 1136): setDeviceInfoComm: category=15; value=3
D/CIGO_LCD( 1136): imsi=262075210701449
D/CIGO_LCD( 1136): setDeviceInfoComm: category=15; value=3
D/ConnectivityService( 802): [CheckMp] isMobileOk: not connected ni=NetworkInfo: type: mobile_hipri[LTE], state: DISCONNECTED/IDLE, reason: (unspecified), extra: (none), roaming: false, failover: false, isAvailable: true, isConnectedToProvisioningNetwork: false, subscription: 0
D/CIGO_LCD( 1136): imsi=262075210701449
D/CIGO_LCD( 1136): setDeviceInfoComm: category=15; value=3
V/WLAN_PSA( 210): NL MSG, len[048], NL type[0x11] WNI type[0x5050] len[028]
V/WLAN_PSA( 210): NL MSG, PID: 210
D/CIGO_LCD( 1136): imsi=262075210701449
D/CIGO_LCD( 1136): setDeviceInfoComm: category=15; value=3
D/ConnectivityService( 802): [CheckMp] isMobileOk: not connected ni=NetworkInfo: type: mobile_hipri[LTE], state: DISCONNECTED/IDLE, reason: (unspecified), extra: (none), roaming: false, failover: false, isAvailable: true, isConnectedToProvisioningNetwork: false, subscription: 0
D/CIGO_LCD( 1136): imsi=262075210701449
D/CIGO_LCD( 1136): setDeviceInfoComm: category=15; value=3
D/VM_BMS ( 372): wake_lock acquired
D/VM_BMS ( 372): New BMS data - Size=56
D/VM_BMS ( 372): Start process_bms_data
D/VM_BMS ( 372): For batt_temp=258 fcc_mah=2232
D/VM_BMS ( 372): For ocv=3561830 batt_temp=258 soc=5
D/VM_BMS ( 372): fifo_count=2 acc_count=0
D/VM_BMS ( 372): INIT: ocv=3561830 last_ocv=3561830 batt_temp=258 soc=5
D/VM_BMS ( 372): For soc=5 batt_temp=258 slope=44000
D/VM_BMS ( 372): For soc=5 batt_temp=258 rbatt_sf=122
D/VM_BMS ( 372): rbatt_mohm_default=163, rbatt_mohm=198, sf=122 batt_temp=258
D/VM_BMS ( 372): For ocv=3561816 batt_temp=258 soc=5
D/VM_BMS ( 372): FIFO=0 fifo_avg=3.561264 rbatt=0.198000 slope=4.400000 ibatt=0.002824 ocv=3.561816 soc=5 fcc_ah=2.232000 sample_count=128 sample_interval=70 seq_num=4
D/VM_BMS ( 372): For soc=5 batt_temp=258 slope=44000
D/VM_BMS ( 372): For soc=5 batt_temp=258 rbatt_sf=122
D/VM_BMS ( 372): rbatt_mohm_default=163, rbatt_mohm=198, sf=122 batt_temp=258
D/VM_BMS ( 372): For ocv=3561817 batt_temp=258 soc=5
D/VM_BMS ( 372): FIFO=1 fifo_avg=3.561852 rbatt=0.198000 slope=4.400000 ibatt=-0.000180 ocv=3.561817 soc=5 fcc_ah=2.232000 sample_count=128 sample_interval=70 seq_num=4
I/VM_BMS ( 372): power_supply_update: ocv_uv=3561817 ibatt=-179 soc=5 seq_num=4
D/VM_BMS ( 372): End process_bms_data
D/VM_BMS ( 372): wake_lock released
D/CIGO_LCD( 1136): imsi=262075210701449
D/CIGO_LCD( 1136): setDeviceInfoComm: category=15; value=3
D/ConnectivityService( 802): [CheckMp] isMobileOk: not connected ni=NetworkInfo: type: mobile_hipri[LTE], state: DISCONNECTED/IDLE, reason: (unspecified), extra: (none), roaming: false, failover: false, isAvailable: true, isConnectedToProvisioningNetwork: false, subscription: 0
D/CIGO_LCD( 1136): imsi=262075210701449
D/CIGO_LCD( 1136): setDeviceInfoComm: category=15; value=3
D/CIGO_LCD( 1136): imsi=262075210701449
D/CIGO_LCD( 1136): setDeviceInfoComm: category=15; value=3
D/ConnectivityService( 802): [CheckMp] isMobileOk: not connected ni=NetworkInfo: type: mobile_hipri[LTE], state: DISCONNECTED/IDLE, reason: (unspecified), extra: (none), roaming: false, failover: false, isAvailable: true, isConnectedToProvisioningNetwork: false, subscription: 0
D/CIGO_LCD( 1136): imsi=262075210701449
D/CIGO_LCD( 1136): setDeviceInfoComm: category=15; value=3
D/CIGO_LCD( 1136): imsi=262075210701449
D/CIGO_LCD( 1136): setDeviceInfoComm: category=15; value=3
D/ConnectivityService( 802): [CheckMp] isMobileOk: not connected ni=NetworkInfo: type: mobile_hipri[LTE], state: DISCONNECTED/IDLE, reason: (unspecified), extra: (none), roaming: false, failover: false, isAvailable: true, isConnectedToProvisioningNetwork: false, subscription: 0
D/CIGO_LCD( 1136): imsi=262075210701449
D/CIGO_LCD( 1136): setDeviceInfoComm: category=15; value=3
D/CIGO_LCD( 1136): imsi=262075210701449
D/CIGO_LCD( 1136): setDeviceInfoComm: category=15; value=3
D/ConnectivityService( 802): [CheckMp] isMobileOk: not connected ni=NetworkInfo: type: mobile_hipri[LTE], state: DISCONNECTED/IDLE, reason: (unspecified), extra: (none), roaming: false, failover: false, isAvailable: true, isConnectedToProvisioningNetwork: false, subscription: 0
V/WLAN_PSA( 210): NL MSG, len[048], NL type[0x11] WNI type[0x5050] len[028]
V/WLAN_PSA( 210): NL MSG, PID: 210
D/CIGO_LCD( 1136): imsi=262075210701449
D/CIGO_LCD( 1136): setDeviceInfoComm: category=15; value=3
D/CIGO_LCD( 1136): imsi=262075210701449
D/CIGO_LCD( 1136): setDeviceInfoComm: category=15; value=3
D/ConnectivityService( 802): [CheckMp] isMobileOk: not connected ni=NetworkInfo: type: mobile_hipri[LTE], state: DISCONNECTED/IDLE, reason: (unspecified), extra: (none), roaming: false, failover: false, isAvailable: true, isConnectedToProvisioningNetwork: false, subscription: 0
D/CIGO_LCD( 1136): imsi=262075210701449
D/CIGO_LCD( 1136): setDeviceInfoComm: category=15; value=3
D/CIGO_LCD( 1136): imsi=262075210701449
D/CIGO_LCD( 1136): setDeviceInfoComm: category=15; value=3
D/ConnectivityService( 802): [CheckMp] isMobileOk: not connected ni=NetworkInfo: type: mobile_hipri[LTE], state: DISCONNECTED/IDLE, reason: (unspecified), extra: (none), roaming: false, failover: false, isAvailable: true, isConnectedToProvisioningNetwork: false, subscription: 0
D/CIGO_LCD( 1136): imsi=262075210701449
D/CIGO_LCD( 1136): setDeviceInfoComm: category=15; value=3 ``` [/details]